{"id":110,"date":"2014-05-20T08:15:54","date_gmt":"2014-05-20T06:15:54","guid":{"rendered":"http:\/\/www.maritimemeile-haren.de\/admin\/?page_id=110"},"modified":"2014-07-08T08:46:25","modified_gmt":"2014-07-08T06:46:25","slug":"113-salva-nos","status":"publish","type":"page","link":"http:\/\/www.maritimemeile-haren.de\/admin\/113-salva-nos\/","title":{"rendered":"113 SALVA NOS"},"content":{"rendered":"<p><a href=\"http:\/\/www.maritimemeile-haren.de\/admin\/wp-content\/uploads\/2014\/05\/113_tab.jpg\"><img loading=\"lazy\" decoding=\"async\" class=\"alignnone size-full wp-image-1388\" src=\"http:\/\/www.maritimemeile-haren.de\/admin\/wp-content\/uploads\/2014\/05\/113_tab.jpg\" alt=\"Layout 1\" width=\"600\" height=\"292\" srcset=\"http:\/\/www.maritimemeile-haren.de\/admin\/wp-content\/uploads\/2014\/05\/113_tab.jpg 600w, http:\/\/www.maritimemeile-haren.de\/admin\/wp-content\/uploads\/2014\/05\/113_tab-300x146.jpg 300w\" sizes=\"(max-width: 600px) 100vw, 600px\" \/><\/a><\/p>\n<p><a href=\"http:\/\/www.maritimemeile-haren.de\/admin\/wp-content\/uploads\/2014\/05\/113_Salva-Nos_1.jpg\"><img loading=\"lazy\" decoding=\"async\" class=\"alignnone size-full wp-image-1390\" src=\"http:\/\/www.maritimemeile-haren.de\/admin\/wp-content\/uploads\/2014\/05\/113_Salva-Nos_1.jpg\" alt=\"113_Salva Nos_1\" width=\"600\" height=\"358\" srcset=\"http:\/\/www.maritimemeile-haren.de\/admin\/wp-content\/uploads\/2014\/05\/113_Salva-Nos_1.jpg 600w, http:\/\/www.maritimemeile-haren.de\/admin\/wp-content\/uploads\/2014\/05\/113_Salva-Nos_1-300x179.jpg 300w\" sizes=\"(max-width: 600px) 100vw, 600px\" \/><\/a><\/p>\n<p><span style=\"font-size: 10pt;\">Salva Nos<\/span><\/p>\n<h5>Aus der Geschichte:<\/h5>\n<p style=\"text-align: justify;\"><span style=\"font-size: 12pt;\">Der Schiffer Adolf Held (geb. 1896) war der dritt\u00e4lteste Sohn des Schiffers Hermann Held (geb. 1856). Dieser stammte aus der P\u00fcntkerfamilie Held, die den Beinamen \u201eLuisinen\u201c hatte. Schiffer Hermann Held hatte sich bereits 1902 die erste eiserne gedeckte P\u00fcnte f\u00fcr Harener Rechnung in Westerbroek bauen lassen. Er nannte das Schiff \u201eMARIA KATHARINA\u201c. Hermann Held erm\u00f6glichte mit einem Teil des Verkaufserl\u00f6ses im Jahre 1929 seinen drei S\u00f6hnen die Gr\u00fcndung eines eigenen Schifffahrtsunternehmens. Adolf Held lie\u00df 1929 auf der Werft in Waterhuizen die \u201eSALVA NOS\u201c bauen. Zun\u00e4chst wurde das Schiff in der Binnenfahrt eingesetzt, am 18.05.1934 erfolgte die Eintragung ins Seeschiffsregister. Jetzt folgten Fahrten vom Rhein zu den deutschen Nord- und Ostseeh\u00e4fen. Im Jahre 1940 wurde ein neuer Motor mit 145 PS eingebaut. 1943 wurde Witwe Anna Held Eigent\u00fcmerin. Als die Schifffahrt auf dem Dortmund-Ems-Kanal nach dem Kriege wieder freigegeben wurde, fuhren die Kapit\u00e4ne Stephan und Johann Schepers das Schiff. 1963 wurde die \u201eSALVA NOS\u201c modernisiert und um 50 cm erh\u00f6ht, nun 270 tdw. Am 9.06.1965 \u00fcbernahm Kapt. Kaspar Held (geb.1936) das Schiff. Da er ein neues Schiff erwerben wollte, verkaufte er die \u201eSALVA NOS\u201c 1965 an Gerhard Broska, Wedel, der es in \u201eURSEL B\u201c umbenannte. 1973 erfolgte der Einbau einer st\u00e4rkeren Maschine mit 230 PS. 1974 an Gerhard Gerdes, umbenannt in \u201eGERLEN\u201c. 1989 an K. H. Kruse, umbenannt in \u201eTINA\u201c. Am 28.01.1994 auf der Unterems gesunken.<\/span><\/p>\n<p><a href=\"http:\/\/www.maritimemeile-haren.de\/admin\/wp-content\/uploads\/2014\/05\/113_1.jpg\"><img loading=\"lazy\" decoding=\"async\" class=\"alignnone size-full wp-image-2354\" src=\"http:\/\/www.maritimemeile-haren.de\/admin\/wp-content\/uploads\/2014\/05\/113_1.jpg\" alt=\"113_1\" width=\"600\" height=\"388\" srcset=\"http:\/\/www.maritimemeile-haren.de\/admin\/wp-content\/uploads\/2014\/05\/113_1.jpg 600w, http:\/\/www.maritimemeile-haren.de\/admin\/wp-content\/uploads\/2014\/05\/113_1-300x194.jpg 300w\" sizes=\"(max-width: 600px) 100vw, 600px\" \/><\/a><\/p>\n<p><span style=\"font-size: 10pt;\">SALVA NOS im Jahre 1959<\/span><br \/>\n<span style=\"font-size: 10pt;\">(Foto: Kaspar Held)<\/span><\/p>\n<p>&nbsp;<\/p>\n<p><a href=\"http:\/\/www.maritimemeile-haren.de\/admin\/wp-content\/uploads\/2014\/05\/113_2.jpg\"><img loading=\"lazy\" decoding=\"async\" class=\"alignnone size-full wp-image-2357\" src=\"http:\/\/www.maritimemeile-haren.de\/admin\/wp-content\/uploads\/2014\/05\/113_2.jpg\" alt=\"113_2\" width=\"600\" height=\"401\" srcset=\"http:\/\/www.maritimemeile-haren.de\/admin\/wp-content\/uploads\/2014\/05\/113_2.jpg 600w, http:\/\/www.maritimemeile-haren.de\/admin\/wp-content\/uploads\/2014\/05\/113_2-300x200.jpg 300w\" sizes=\"(max-width: 600px) 100vw, 600px\" \/><\/a><\/p>\n<p><span style=\"font-size: 10pt;\">SALVA NOS auf der Werft K\u00f6tter um 1963<\/span><br \/>\n<span style=\"font-size: 10pt;\">(Foto: Kaspar Held)\u00a0\u00a0\u00a0<\/span><\/p>\n<p><a href=\"http:\/\/www.maritimemeile-haren.de\/admin\/wp-content\/uploads\/2014\/05\/113_3.jpg\"><img loading=\"lazy\" decoding=\"async\" class=\"alignnone size-full wp-image-2401\" src=\"http:\/\/www.maritimemeile-haren.de\/admin\/wp-content\/uploads\/2014\/05\/113_3.jpg\" alt=\"113_3\" width=\"600\" height=\"412\" srcset=\"http:\/\/www.maritimemeile-haren.de\/admin\/wp-content\/uploads\/2014\/05\/113_3.jpg 600w, http:\/\/www.maritimemeile-haren.de\/admin\/wp-content\/uploads\/2014\/05\/113_3-300x206.jpg 300w\" sizes=\"(max-width: 600px) 100vw, 600px\" \/><\/a><\/p>\n<p><span style=\"font-size: 10pt;\">Adolf Held und Ehefrau Anna, geb. Wessels<\/span><br \/>\n<span style=\"font-size: 10pt;\">(Foto: Kaspar Held)<\/span><\/p>\n","protected":false},"excerpt":{"rendered":"<p>Salva Nos Aus der Geschichte: Der Schiffer Adolf Held (geb. 1896) war der dritt\u00e4lteste Sohn des Schiffers Hermann Held (geb. 1856). Dieser stammte aus der P\u00fcntkerfamilie Held, die den Beinamen&hellip; <\/p>\n","protected":false},"author":1,"featured_media":0,"parent":0,"menu_order":113,"comment_status":"closed","ping_status":"closed","template":"","meta":{"footnotes":""},"_links":{"self":[{"href":"http:\/\/www.maritimemeile-haren.de\/admin\/wp-json\/wp\/v2\/pages\/110"}],"collection":[{"href":"http:\/\/www.maritimemeile-haren.de\/admin\/wp-json\/wp\/v2\/pages"}],"about":[{"href":"http:\/\/www.maritimemeile-haren.de\/admin\/wp-json\/wp\/v2\/types\/page"}],"author":[{"embeddable":true,"href":"http:\/\/www.maritimemeile-haren.de\/admin\/wp-json\/wp\/v2\/users\/1"}],"replies":[{"embeddable":true,"href":"http:\/\/www.maritimemeile-haren.de\/admin\/wp-json\/wp\/v2\/comments?post=110"}],"version-history":[{"count":11,"href":"http:\/\/www.maritimemeile-haren.de\/admin\/wp-json\/wp\/v2\/pages\/110\/revisions"}],"predecessor-version":[{"id":2886,"href":"http:\/\/www.maritimemeile-haren.de\/admin\/wp-json\/wp\/v2\/pages\/110\/revisions\/2886"}],"wp:attachment":[{"href":"http:\/\/www.maritimemeile-haren.de\/admin\/wp-json\/wp\/v2\/media?parent=110"}],"curies":[{"name":"wp","href":"https:\/\/api.w.org\/{rel}","templated":true}]}}

<p><a href="http://www.maritimemeile-haren.de/admin/wp-content/uploads/2014/05/113_tab.jpg"><img loading="lazy" decoding="async" class="alignnone size-full wp-image-1388" src="http://www.maritimemeile-haren.de/admin/wp-content/uploads/2014/05/113_tab.jpg" alt="Layout 1" width="600" height="292" srcset="http://www.maritimemeile-haren.de/admin/wp-content/uploads/2014/05/113_tab.jpg 600w, http://www.maritimemeile-haren.de/admin/wp-content/uploads/2014/05/113_tab-300x146.jpg 300w" sizes="(max-width: 600px) 100vw, 600px" /></a></p>
<p><a href="http://www.maritimemeile-haren.de/admin/wp-content/uploads/2014/05/113_Salva-Nos_1.jpg"><img loading="lazy" decoding="async" class="alignnone size-full wp-image-1390" src="http://www.maritimemeile-haren.de/admin/wp-content/uploads/2014/05/113_Salva-Nos_1.jpg" alt="113_Salva Nos_1" width="600" height="358" srcset="http://www.maritimemeile-haren.de/admin/wp-content/uploads/2014/05/113_Salva-Nos_1.jpg 600w, http://www.maritimemeile-haren.de/admin/wp-content/uploads/2014/05/113_Salva-Nos_1-300x179.jpg 300w" sizes="(max-width: 600px) 100vw, 600px" /></a></p>
<p><span style="font-size: 10pt;">Salva Nos</span></p>
<h5>Aus der Geschichte:</h5>
<p style="text-align: justify;"><span style="font-size: 12pt;">Der Schiffer Adolf Held (geb. 1896) war der drittälteste Sohn des Schiffers Hermann Held (geb. 1856). Dieser stammte aus der Püntkerfamilie Held, die den Beinamen „Luisinen“ hatte. Schiffer Hermann Held hatte sich bereits 1902 die erste eiserne gedeckte Pünte für Harener Rechnung in Westerbroek bauen lassen. Er nannte das Schiff „MARIA KATHARINA“. Hermann Held ermöglichte mit einem Teil des Verkaufserlöses im Jahre 1929 seinen drei Söhnen die Gründung eines eigenen Schifffahrtsunternehmens. Adolf Held ließ 1929 auf der Werft in Waterhuizen die „SALVA NOS“ bauen. Zunächst wurde das Schiff in der Binnenfahrt eingesetzt, am 18.05.1934 erfolgte die Eintragung ins Seeschiffsregister. Jetzt folgten Fahrten vom Rhein zu den deutschen Nord- und Ostseehäfen. Im Jahre 1940 wurde ein neuer Motor mit 145 PS eingebaut. 1943 wurde Witwe Anna Held Eigentümerin. Als die Schifffahrt auf dem Dortmund-Ems-Kanal nach dem Kriege wieder freigegeben wurde, fuhren die Kapitäne Stephan und Johann Schepers das Schiff. 1963 wurde die „SALVA NOS“ modernisiert und um 50 cm erhöht, nun 270 tdw. Am 9.06.1965 übernahm Kapt. Kaspar Held (geb.1936) das Schiff. Da er ein neues Schiff erwerben wollte, verkaufte er die „SALVA NOS“ 1965 an Gerhard Broska, Wedel, der es in „URSEL B“ umbenannte. 1973 erfolgte der Einbau einer stärkeren Maschine mit 230 PS. 1974 an Gerhard Gerdes, umbenannt in „GERLEN“. 1989 an K. H. Kruse, umbenannt in „TINA“. Am 28.01.1994 auf der Unterems gesunken.</span></p>
<p><a href="http://www.maritimemeile-haren.de/admin/wp-content/uploads/2014/05/113_1.jpg"><img loading="lazy" decoding="async" class="alignnone size-full wp-image-2354" src="http://www.maritimemeile-haren.de/admin/wp-content/uploads/2014/05/113_1.jpg" alt="113_1" width="600" height="388" srcset="http://www.maritimemeile-haren.de/admin/wp-content/uploads/2014/05/113_1.jpg 600w, http://www.maritimemeile-haren.de/admin/wp-content/uploads/2014/05/113_1-300x194.jpg 300w" sizes="(max-width: 600px) 100vw, 600px" /></a></p>
<p><span style="font-size: 10pt;">SALVA NOS im Jahre 1959</span><br />
<span style="font-size: 10pt;">(Foto: Kaspar Held)</span></p>
<p>&nbsp;</p>
<p><a href="http://www.maritimemeile-haren.de/admin/wp-content/uploads/2014/05/113_2.jpg"><img loading="lazy" decoding="async" class="alignnone size-full wp-image-2357" src="http://www.maritimemeile-haren.de/admin/wp-content/uploads/2014/05/113_2.jpg" alt="113_2" width="600" height="401" srcset="http://www.maritimemeile-haren.de/admin/wp-content/uploads/2014/05/113_2.jpg 600w, http://www.maritimemeile-haren.de/admin/wp-content/uploads/2014/05/113_2-300x200.jpg 300w" sizes="(max-width: 600px) 100vw, 600px" /></a></p>
<p><span style="font-size: 10pt;">SALVA NOS auf der Werft Kötter um 1963</span><br />
<span style="font-size: 10pt;">(Foto: Kaspar Held)   </span></p>
<p><a href="http://www.maritimemeile-haren.de/admin/wp-content/uploads/2014/05/113_3.jpg"><img loading="lazy" decoding="async" class="alignnone size-full wp-image-2401" src="http://www.maritimemeile-haren.de/admin/wp-content/uploads/2014/05/113_3.jpg" alt="113_3" width="600" height="412" srcset="http://www.maritimemeile-haren.de/admin/wp-content/uploads/2014/05/113_3.jpg 600w, http://www.maritimemeile-haren.de/admin/wp-content/uploads/2014/05/113_3-300x206.jpg 300w" sizes="(max-width: 600px) 100vw, 600px" /></a></p>
<p><span style="font-size: 10pt;">Adolf Held und Ehefrau Anna, geb. Wessels</span><br />
<span style="font-size: 10pt;">(Foto: Kaspar Held)</span></p>

<p>Salva Nos Aus der Geschichte: Der Schiffer Adolf Held (geb. 1896) war der drittälteste Sohn des Schiffers Hermann Held (geb. 1856). Dieser stammte aus der Püntkerfamilie Held, die den Beinamen&hellip; </p>
