{"id":118,"date":"2014-05-20T08:18:18","date_gmt":"2014-05-20T06:18:18","guid":{"rendered":"http:\/\/www.maritimemeile-haren.de\/admin\/?page_id=118"},"modified":"2014-07-08T09:06:44","modified_gmt":"2014-07-08T07:06:44","slug":"117-helena-husmann","status":"publish","type":"page","link":"http:\/\/www.maritimemeile-haren.de\/admin\/117-helena-husmann\/","title":{"rendered":"117 HELENA HUSMANN"},"content":{"rendered":"<p><a href=\"http:\/\/www.maritimemeile-haren.de\/admin\/wp-content\/uploads\/2014\/05\/117_tab.jpg\"><img loading=\"lazy\" decoding=\"async\" class=\"alignnone size-full wp-image-1403\" src=\"http:\/\/www.maritimemeile-haren.de\/admin\/wp-content\/uploads\/2014\/05\/117_tab.jpg\" alt=\"Layout 1\" width=\"600\" height=\"292\" srcset=\"http:\/\/www.maritimemeile-haren.de\/admin\/wp-content\/uploads\/2014\/05\/117_tab.jpg 600w, http:\/\/www.maritimemeile-haren.de\/admin\/wp-content\/uploads\/2014\/05\/117_tab-300x146.jpg 300w\" sizes=\"(max-width: 600px) 100vw, 600px\" \/><\/a><\/p>\n<p><a href=\"http:\/\/www.maritimemeile-haren.de\/admin\/wp-content\/uploads\/2014\/05\/117_Helena-Husmann_1.jpg\"><img loading=\"lazy\" decoding=\"async\" class=\"alignnone size-full wp-image-1404\" src=\"http:\/\/www.maritimemeile-haren.de\/admin\/wp-content\/uploads\/2014\/05\/117_Helena-Husmann_1.jpg\" alt=\"117_Helena Husmann_1\" width=\"600\" height=\"400\" srcset=\"http:\/\/www.maritimemeile-haren.de\/admin\/wp-content\/uploads\/2014\/05\/117_Helena-Husmann_1.jpg 600w, http:\/\/www.maritimemeile-haren.de\/admin\/wp-content\/uploads\/2014\/05\/117_Helena-Husmann_1-300x200.jpg 300w\" sizes=\"(max-width: 600px) 100vw, 600px\" \/><\/a><\/p>\n<p><span style=\"font-size: 10pt;\">Helena Husmann<\/span><\/p>\n<h5>Aus der Geschichte:<\/h5>\n<p style=\"text-align: justify;\"><span style=\"font-size: 12pt;\">Unter der \u00dcberschrift \u201eDie Geburt eines neuen Schiffs\u00adtyps?\u201c berichtete die Meppener Tagespost am 14.2.1978:<\/span><\/p>\n<p style=\"text-align: justify;\"><span style=\"font-size: 12pt;\">\u201eVielleicht ist der 11.Februar 1978 in der Frachtschiffahrt ein denkw\u00fcrdiger Tag, denn die neue \u201eHELENA HUSMANN\u201c (das dritte Schiff, das nach der Mutter des Reeders getauft wurde) ist kein Schiff wie jedes andere. Die Idee f\u00fcr den Bau dieses RoRo \/ LoLo -Frachters stammt von Ulrich Harms (Kremer-Werft) und Kapit\u00e4n Franz Husmann. Der Rumpf wurde bei HDW in Kiel gebaut, die weiteren Arbeiten \u00fcbernahm die o.g. Werft. Die \u201eHELENA HUSMANN\u201c ist ein sogenannter Deck-Carrier, dessen Laderaum sich 1,50 m \u00fcber der Wasserlinie befindet und der seine Stabilt\u00e4t durch die bis zu 5.100 t Wasser fassenden Ballasttanks erh\u00e4lt. Sie wird f\u00fcr die n\u00e4chsten Jahre von Arabian-European-Lines gechartert und soll zwischen Westeuropa und dem \u00f6stlichen Mittelmeer mit Schwerpunkt Syrien und Libanon eingesetzt werden.\u201c<\/span><\/p>\n<p style=\"text-align: justify;\"><span style=\"font-size: 12pt;\">Am 23.4.1979 machte das Schiff mit 2.650 t Eisen beladen in Duisburg fest und war damit das gr\u00f6\u00dfte Seeschiff, das bis dahin diesen Hafen angelaufen hat; wegen der extremen Breite war f\u00fcr die Fahrt auf dem Rhein eine Ausnahmegenehmigung erforderlich. Die \u201eHELENA HUSMANN\u201c ging 1985 an Bernd Br\u00fcggemann, Hamburg, der es in \u201eCONRO TRADER\u201c umbenannte.<\/span><\/p>\n<p style=\"text-align: justify;\"><span style=\"font-size: 12pt;\">\u00a0<\/span><\/p>\n<p><a href=\"http:\/\/www.maritimemeile-haren.de\/admin\/wp-content\/uploads\/2014\/05\/117_1.jpg\"><img loading=\"lazy\" decoding=\"async\" class=\"alignnone size-full wp-image-2364\" src=\"http:\/\/www.maritimemeile-haren.de\/admin\/wp-content\/uploads\/2014\/05\/117_1.jpg\" alt=\"117_1\" width=\"600\" height=\"406\" srcset=\"http:\/\/www.maritimemeile-haren.de\/admin\/wp-content\/uploads\/2014\/05\/117_1.jpg 600w, http:\/\/www.maritimemeile-haren.de\/admin\/wp-content\/uploads\/2014\/05\/117_1-300x203.jpg 300w\" sizes=\"(max-width: 600px) 100vw, 600px\" \/><\/a><\/p>\n<p><span style=\"font-size: 10pt;\">HELENA HUSMANN kurz vor dem Stapellauf <\/span><br \/>\n<span style=\"font-size: 10pt;\">(Foto: Franz Husmann)<\/span><\/p>\n<p><a href=\"http:\/\/www.maritimemeile-haren.de\/admin\/wp-content\/uploads\/2014\/05\/117_2.jpg\"><img loading=\"lazy\" decoding=\"async\" class=\"alignnone size-full wp-image-2365\" src=\"http:\/\/www.maritimemeile-haren.de\/admin\/wp-content\/uploads\/2014\/05\/117_2.jpg\" alt=\"117_2\" width=\"600\" height=\"390\" srcset=\"http:\/\/www.maritimemeile-haren.de\/admin\/wp-content\/uploads\/2014\/05\/117_2.jpg 600w, http:\/\/www.maritimemeile-haren.de\/admin\/wp-content\/uploads\/2014\/05\/117_2-300x195.jpg 300w\" sizes=\"(max-width: 600px) 100vw, 600px\" \/><\/a><\/p>\n<p><span style=\"font-size: 10pt;\">HELENA HUSMANN<\/span><br \/>\n<span style=\"font-size: 10pt;\">(Foto: FotoFlite incorporating Skyfotos)<\/span><\/p>\n<p><a href=\"http:\/\/www.maritimemeile-haren.de\/admin\/wp-content\/uploads\/2014\/05\/117_7.jpg\"><img loading=\"lazy\" decoding=\"async\" class=\"alignnone size-full wp-image-2413\" src=\"http:\/\/www.maritimemeile-haren.de\/admin\/wp-content\/uploads\/2014\/05\/117_7.jpg\" alt=\"117_7\" width=\"600\" height=\"262\" srcset=\"http:\/\/www.maritimemeile-haren.de\/admin\/wp-content\/uploads\/2014\/05\/117_7.jpg 600w, http:\/\/www.maritimemeile-haren.de\/admin\/wp-content\/uploads\/2014\/05\/117_7-300x131.jpg 300w\" sizes=\"(max-width: 600px) 100vw, 600px\" \/><\/a><\/p>\n<p><span style=\"font-size: 10pt;\">HELENA HUSMANN (Bauj. 1977, 3.000 tdw, 264 TEU, Reederei Franz Husmann)<\/span><br \/>\n<span style=\"font-size: 10pt;\"> (Foto: FotoFlite inc. Skyfotos)<\/span><\/p>\n","protected":false},"excerpt":{"rendered":"<p>Helena Husmann Aus der Geschichte: Unter der \u00dcberschrift \u201eDie Geburt eines neuen Schiffs\u00adtyps?\u201c berichtete die Meppener Tagespost am 14.2.1978: \u201eVielleicht ist der 11.Februar 1978 in der Frachtschiffahrt ein denkw\u00fcrdiger Tag,&hellip; <\/p>\n","protected":false},"author":1,"featured_media":0,"parent":0,"menu_order":117,"comment_status":"closed","ping_status":"closed","template":"","meta":{"footnotes":""},"_links":{"self":[{"href":"http:\/\/www.maritimemeile-haren.de\/admin\/wp-json\/wp\/v2\/pages\/118"}],"collection":[{"href":"http:\/\/www.maritimemeile-haren.de\/admin\/wp-json\/wp\/v2\/pages"}],"about":[{"href":"http:\/\/www.maritimemeile-haren.de\/admin\/wp-json\/wp\/v2\/types\/page"}],"author":[{"embeddable":true,"href":"http:\/\/www.maritimemeile-haren.de\/admin\/wp-json\/wp\/v2\/users\/1"}],"replies":[{"embeddable":true,"href":"http:\/\/www.maritimemeile-haren.de\/admin\/wp-json\/wp\/v2\/comments?post=118"}],"version-history":[{"count":8,"href":"http:\/\/www.maritimemeile-haren.de\/admin\/wp-json\/wp\/v2\/pages\/118\/revisions"}],"predecessor-version":[{"id":2901,"href":"http:\/\/www.maritimemeile-haren.de\/admin\/wp-json\/wp\/v2\/pages\/118\/revisions\/2901"}],"wp:attachment":[{"href":"http:\/\/www.maritimemeile-haren.de\/admin\/wp-json\/wp\/v2\/media?parent=118"}],"curies":[{"name":"wp","href":"https:\/\/api.w.org\/{rel}","templated":true}]}}

<p><a href="http://www.maritimemeile-haren.de/admin/wp-content/uploads/2014/05/117_tab.jpg"><img loading="lazy" decoding="async" class="alignnone size-full wp-image-1403" src="http://www.maritimemeile-haren.de/admin/wp-content/uploads/2014/05/117_tab.jpg" alt="Layout 1" width="600" height="292" srcset="http://www.maritimemeile-haren.de/admin/wp-content/uploads/2014/05/117_tab.jpg 600w, http://www.maritimemeile-haren.de/admin/wp-content/uploads/2014/05/117_tab-300x146.jpg 300w" sizes="(max-width: 600px) 100vw, 600px" /></a></p>
<p><a href="http://www.maritimemeile-haren.de/admin/wp-content/uploads/2014/05/117_Helena-Husmann_1.jpg"><img loading="lazy" decoding="async" class="alignnone size-full wp-image-1404" src="http://www.maritimemeile-haren.de/admin/wp-content/uploads/2014/05/117_Helena-Husmann_1.jpg" alt="117_Helena Husmann_1" width="600" height="400" srcset="http://www.maritimemeile-haren.de/admin/wp-content/uploads/2014/05/117_Helena-Husmann_1.jpg 600w, http://www.maritimemeile-haren.de/admin/wp-content/uploads/2014/05/117_Helena-Husmann_1-300x200.jpg 300w" sizes="(max-width: 600px) 100vw, 600px" /></a></p>
<p><span style="font-size: 10pt;">Helena Husmann</span></p>
<h5>Aus der Geschichte:</h5>
<p style="text-align: justify;"><span style="font-size: 12pt;">Unter der Überschrift „Die Geburt eines neuen Schiffs­typs?“ berichtete die Meppener Tagespost am 14.2.1978:</span></p>
<p style="text-align: justify;"><span style="font-size: 12pt;">„Vielleicht ist der 11.Februar 1978 in der Frachtschiffahrt ein denkwürdiger Tag, denn die neue „HELENA HUSMANN“ (das dritte Schiff, das nach der Mutter des Reeders getauft wurde) ist kein Schiff wie jedes andere. Die Idee für den Bau dieses RoRo / LoLo -Frachters stammt von Ulrich Harms (Kremer-Werft) und Kapitän Franz Husmann. Der Rumpf wurde bei HDW in Kiel gebaut, die weiteren Arbeiten übernahm die o.g. Werft. Die „HELENA HUSMANN“ ist ein sogenannter Deck-Carrier, dessen Laderaum sich 1,50 m über der Wasserlinie befindet und der seine Stabiltät durch die bis zu 5.100 t Wasser fassenden Ballasttanks erhält. Sie wird für die nächsten Jahre von Arabian-European-Lines gechartert und soll zwischen Westeuropa und dem östlichen Mittelmeer mit Schwerpunkt Syrien und Libanon eingesetzt werden.“</span></p>
<p style="text-align: justify;"><span style="font-size: 12pt;">Am 23.4.1979 machte das Schiff mit 2.650 t Eisen beladen in Duisburg fest und war damit das größte Seeschiff, das bis dahin diesen Hafen angelaufen hat; wegen der extremen Breite war für die Fahrt auf dem Rhein eine Ausnahmegenehmigung erforderlich. Die „HELENA HUSMANN“ ging 1985 an Bernd Brüggemann, Hamburg, der es in „CONRO TRADER“ umbenannte.</span></p>
<p style="text-align: justify;"><span style="font-size: 12pt;"> </span></p>
<p><a href="http://www.maritimemeile-haren.de/admin/wp-content/uploads/2014/05/117_1.jpg"><img loading="lazy" decoding="async" class="alignnone size-full wp-image-2364" src="http://www.maritimemeile-haren.de/admin/wp-content/uploads/2014/05/117_1.jpg" alt="117_1" width="600" height="406" srcset="http://www.maritimemeile-haren.de/admin/wp-content/uploads/2014/05/117_1.jpg 600w, http://www.maritimemeile-haren.de/admin/wp-content/uploads/2014/05/117_1-300x203.jpg 300w" sizes="(max-width: 600px) 100vw, 600px" /></a></p>
<p><span style="font-size: 10pt;">HELENA HUSMANN kurz vor dem Stapellauf </span><br />
<span style="font-size: 10pt;">(Foto: Franz Husmann)</span></p>
<p><a href="http://www.maritimemeile-haren.de/admin/wp-content/uploads/2014/05/117_2.jpg"><img loading="lazy" decoding="async" class="alignnone size-full wp-image-2365" src="http://www.maritimemeile-haren.de/admin/wp-content/uploads/2014/05/117_2.jpg" alt="117_2" width="600" height="390" srcset="http://www.maritimemeile-haren.de/admin/wp-content/uploads/2014/05/117_2.jpg 600w, http://www.maritimemeile-haren.de/admin/wp-content/uploads/2014/05/117_2-300x195.jpg 300w" sizes="(max-width: 600px) 100vw, 600px" /></a></p>
<p><span style="font-size: 10pt;">HELENA HUSMANN</span><br />
<span style="font-size: 10pt;">(Foto: FotoFlite incorporating Skyfotos)</span></p>
<p><a href="http://www.maritimemeile-haren.de/admin/wp-content/uploads/2014/05/117_7.jpg"><img loading="lazy" decoding="async" class="alignnone size-full wp-image-2413" src="http://www.maritimemeile-haren.de/admin/wp-content/uploads/2014/05/117_7.jpg" alt="117_7" width="600" height="262" srcset="http://www.maritimemeile-haren.de/admin/wp-content/uploads/2014/05/117_7.jpg 600w, http://www.maritimemeile-haren.de/admin/wp-content/uploads/2014/05/117_7-300x131.jpg 300w" sizes="(max-width: 600px) 100vw, 600px" /></a></p>
<p><span style="font-size: 10pt;">HELENA HUSMANN (Bauj. 1977, 3.000 tdw, 264 TEU, Reederei Franz Husmann)</span><br />
<span style="font-size: 10pt;"> (Foto: FotoFlite inc. Skyfotos)</span></p>

<p>Helena Husmann Aus der Geschichte: Unter der Überschrift „Die Geburt eines neuen Schiffs­typs?“ berichtete die Meppener Tagespost am 14.2.1978: „Vielleicht ist der 11.Februar 1978 in der Frachtschiffahrt ein denkwürdiger Tag,&hellip; </p>
