{"id":120,"date":"2014-05-20T08:18:58","date_gmt":"2014-05-20T06:18:58","guid":{"rendered":"http:\/\/www.maritimemeile-haren.de\/admin\/?page_id=120"},"modified":"2014-07-29T11:16:22","modified_gmt":"2014-07-29T09:16:22","slug":"118-wilma-1929","status":"publish","type":"page","link":"http:\/\/www.maritimemeile-haren.de\/admin\/118-wilma-1929\/","title":{"rendered":"118 WILMA"},"content":{"rendered":"<p><a href=\"http:\/\/www.maritimemeile-haren.de\/admin\/wp-content\/uploads\/2014\/05\/118_tab1.jpg\"><img loading=\"lazy\" decoding=\"async\" class=\"alignnone wp-image-3871 size-full\" src=\"http:\/\/www.maritimemeile-haren.de\/admin\/wp-content\/uploads\/2014\/05\/118_tab1.jpg\" alt=\"\" width=\"600\" height=\"292\" srcset=\"http:\/\/www.maritimemeile-haren.de\/admin\/wp-content\/uploads\/2014\/05\/118_tab1.jpg 600w, http:\/\/www.maritimemeile-haren.de\/admin\/wp-content\/uploads\/2014\/05\/118_tab1-300x146.jpg 300w\" sizes=\"(max-width: 600px) 100vw, 600px\" \/><\/a><\/p>\n<p><a href=\"http:\/\/www.maritimemeile-haren.de\/admin\/wp-content\/uploads\/2014\/05\/118_Wilma-1929_1.jpg\"><img loading=\"lazy\" decoding=\"async\" class=\"alignnone size-full wp-image-1408\" src=\"http:\/\/www.maritimemeile-haren.de\/admin\/wp-content\/uploads\/2014\/05\/118_Wilma-1929_1.jpg\" alt=\"118_Wilma 1929_1\" width=\"600\" height=\"400\" srcset=\"http:\/\/www.maritimemeile-haren.de\/admin\/wp-content\/uploads\/2014\/05\/118_Wilma-1929_1.jpg 600w, http:\/\/www.maritimemeile-haren.de\/admin\/wp-content\/uploads\/2014\/05\/118_Wilma-1929_1-300x200.jpg 300w\" sizes=\"(max-width: 600px) 100vw, 600px\" \/><\/a><\/p>\n<p><span style=\"font-size: 10pt;\">Wilma 1929<\/span><\/p>\n<h5>Aus der Geschichte:<\/h5>\n<p style=\"text-align: justify;\"><span style=\"font-size: 12pt;\">Schiffer Wilhelm Litmeyer (geb. 1867) war ein Sohn des Schiffers Hermann Litmeyer, der bereits 1894 auf der Werft Sibum die P\u00fcnte HAREN 12 bauen lie\u00df. 1927 erwarb Wilhelm Litmeyer eine eiserne Schute und nannte sie \u201eMARIA HELENA\u201c. 2 Jahre sp\u00e4ter gab er auf der Werft van Diepen ein Schleppschiff in Auftrag, das bereits 1930 motorisiert wurde. Er nannte den Motorsegler \u201eWILMA\u201c und lie\u00df das Schiff am 19.06.1934 ins Seeschiffsregister eintragen. Als Wilhelm Litmeyer 1930 starb, wurde die Witwe Maria Litmeyer Eigent\u00fcmerin. Am 13.01.1941 \u00fcbernahm der Sohn Hermann Litmeyer (geb.1903) die \u201eWILMA\u201c. Das Schiff wurde w\u00e4hrend des Krieges dienstverpflichtet und diente als Nachschubschiff. Mehrmals wurde es stark besch\u00e4digt. W\u00e4hrend der sog. Polenzeit diente die \u201eWILMA\u201c als Wohnung f\u00fcr mehrere Familien. Im Oktober 1950 um vier Meter verl\u00e4ngert, nun 270 tdw. Gleichzeitig Einbau eines st\u00e4rkeren Motors von 180 PS. Im M\u00e4rz 1955 an Helene Litmeyer. 1965 in Deutschland abgebrochen.<\/span><\/p>\n<p style=\"text-align: justify;\"><a href=\"http:\/\/www.maritimemeile-haren.de\/admin\/wp-content\/uploads\/2014\/05\/118_1.jpg\"><img loading=\"lazy\" decoding=\"async\" class=\"alignnone size-full wp-image-2368\" src=\"http:\/\/www.maritimemeile-haren.de\/admin\/wp-content\/uploads\/2014\/05\/118_1.jpg\" alt=\"118_1\" width=\"600\" height=\"352\" srcset=\"http:\/\/www.maritimemeile-haren.de\/admin\/wp-content\/uploads\/2014\/05\/118_1.jpg 600w, http:\/\/www.maritimemeile-haren.de\/admin\/wp-content\/uploads\/2014\/05\/118_1-300x176.jpg 300w\" sizes=\"(max-width: 600px) 100vw, 600px\" \/><\/a><\/p>\n<p style=\"text-align: justify;\"><span style=\"font-size: 10pt;\">WILMA auf Kanalfahrt (Foto: Familie Litmeyer)<\/span><\/p>\n<p style=\"text-align: justify;\"><a href=\"http:\/\/www.maritimemeile-haren.de\/admin\/wp-content\/uploads\/2014\/05\/118_2.jpg\"><img loading=\"lazy\" decoding=\"async\" class=\"alignnone size-full wp-image-2372\" src=\"http:\/\/www.maritimemeile-haren.de\/admin\/wp-content\/uploads\/2014\/05\/118_2.jpg\" alt=\"118_2\" width=\"300\" height=\"426\" srcset=\"http:\/\/www.maritimemeile-haren.de\/admin\/wp-content\/uploads\/2014\/05\/118_2.jpg 300w, http:\/\/www.maritimemeile-haren.de\/admin\/wp-content\/uploads\/2014\/05\/118_2-211x300.jpg 211w\" sizes=\"(max-width: 300px) 100vw, 300px\" \/><\/a><\/p>\n<p style=\"text-align: justify;\"><span style=\"font-size: 10pt;\">Schifferpatent f\u00fcr die Unterweser<\/span> <span style=\"font-size: 10pt;\">von Hermann\u00a0 Litmeyer (geb. 1903)<\/span><br \/>\n<span style=\"font-size: 10pt;\">(Bildvorlage: Gerhard Litmeyer, Papenburg)<\/span><\/p>\n<p><a href=\"http:\/\/www.maritimemeile-haren.de\/admin\/wp-content\/uploads\/2014\/05\/118_8.jpg\"><img loading=\"lazy\" decoding=\"async\" class=\"alignnone size-full wp-image-2417\" src=\"http:\/\/www.maritimemeile-haren.de\/admin\/wp-content\/uploads\/2014\/05\/118_8.jpg\" alt=\"118_8\" width=\"600\" height=\"293\" srcset=\"http:\/\/www.maritimemeile-haren.de\/admin\/wp-content\/uploads\/2014\/05\/118_8.jpg 600w, http:\/\/www.maritimemeile-haren.de\/admin\/wp-content\/uploads\/2014\/05\/118_8-300x146.jpg 300w\" sizes=\"(max-width: 600px) 100vw, 600px\" \/><\/a><\/p>\n<p><span style=\"font-size: 10pt;\">Motorsegler WILMA (Foto: Gerhard Litmeyer)<\/span><\/p>\n","protected":false},"excerpt":{"rendered":"<p>Wilma 1929 Aus der Geschichte: Schiffer Wilhelm Litmeyer (geb. 1867) war ein Sohn des Schiffers Hermann Litmeyer, der bereits 1894 auf der Werft Sibum die P\u00fcnte HAREN 12 bauen lie\u00df.&hellip; <\/p>\n","protected":false},"author":1,"featured_media":0,"parent":0,"menu_order":118,"comment_status":"closed","ping_status":"closed","template":"","meta":{"footnotes":""},"_links":{"self":[{"href":"http:\/\/www.maritimemeile-haren.de\/admin\/wp-json\/wp\/v2\/pages\/120"}],"collection":[{"href":"http:\/\/www.maritimemeile-haren.de\/admin\/wp-json\/wp\/v2\/pages"}],"about":[{"href":"http:\/\/www.maritimemeile-haren.de\/admin\/wp-json\/wp\/v2\/types\/page"}],"author":[{"embeddable":true,"href":"http:\/\/www.maritimemeile-haren.de\/admin\/wp-json\/wp\/v2\/users\/1"}],"replies":[{"embeddable":true,"href":"http:\/\/www.maritimemeile-haren.de\/admin\/wp-json\/wp\/v2\/comments?post=120"}],"version-history":[{"count":12,"href":"http:\/\/www.maritimemeile-haren.de\/admin\/wp-json\/wp\/v2\/pages\/120\/revisions"}],"predecessor-version":[{"id":3954,"href":"http:\/\/www.maritimemeile-haren.de\/admin\/wp-json\/wp\/v2\/pages\/120\/revisions\/3954"}],"wp:attachment":[{"href":"http:\/\/www.maritimemeile-haren.de\/admin\/wp-json\/wp\/v2\/media?parent=120"}],"curies":[{"name":"wp","href":"https:\/\/api.w.org\/{rel}","templated":true}]}}

<p><a href="http://www.maritimemeile-haren.de/admin/wp-content/uploads/2014/05/118_tab1.jpg"><img loading="lazy" decoding="async" class="alignnone wp-image-3871 size-full" src="http://www.maritimemeile-haren.de/admin/wp-content/uploads/2014/05/118_tab1.jpg" alt="" width="600" height="292" srcset="http://www.maritimemeile-haren.de/admin/wp-content/uploads/2014/05/118_tab1.jpg 600w, http://www.maritimemeile-haren.de/admin/wp-content/uploads/2014/05/118_tab1-300x146.jpg 300w" sizes="(max-width: 600px) 100vw, 600px" /></a></p>
<p><a href="http://www.maritimemeile-haren.de/admin/wp-content/uploads/2014/05/118_Wilma-1929_1.jpg"><img loading="lazy" decoding="async" class="alignnone size-full wp-image-1408" src="http://www.maritimemeile-haren.de/admin/wp-content/uploads/2014/05/118_Wilma-1929_1.jpg" alt="118_Wilma 1929_1" width="600" height="400" srcset="http://www.maritimemeile-haren.de/admin/wp-content/uploads/2014/05/118_Wilma-1929_1.jpg 600w, http://www.maritimemeile-haren.de/admin/wp-content/uploads/2014/05/118_Wilma-1929_1-300x200.jpg 300w" sizes="(max-width: 600px) 100vw, 600px" /></a></p>
<p><span style="font-size: 10pt;">Wilma 1929</span></p>
<h5>Aus der Geschichte:</h5>
<p style="text-align: justify;"><span style="font-size: 12pt;">Schiffer Wilhelm Litmeyer (geb. 1867) war ein Sohn des Schiffers Hermann Litmeyer, der bereits 1894 auf der Werft Sibum die Pünte HAREN 12 bauen ließ. 1927 erwarb Wilhelm Litmeyer eine eiserne Schute und nannte sie „MARIA HELENA“. 2 Jahre später gab er auf der Werft van Diepen ein Schleppschiff in Auftrag, das bereits 1930 motorisiert wurde. Er nannte den Motorsegler „WILMA“ und ließ das Schiff am 19.06.1934 ins Seeschiffsregister eintragen. Als Wilhelm Litmeyer 1930 starb, wurde die Witwe Maria Litmeyer Eigentümerin. Am 13.01.1941 übernahm der Sohn Hermann Litmeyer (geb.1903) die „WILMA“. Das Schiff wurde während des Krieges dienstverpflichtet und diente als Nachschubschiff. Mehrmals wurde es stark beschädigt. Während der sog. Polenzeit diente die „WILMA“ als Wohnung für mehrere Familien. Im Oktober 1950 um vier Meter verlängert, nun 270 tdw. Gleichzeitig Einbau eines stärkeren Motors von 180 PS. Im März 1955 an Helene Litmeyer. 1965 in Deutschland abgebrochen.</span></p>
<p style="text-align: justify;"><a href="http://www.maritimemeile-haren.de/admin/wp-content/uploads/2014/05/118_1.jpg"><img loading="lazy" decoding="async" class="alignnone size-full wp-image-2368" src="http://www.maritimemeile-haren.de/admin/wp-content/uploads/2014/05/118_1.jpg" alt="118_1" width="600" height="352" srcset="http://www.maritimemeile-haren.de/admin/wp-content/uploads/2014/05/118_1.jpg 600w, http://www.maritimemeile-haren.de/admin/wp-content/uploads/2014/05/118_1-300x176.jpg 300w" sizes="(max-width: 600px) 100vw, 600px" /></a></p>
<p style="text-align: justify;"><span style="font-size: 10pt;">WILMA auf Kanalfahrt (Foto: Familie Litmeyer)</span></p>
<p style="text-align: justify;"><a href="http://www.maritimemeile-haren.de/admin/wp-content/uploads/2014/05/118_2.jpg"><img loading="lazy" decoding="async" class="alignnone size-full wp-image-2372" src="http://www.maritimemeile-haren.de/admin/wp-content/uploads/2014/05/118_2.jpg" alt="118_2" width="300" height="426" srcset="http://www.maritimemeile-haren.de/admin/wp-content/uploads/2014/05/118_2.jpg 300w, http://www.maritimemeile-haren.de/admin/wp-content/uploads/2014/05/118_2-211x300.jpg 211w" sizes="(max-width: 300px) 100vw, 300px" /></a></p>
<p style="text-align: justify;"><span style="font-size: 10pt;">Schifferpatent für die Unterweser</span> <span style="font-size: 10pt;">von Hermann  Litmeyer (geb. 1903)</span><br />
<span style="font-size: 10pt;">(Bildvorlage: Gerhard Litmeyer, Papenburg)</span></p>
<p><a href="http://www.maritimemeile-haren.de/admin/wp-content/uploads/2014/05/118_8.jpg"><img loading="lazy" decoding="async" class="alignnone size-full wp-image-2417" src="http://www.maritimemeile-haren.de/admin/wp-content/uploads/2014/05/118_8.jpg" alt="118_8" width="600" height="293" srcset="http://www.maritimemeile-haren.de/admin/wp-content/uploads/2014/05/118_8.jpg 600w, http://www.maritimemeile-haren.de/admin/wp-content/uploads/2014/05/118_8-300x146.jpg 300w" sizes="(max-width: 600px) 100vw, 600px" /></a></p>
<p><span style="font-size: 10pt;">Motorsegler WILMA (Foto: Gerhard Litmeyer)</span></p>

<p>Wilma 1929 Aus der Geschichte: Schiffer Wilhelm Litmeyer (geb. 1867) war ein Sohn des Schiffers Hermann Litmeyer, der bereits 1894 auf der Werft Sibum die Pünte HAREN 12 bauen ließ.&hellip; </p>
