{"id":142,"date":"2014-05-20T08:27:15","date_gmt":"2014-05-20T06:27:15","guid":{"rendered":"http:\/\/www.maritimemeile-haren.de\/admin\/?page_id=142"},"modified":"2014-07-18T08:23:57","modified_gmt":"2014-07-18T06:23:57","slug":"125-maria","status":"publish","type":"page","link":"http:\/\/www.maritimemeile-haren.de\/admin\/125-maria\/","title":{"rendered":"125 MARIA"},"content":{"rendered":"<p><a href=\"http:\/\/www.maritimemeile-haren.de\/admin\/wp-content\/uploads\/2014\/05\/125_tab.jpg\"><img loading=\"lazy\" decoding=\"async\" class=\"alignnone size-full wp-image-1438\" src=\"http:\/\/www.maritimemeile-haren.de\/admin\/wp-content\/uploads\/2014\/05\/125_tab.jpg\" alt=\"Layout 1\" width=\"600\" height=\"292\" srcset=\"http:\/\/www.maritimemeile-haren.de\/admin\/wp-content\/uploads\/2014\/05\/125_tab.jpg 600w, http:\/\/www.maritimemeile-haren.de\/admin\/wp-content\/uploads\/2014\/05\/125_tab-300x146.jpg 300w\" sizes=\"(max-width: 600px) 100vw, 600px\" \/><\/a><\/p>\n<p><a href=\"http:\/\/www.maritimemeile-haren.de\/admin\/wp-content\/uploads\/2014\/05\/125_Maria_1.jpg\"><img loading=\"lazy\" decoding=\"async\" class=\"alignnone size-full wp-image-1437\" src=\"http:\/\/www.maritimemeile-haren.de\/admin\/wp-content\/uploads\/2014\/05\/125_Maria_1.jpg\" alt=\"125_Maria_1\" width=\"600\" height=\"400\" srcset=\"http:\/\/www.maritimemeile-haren.de\/admin\/wp-content\/uploads\/2014\/05\/125_Maria_1.jpg 600w, http:\/\/www.maritimemeile-haren.de\/admin\/wp-content\/uploads\/2014\/05\/125_Maria_1-300x200.jpg 300w\" sizes=\"(max-width: 600px) 100vw, 600px\" \/><\/a><\/p>\n<p><span style=\"font-size: 10pt;\">Maria<\/span><\/p>\n<h5>Aus der Geschichte:<\/h5>\n<p style=\"text-align: justify;\"><span style=\"font-size: 12pt;\">1905 baute Hermann Kiepe ein eisernes Segelschiff mit dem Namen \u201eMARIA\u201c. Das Schiff war schnittig gebaut und hatte zwei Seitenschwerter. Auf der R\u00fcckreise von K\u00f6nigsberg versuchte Kapit\u00e4n Kiepe mehrmals die Elbe auszulaufen, doch bei Wangerooge kam der Segler nicht von der Stelle, so dass sich der Kapit\u00e4n entschloss, die Jade einzulaufen. Er stellte fest, dass die \u201eMARIA\u201c keine \u201eHELENE\u201c war, takelte das Schiff ab und fuhr ab dem Zeitpunkt in der Binnenfahrt. Sp\u00e4ter erkrankte Kapt. Kiepe und L\u00fcbbert Schepers \u00fcbernahm die F\u00fchrung des Schiffes. Als Alexander Kiepe die erforderlichen Patente erworben hatte, baute er das Schiff zu einem Motorsegler um und nahm die K\u00fcstenfahrt wieder auf. Am 19.06.1934 erfolgte die Eintragung ins Seeschiffsregister in Emden. Die Zeitung \u201eDer Emsl\u00e4nder\u201c berichtete am 23.04.1936 wie folgt: \u201eGestern machte das See-Motorschiff MARIA seine Probefahrt, nachdem es auf der Werft der Gebr. Elfring einen neuen Motor erhalten hatte. Die Werksfahrt verlief zur vollen Zufriedenheit s\u00e4mtlicher Beteiligten. Seit l\u00e4ngerer Zeit herrscht auf der Werft Hochbetrieb. Es liegen jetzt noch 4 Schiffe vor der Helling und warten auf einen neuen Motor.\u201c<\/span><\/p>\n<p style=\"text-align: justify;\"><span style=\"font-size: 12pt;\">Nach seinem Tod im Jahre 1953 ging das Schiff an die Geschwister Kiepe &amp; Helene Schepers. Kapt. Heinrich Schepers f\u00fchrte die \u201eMARIA\u201c in der Nord- und Ostseefahrt. 1961 wurde das Schiff an Hermann Hakenholt, M\u00fchlendamm, verkauft. Die \u00dcbergabe des Schiffes fand in Apenrade statt. 1969 sank es nach einer Kollision unterhalb von Steinbild. Mehrere Motoren wurden in das Schiff eingebaut: zun\u00e4chst ein Benzinmotor, es folgte ein Sauggasmotor, dann ein 36 PS Deutz-Brons-Motor, ein 48 PS Deutz-Motor und ein 90 PS Deutsche-Werke -Motor.<\/span><\/p>\n<p style=\"text-align: justify;\"><a href=\"http:\/\/www.maritimemeile-haren.de\/admin\/wp-content\/uploads\/2014\/05\/125_300.jpg\"><img loading=\"lazy\" decoding=\"async\" class=\"alignnone size-full wp-image-3713\" src=\"http:\/\/www.maritimemeile-haren.de\/admin\/wp-content\/uploads\/2014\/05\/125_300.jpg\" alt=\"125_300\" width=\"600\" height=\"368\" srcset=\"http:\/\/www.maritimemeile-haren.de\/admin\/wp-content\/uploads\/2014\/05\/125_300.jpg 600w, http:\/\/www.maritimemeile-haren.de\/admin\/wp-content\/uploads\/2014\/05\/125_300-300x184.jpg 300w\" sizes=\"(max-width: 600px) 100vw, 600px\" \/><\/a><\/p>\n<p><span style=\"font-size: 10pt;\">Motorsegler MARIA in Kopenhagen<br \/>\n(Foto: Familie Schepers ehemals eisernes Segelschiff mit Seitenschwerter)<\/span><\/p>\n<p style=\"text-align: justify;\"><a href=\"http:\/\/www.maritimemeile-haren.de\/admin\/wp-content\/uploads\/2014\/05\/125_8.jpg\"><img loading=\"lazy\" decoding=\"async\" class=\"alignnone size-full wp-image-2442\" src=\"http:\/\/www.maritimemeile-haren.de\/admin\/wp-content\/uploads\/2014\/05\/125_8.jpg\" alt=\"125_8\" width=\"600\" height=\"359\" srcset=\"http:\/\/www.maritimemeile-haren.de\/admin\/wp-content\/uploads\/2014\/05\/125_8.jpg 600w, http:\/\/www.maritimemeile-haren.de\/admin\/wp-content\/uploads\/2014\/05\/125_8-300x179.jpg 300w\" sizes=\"(max-width: 600px) 100vw, 600px\" \/><\/a><\/p>\n<p><span style=\"font-size: 10pt;\">Maria auf Kanalfahrt (Foto: Otto Sch\u00f6ning)<\/span><\/p>\n","protected":false},"excerpt":{"rendered":"<p>Maria Aus der Geschichte: 1905 baute Hermann Kiepe ein eisernes Segelschiff mit dem Namen \u201eMARIA\u201c. Das Schiff war schnittig gebaut und hatte zwei Seitenschwerter. Auf der R\u00fcckreise von K\u00f6nigsberg versuchte&hellip; <\/p>\n","protected":false},"author":1,"featured_media":0,"parent":0,"menu_order":125,"comment_status":"closed","ping_status":"closed","template":"","meta":{"footnotes":""},"_links":{"self":[{"href":"http:\/\/www.maritimemeile-haren.de\/admin\/wp-json\/wp\/v2\/pages\/142"}],"collection":[{"href":"http:\/\/www.maritimemeile-haren.de\/admin\/wp-json\/wp\/v2\/pages"}],"about":[{"href":"http:\/\/www.maritimemeile-haren.de\/admin\/wp-json\/wp\/v2\/types\/page"}],"author":[{"embeddable":true,"href":"http:\/\/www.maritimemeile-haren.de\/admin\/wp-json\/wp\/v2\/users\/1"}],"replies":[{"embeddable":true,"href":"http:\/\/www.maritimemeile-haren.de\/admin\/wp-json\/wp\/v2\/comments?post=142"}],"version-history":[{"count":7,"href":"http:\/\/www.maritimemeile-haren.de\/admin\/wp-json\/wp\/v2\/pages\/142\/revisions"}],"predecessor-version":[{"id":3714,"href":"http:\/\/www.maritimemeile-haren.de\/admin\/wp-json\/wp\/v2\/pages\/142\/revisions\/3714"}],"wp:attachment":[{"href":"http:\/\/www.maritimemeile-haren.de\/admin\/wp-json\/wp\/v2\/media?parent=142"}],"curies":[{"name":"wp","href":"https:\/\/api.w.org\/{rel}","templated":true}]}}

<p><a href="http://www.maritimemeile-haren.de/admin/wp-content/uploads/2014/05/125_tab.jpg"><img loading="lazy" decoding="async" class="alignnone size-full wp-image-1438" src="http://www.maritimemeile-haren.de/admin/wp-content/uploads/2014/05/125_tab.jpg" alt="Layout 1" width="600" height="292" srcset="http://www.maritimemeile-haren.de/admin/wp-content/uploads/2014/05/125_tab.jpg 600w, http://www.maritimemeile-haren.de/admin/wp-content/uploads/2014/05/125_tab-300x146.jpg 300w" sizes="(max-width: 600px) 100vw, 600px" /></a></p>
<p><a href="http://www.maritimemeile-haren.de/admin/wp-content/uploads/2014/05/125_Maria_1.jpg"><img loading="lazy" decoding="async" class="alignnone size-full wp-image-1437" src="http://www.maritimemeile-haren.de/admin/wp-content/uploads/2014/05/125_Maria_1.jpg" alt="125_Maria_1" width="600" height="400" srcset="http://www.maritimemeile-haren.de/admin/wp-content/uploads/2014/05/125_Maria_1.jpg 600w, http://www.maritimemeile-haren.de/admin/wp-content/uploads/2014/05/125_Maria_1-300x200.jpg 300w" sizes="(max-width: 600px) 100vw, 600px" /></a></p>
<p><span style="font-size: 10pt;">Maria</span></p>
<h5>Aus der Geschichte:</h5>
<p style="text-align: justify;"><span style="font-size: 12pt;">1905 baute Hermann Kiepe ein eisernes Segelschiff mit dem Namen „MARIA“. Das Schiff war schnittig gebaut und hatte zwei Seitenschwerter. Auf der Rückreise von Königsberg versuchte Kapitän Kiepe mehrmals die Elbe auszulaufen, doch bei Wangerooge kam der Segler nicht von der Stelle, so dass sich der Kapitän entschloss, die Jade einzulaufen. Er stellte fest, dass die „MARIA“ keine „HELENE“ war, takelte das Schiff ab und fuhr ab dem Zeitpunkt in der Binnenfahrt. Später erkrankte Kapt. Kiepe und Lübbert Schepers übernahm die Führung des Schiffes. Als Alexander Kiepe die erforderlichen Patente erworben hatte, baute er das Schiff zu einem Motorsegler um und nahm die Küstenfahrt wieder auf. Am 19.06.1934 erfolgte die Eintragung ins Seeschiffsregister in Emden. Die Zeitung „Der Emsländer“ berichtete am 23.04.1936 wie folgt: „Gestern machte das See-Motorschiff MARIA seine Probefahrt, nachdem es auf der Werft der Gebr. Elfring einen neuen Motor erhalten hatte. Die Werksfahrt verlief zur vollen Zufriedenheit sämtlicher Beteiligten. Seit längerer Zeit herrscht auf der Werft Hochbetrieb. Es liegen jetzt noch 4 Schiffe vor der Helling und warten auf einen neuen Motor.“</span></p>
<p style="text-align: justify;"><span style="font-size: 12pt;">Nach seinem Tod im Jahre 1953 ging das Schiff an die Geschwister Kiepe &amp; Helene Schepers. Kapt. Heinrich Schepers führte die „MARIA“ in der Nord- und Ostseefahrt. 1961 wurde das Schiff an Hermann Hakenholt, Mühlendamm, verkauft. Die Übergabe des Schiffes fand in Apenrade statt. 1969 sank es nach einer Kollision unterhalb von Steinbild. Mehrere Motoren wurden in das Schiff eingebaut: zunächst ein Benzinmotor, es folgte ein Sauggasmotor, dann ein 36 PS Deutz-Brons-Motor, ein 48 PS Deutz-Motor und ein 90 PS Deutsche-Werke -Motor.</span></p>
<p style="text-align: justify;"><a href="http://www.maritimemeile-haren.de/admin/wp-content/uploads/2014/05/125_300.jpg"><img loading="lazy" decoding="async" class="alignnone size-full wp-image-3713" src="http://www.maritimemeile-haren.de/admin/wp-content/uploads/2014/05/125_300.jpg" alt="125_300" width="600" height="368" srcset="http://www.maritimemeile-haren.de/admin/wp-content/uploads/2014/05/125_300.jpg 600w, http://www.maritimemeile-haren.de/admin/wp-content/uploads/2014/05/125_300-300x184.jpg 300w" sizes="(max-width: 600px) 100vw, 600px" /></a></p>
<p><span style="font-size: 10pt;">Motorsegler MARIA in Kopenhagen<br />
(Foto: Familie Schepers ehemals eisernes Segelschiff mit Seitenschwerter)</span></p>
<p style="text-align: justify;"><a href="http://www.maritimemeile-haren.de/admin/wp-content/uploads/2014/05/125_8.jpg"><img loading="lazy" decoding="async" class="alignnone size-full wp-image-2442" src="http://www.maritimemeile-haren.de/admin/wp-content/uploads/2014/05/125_8.jpg" alt="125_8" width="600" height="359" srcset="http://www.maritimemeile-haren.de/admin/wp-content/uploads/2014/05/125_8.jpg 600w, http://www.maritimemeile-haren.de/admin/wp-content/uploads/2014/05/125_8-300x179.jpg 300w" sizes="(max-width: 600px) 100vw, 600px" /></a></p>
<p><span style="font-size: 10pt;">Maria auf Kanalfahrt (Foto: Otto Schöning)</span></p>

<p>Maria Aus der Geschichte: 1905 baute Hermann Kiepe ein eisernes Segelschiff mit dem Namen „MARIA“. Das Schiff war schnittig gebaut und hatte zwei Seitenschwerter. Auf der Rückreise von Königsberg versuchte&hellip; </p>
