{"id":155,"date":"2014-05-20T08:31:07","date_gmt":"2014-05-20T06:31:07","guid":{"rendered":"http:\/\/www.maritimemeile-haren.de\/admin\/?page_id=155"},"modified":"2014-07-08T09:26:31","modified_gmt":"2014-07-08T07:26:31","slug":"131-franz-held","status":"publish","type":"page","link":"http:\/\/www.maritimemeile-haren.de\/admin\/131-franz-held\/","title":{"rendered":"131 FRANZ HELD"},"content":{"rendered":"<p><a href=\"http:\/\/www.maritimemeile-haren.de\/admin\/wp-content\/uploads\/2014\/05\/131_tab.jpg\"><img loading=\"lazy\" decoding=\"async\" class=\"alignnone size-full wp-image-1462\" src=\"http:\/\/www.maritimemeile-haren.de\/admin\/wp-content\/uploads\/2014\/05\/131_tab.jpg\" alt=\"Layout 1\" width=\"600\" height=\"292\" srcset=\"http:\/\/www.maritimemeile-haren.de\/admin\/wp-content\/uploads\/2014\/05\/131_tab.jpg 600w, http:\/\/www.maritimemeile-haren.de\/admin\/wp-content\/uploads\/2014\/05\/131_tab-300x146.jpg 300w\" sizes=\"(max-width: 600px) 100vw, 600px\" \/><\/a><\/p>\n<p><a href=\"http:\/\/www.maritimemeile-haren.de\/admin\/wp-content\/uploads\/2014\/05\/131_Franz-Held_1.jpg\"><img loading=\"lazy\" decoding=\"async\" class=\"alignnone size-full wp-image-1461\" src=\"http:\/\/www.maritimemeile-haren.de\/admin\/wp-content\/uploads\/2014\/05\/131_Franz-Held_1.jpg\" alt=\"131_Franz Held_1\" width=\"600\" height=\"395\" srcset=\"http:\/\/www.maritimemeile-haren.de\/admin\/wp-content\/uploads\/2014\/05\/131_Franz-Held_1.jpg 600w, http:\/\/www.maritimemeile-haren.de\/admin\/wp-content\/uploads\/2014\/05\/131_Franz-Held_1-300x197.jpg 300w\" sizes=\"(max-width: 600px) 100vw, 600px\" \/><\/a><\/p>\n<p><span style=\"font-size: 10pt;\">Franz Held<\/span><\/p>\n<h5>Aus der Geschichte:<\/h5>\n<p style=\"text-align: justify;\"><span style=\"font-size: 12pt;\">Kapit\u00e4n Johann Held gab nach dem Verkauf der \u201eCHRISTINA\u201c im Jahre 1964 der Jansen Werft in Leer den Auftrag zum Bau eines modernen Schutzdeckers. \u00dcber den Stapellauf wurde in der Presse vermeldet: \u201eMit lautem Knall zerbarst die Sektflasche am m\u00e4chtigen Rumpf des Motorschiffes FRANZ HELD. Wie von Geisterhand bedient setzten sich die schweren Tragwagen in Bewegung und donnernd glitt das stolze Schiff in sein aufzischendes Element. Der Stapellauf war begleitet vom lustigen Tuten aller im Leeraner Hafen liegenden Schiffe gegl\u00fcckt\u201c. Am 19.12.1964 fand die Probefahrt statt. Die \u00f6rtliche Presse berichtete: \u201eAuf der H\u00f6he von Delfzijl wurde &#8218;die Meile gefahren&#8216;, das hei\u00dft die H\u00f6chstgeschwindigkeit des Schiffes gemessen, und zur Freude aller fiel sie h\u00f6her aus als berechnet. Seine Wendigkeit bewies das Schiff dann, als das Ruder erst hart backbord und dann hart steuerbord gelegt wurde; nur 90 Meter betrug der Wendekreis. Alle Proben waren bald bestanden &#8211; das Schiff war voll einsatzf\u00e4hig. W\u00e4hrend das Schiff ruhig vor Anker lag, versammelten sich alle Teilnehmer auf dem Deck, um der feierlichen \u00dcbergabe des Schiffes beizuwohnen. Werftbesitzer Martin Jansen dankte der Familie Held f\u00fcr das Vertrauen und w\u00fcnschte der FRANZ HELD allzeit gute Fracht und gl\u00fcckliche Fahrt. Um seinen Vater zu ehren, so betonte Johann Held, trage dieses Schiff seinen Namen FRANZ HELD. Nach guter alter Tradition erklang hell das &#8218;Hipp-Hipp-Hurra&#8216; \u00fcber Deck, die Sektgl\u00e4ser wurden erhoben und nach den herzlichen Gl\u00fcckw\u00fcnschen aller G\u00e4ste an den Besitzer und seiner Frau erklang das Harener Lied.\u201c Johann Held fuhr als Kapit\u00e4n auf dem Schiff, bis es 1970 an die Reederei Pohl &amp; Co., Hamburg, verkauft wurde. Es wurde umbenannt in \u201eMICHAELA E\u201c.<\/span><\/p>\n<p style=\"text-align: justify;\"><a href=\"http:\/\/www.maritimemeile-haren.de\/admin\/wp-content\/uploads\/2014\/05\/131_1.jpg\"><img loading=\"lazy\" decoding=\"async\" class=\"alignnone size-full wp-image-2388\" src=\"http:\/\/www.maritimemeile-haren.de\/admin\/wp-content\/uploads\/2014\/05\/131_1.jpg\" alt=\"131_1\" width=\"600\" height=\"351\" srcset=\"http:\/\/www.maritimemeile-haren.de\/admin\/wp-content\/uploads\/2014\/05\/131_1.jpg 600w, http:\/\/www.maritimemeile-haren.de\/admin\/wp-content\/uploads\/2014\/05\/131_1-300x175.jpg 300w\" sizes=\"(max-width: 600px) 100vw, 600px\" \/><\/a><\/p>\n<p><span style=\"font-size: 10pt;\">FRANZ HELD (Foto: Johann Held)<\/span><\/p>\n<p style=\"text-align: justify;\"><a href=\"http:\/\/www.maritimemeile-haren.de\/admin\/wp-content\/uploads\/2014\/05\/131_2.jpg\"><img loading=\"lazy\" decoding=\"async\" class=\"alignnone size-full wp-image-2389\" src=\"http:\/\/www.maritimemeile-haren.de\/admin\/wp-content\/uploads\/2014\/05\/131_2.jpg\" alt=\"131_2\" width=\"600\" height=\"404\" srcset=\"http:\/\/www.maritimemeile-haren.de\/admin\/wp-content\/uploads\/2014\/05\/131_2.jpg 600w, http:\/\/www.maritimemeile-haren.de\/admin\/wp-content\/uploads\/2014\/05\/131_2-300x202.jpg 300w\" sizes=\"(max-width: 600px) 100vw, 600px\" \/><\/a><\/p>\n<p style=\"text-align: justify;\"><a href=\"http:\/\/www.maritimemeile-haren.de\/admin\/wp-content\/uploads\/2014\/05\/131_3.jpg\"><img loading=\"lazy\" decoding=\"async\" class=\"alignnone size-full wp-image-2390\" src=\"http:\/\/www.maritimemeile-haren.de\/admin\/wp-content\/uploads\/2014\/05\/131_3.jpg\" alt=\"131_3\" width=\"600\" height=\"397\" srcset=\"http:\/\/www.maritimemeile-haren.de\/admin\/wp-content\/uploads\/2014\/05\/131_3.jpg 600w, http:\/\/www.maritimemeile-haren.de\/admin\/wp-content\/uploads\/2014\/05\/131_3-300x198.jpg 300w\" sizes=\"(max-width: 600px) 100vw, 600px\" \/><\/a><\/p>\n<p><span style=\"font-size: 10pt;\">Stapellauf der FRANZ HELD (Foto: Johann Held)<\/span><\/p>\n<p><span style=\"font-size: 10pt;\"><a href=\"http:\/\/www.maritimemeile-haren.de\/admin\/wp-content\/uploads\/2014\/05\/131_7.jpg\"><img loading=\"lazy\" decoding=\"async\" class=\"alignnone size-full wp-image-2449\" src=\"http:\/\/www.maritimemeile-haren.de\/admin\/wp-content\/uploads\/2014\/05\/131_7.jpg\" alt=\"131_7\" width=\"600\" height=\"222\" srcset=\"http:\/\/www.maritimemeile-haren.de\/admin\/wp-content\/uploads\/2014\/05\/131_7.jpg 600w, http:\/\/www.maritimemeile-haren.de\/admin\/wp-content\/uploads\/2014\/05\/131_7-300x111.jpg 300w\" sizes=\"(max-width: 600px) 100vw, 600px\" \/><\/a><\/span><\/p>\n<p><span style=\"font-size: 10pt;\">FRANZ HELD (Bleistiftzeichnung 39 x 25 cm, Signatur O. Stoltenburg 1970)<br \/>\n(Vorlage: Bernhard Fehrmann)<\/span><\/p>\n","protected":false},"excerpt":{"rendered":"<p>Franz Held Aus der Geschichte: Kapit\u00e4n Johann Held gab nach dem Verkauf der \u201eCHRISTINA\u201c im Jahre 1964 der Jansen Werft in Leer den Auftrag zum Bau eines modernen Schutzdeckers. \u00dcber&hellip; <\/p>\n","protected":false},"author":1,"featured_media":0,"parent":0,"menu_order":131,"comment_status":"closed","ping_status":"closed","template":"","meta":{"footnotes":""},"_links":{"self":[{"href":"http:\/\/www.maritimemeile-haren.de\/admin\/wp-json\/wp\/v2\/pages\/155"}],"collection":[{"href":"http:\/\/www.maritimemeile-haren.de\/admin\/wp-json\/wp\/v2\/pages"}],"about":[{"href":"http:\/\/www.maritimemeile-haren.de\/admin\/wp-json\/wp\/v2\/types\/page"}],"author":[{"embeddable":true,"href":"http:\/\/www.maritimemeile-haren.de\/admin\/wp-json\/wp\/v2\/users\/1"}],"replies":[{"embeddable":true,"href":"http:\/\/www.maritimemeile-haren.de\/admin\/wp-json\/wp\/v2\/comments?post=155"}],"version-history":[{"count":7,"href":"http:\/\/www.maritimemeile-haren.de\/admin\/wp-json\/wp\/v2\/pages\/155\/revisions"}],"predecessor-version":[{"id":2919,"href":"http:\/\/www.maritimemeile-haren.de\/admin\/wp-json\/wp\/v2\/pages\/155\/revisions\/2919"}],"wp:attachment":[{"href":"http:\/\/www.maritimemeile-haren.de\/admin\/wp-json\/wp\/v2\/media?parent=155"}],"curies":[{"name":"wp","href":"https:\/\/api.w.org\/{rel}","templated":true}]}}

<p><a href="http://www.maritimemeile-haren.de/admin/wp-content/uploads/2014/05/131_tab.jpg"><img loading="lazy" decoding="async" class="alignnone size-full wp-image-1462" src="http://www.maritimemeile-haren.de/admin/wp-content/uploads/2014/05/131_tab.jpg" alt="Layout 1" width="600" height="292" srcset="http://www.maritimemeile-haren.de/admin/wp-content/uploads/2014/05/131_tab.jpg 600w, http://www.maritimemeile-haren.de/admin/wp-content/uploads/2014/05/131_tab-300x146.jpg 300w" sizes="(max-width: 600px) 100vw, 600px" /></a></p>
<p><a href="http://www.maritimemeile-haren.de/admin/wp-content/uploads/2014/05/131_Franz-Held_1.jpg"><img loading="lazy" decoding="async" class="alignnone size-full wp-image-1461" src="http://www.maritimemeile-haren.de/admin/wp-content/uploads/2014/05/131_Franz-Held_1.jpg" alt="131_Franz Held_1" width="600" height="395" srcset="http://www.maritimemeile-haren.de/admin/wp-content/uploads/2014/05/131_Franz-Held_1.jpg 600w, http://www.maritimemeile-haren.de/admin/wp-content/uploads/2014/05/131_Franz-Held_1-300x197.jpg 300w" sizes="(max-width: 600px) 100vw, 600px" /></a></p>
<p><span style="font-size: 10pt;">Franz Held</span></p>
<h5>Aus der Geschichte:</h5>
<p style="text-align: justify;"><span style="font-size: 12pt;">Kapitän Johann Held gab nach dem Verkauf der „CHRISTINA“ im Jahre 1964 der Jansen Werft in Leer den Auftrag zum Bau eines modernen Schutzdeckers. Über den Stapellauf wurde in der Presse vermeldet: „Mit lautem Knall zerbarst die Sektflasche am mächtigen Rumpf des Motorschiffes FRANZ HELD. Wie von Geisterhand bedient setzten sich die schweren Tragwagen in Bewegung und donnernd glitt das stolze Schiff in sein aufzischendes Element. Der Stapellauf war begleitet vom lustigen Tuten aller im Leeraner Hafen liegenden Schiffe geglückt“. Am 19.12.1964 fand die Probefahrt statt. Die örtliche Presse berichtete: „Auf der Höhe von Delfzijl wurde &#8218;die Meile gefahren&#8216;, das heißt die Höchstgeschwindigkeit des Schiffes gemessen, und zur Freude aller fiel sie höher aus als berechnet. Seine Wendigkeit bewies das Schiff dann, als das Ruder erst hart backbord und dann hart steuerbord gelegt wurde; nur 90 Meter betrug der Wendekreis. Alle Proben waren bald bestanden &#8211; das Schiff war voll einsatzfähig. Während das Schiff ruhig vor Anker lag, versammelten sich alle Teilnehmer auf dem Deck, um der feierlichen Übergabe des Schiffes beizuwohnen. Werftbesitzer Martin Jansen dankte der Familie Held für das Vertrauen und wünschte der FRANZ HELD allzeit gute Fracht und glückliche Fahrt. Um seinen Vater zu ehren, so betonte Johann Held, trage dieses Schiff seinen Namen FRANZ HELD. Nach guter alter Tradition erklang hell das &#8218;Hipp-Hipp-Hurra&#8216; über Deck, die Sektgläser wurden erhoben und nach den herzlichen Glückwünschen aller Gäste an den Besitzer und seiner Frau erklang das Harener Lied.“ Johann Held fuhr als Kapitän auf dem Schiff, bis es 1970 an die Reederei Pohl &amp; Co., Hamburg, verkauft wurde. Es wurde umbenannt in „MICHAELA E“.</span></p>
<p style="text-align: justify;"><a href="http://www.maritimemeile-haren.de/admin/wp-content/uploads/2014/05/131_1.jpg"><img loading="lazy" decoding="async" class="alignnone size-full wp-image-2388" src="http://www.maritimemeile-haren.de/admin/wp-content/uploads/2014/05/131_1.jpg" alt="131_1" width="600" height="351" srcset="http://www.maritimemeile-haren.de/admin/wp-content/uploads/2014/05/131_1.jpg 600w, http://www.maritimemeile-haren.de/admin/wp-content/uploads/2014/05/131_1-300x175.jpg 300w" sizes="(max-width: 600px) 100vw, 600px" /></a></p>
<p><span style="font-size: 10pt;">FRANZ HELD (Foto: Johann Held)</span></p>
<p style="text-align: justify;"><a href="http://www.maritimemeile-haren.de/admin/wp-content/uploads/2014/05/131_2.jpg"><img loading="lazy" decoding="async" class="alignnone size-full wp-image-2389" src="http://www.maritimemeile-haren.de/admin/wp-content/uploads/2014/05/131_2.jpg" alt="131_2" width="600" height="404" srcset="http://www.maritimemeile-haren.de/admin/wp-content/uploads/2014/05/131_2.jpg 600w, http://www.maritimemeile-haren.de/admin/wp-content/uploads/2014/05/131_2-300x202.jpg 300w" sizes="(max-width: 600px) 100vw, 600px" /></a></p>
<p style="text-align: justify;"><a href="http://www.maritimemeile-haren.de/admin/wp-content/uploads/2014/05/131_3.jpg"><img loading="lazy" decoding="async" class="alignnone size-full wp-image-2390" src="http://www.maritimemeile-haren.de/admin/wp-content/uploads/2014/05/131_3.jpg" alt="131_3" width="600" height="397" srcset="http://www.maritimemeile-haren.de/admin/wp-content/uploads/2014/05/131_3.jpg 600w, http://www.maritimemeile-haren.de/admin/wp-content/uploads/2014/05/131_3-300x198.jpg 300w" sizes="(max-width: 600px) 100vw, 600px" /></a></p>
<p><span style="font-size: 10pt;">Stapellauf der FRANZ HELD (Foto: Johann Held)</span></p>
<p><span style="font-size: 10pt;"><a href="http://www.maritimemeile-haren.de/admin/wp-content/uploads/2014/05/131_7.jpg"><img loading="lazy" decoding="async" class="alignnone size-full wp-image-2449" src="http://www.maritimemeile-haren.de/admin/wp-content/uploads/2014/05/131_7.jpg" alt="131_7" width="600" height="222" srcset="http://www.maritimemeile-haren.de/admin/wp-content/uploads/2014/05/131_7.jpg 600w, http://www.maritimemeile-haren.de/admin/wp-content/uploads/2014/05/131_7-300x111.jpg 300w" sizes="(max-width: 600px) 100vw, 600px" /></a></span></p>
<p><span style="font-size: 10pt;">FRANZ HELD (Bleistiftzeichnung 39 x 25 cm, Signatur O. Stoltenburg 1970)<br />
(Vorlage: Bernhard Fehrmann)</span></p>

<p>Franz Held Aus der Geschichte: Kapitän Johann Held gab nach dem Verkauf der „CHRISTINA“ im Jahre 1964 der Jansen Werft in Leer den Auftrag zum Bau eines modernen Schutzdeckers. Über&hellip; </p>
