{"id":165,"date":"2014-05-20T08:34:23","date_gmt":"2014-05-20T06:34:23","guid":{"rendered":"http:\/\/www.maritimemeile-haren.de\/admin\/?page_id=165"},"modified":"2014-11-11T17:03:14","modified_gmt":"2014-11-11T15:03:14","slug":"135-koetter-werft-gmbh","status":"publish","type":"page","link":"http:\/\/www.maritimemeile-haren.de\/admin\/135-koetter-werft-gmbh\/","title":{"rendered":"135 K\u00d6TTER-WERFT GmbH"},"content":{"rendered":"<p><a href=\"http:\/\/www.maritimemeile-haren.de\/admin\/wp-content\/uploads\/2014\/05\/135_tab1.jpg\"><img loading=\"lazy\" decoding=\"async\" class=\"alignnone wp-image-4126 size-full\" src=\"http:\/\/www.maritimemeile-haren.de\/admin\/wp-content\/uploads\/2014\/05\/135_tab1.jpg\" alt=\"\" width=\"600\" height=\"292\" srcset=\"http:\/\/www.maritimemeile-haren.de\/admin\/wp-content\/uploads\/2014\/05\/135_tab1.jpg 600w, http:\/\/www.maritimemeile-haren.de\/admin\/wp-content\/uploads\/2014\/05\/135_tab1-300x146.jpg 300w\" sizes=\"(max-width: 600px) 100vw, 600px\" \/><\/a><\/p>\n<p><a href=\"http:\/\/www.maritimemeile-haren.de\/admin\/wp-content\/uploads\/2014\/05\/135_Koetter-Werft_1.jpg\"><img loading=\"lazy\" decoding=\"async\" class=\"alignnone wp-image-5059 size-full\" src=\"http:\/\/www.maritimemeile-haren.de\/admin\/wp-content\/uploads\/2014\/05\/135_Koetter-Werft_1.jpg\" alt=\"\" width=\"600\" height=\"400\" srcset=\"http:\/\/www.maritimemeile-haren.de\/admin\/wp-content\/uploads\/2014\/05\/135_Koetter-Werft_1.jpg 600w, http:\/\/www.maritimemeile-haren.de\/admin\/wp-content\/uploads\/2014\/05\/135_Koetter-Werft_1-300x200.jpg 300w\" sizes=\"(max-width: 600px) 100vw, 600px\" \/><\/a><\/p>\n<p><span style=\"font-size: 10pt;\">K\u00f6tter-Werft GmbH<\/span><\/p>\n<p><a href=\"http:\/\/www.koetter-werft.de\">www.koetter-werft.de<\/a><\/p>\n<p>&nbsp;<\/p>\n<p><a href=\"http:\/\/www.maritimemeile-haren.de\/admin\/wp-content\/uploads\/2014\/05\/135_303.jpg\"><img loading=\"lazy\" decoding=\"async\" class=\"alignnone size-full wp-image-3566\" src=\"http:\/\/www.maritimemeile-haren.de\/admin\/wp-content\/uploads\/2014\/05\/135_303.jpg\" alt=\"135_303\" width=\"600\" height=\"248\" srcset=\"http:\/\/www.maritimemeile-haren.de\/admin\/wp-content\/uploads\/2014\/05\/135_303.jpg 600w, http:\/\/www.maritimemeile-haren.de\/admin\/wp-content\/uploads\/2014\/05\/135_303-300x124.jpg 300w\" sizes=\"(max-width: 600px) 100vw, 600px\" \/><\/a><\/p>\n<p><a href=\"http:\/\/www.maritimemeile-haren.de\/admin\/wp-content\/uploads\/2014\/05\/135_302.jpg\"><img loading=\"lazy\" decoding=\"async\" class=\"alignnone size-full wp-image-3567\" src=\"http:\/\/www.maritimemeile-haren.de\/admin\/wp-content\/uploads\/2014\/05\/135_302.jpg\" alt=\"135_302\" width=\"600\" height=\"284\" srcset=\"http:\/\/www.maritimemeile-haren.de\/admin\/wp-content\/uploads\/2014\/05\/135_302.jpg 600w, http:\/\/www.maritimemeile-haren.de\/admin\/wp-content\/uploads\/2014\/05\/135_302-300x142.jpg 300w\" sizes=\"(max-width: 600px) 100vw, 600px\" \/><\/a><\/p>\n<p><a href=\"http:\/\/www.maritimemeile-haren.de\/admin\/wp-content\/uploads\/2014\/05\/135_301.jpg\"><img loading=\"lazy\" decoding=\"async\" class=\"alignnone size-full wp-image-3568\" src=\"http:\/\/www.maritimemeile-haren.de\/admin\/wp-content\/uploads\/2014\/05\/135_301.jpg\" alt=\"135_301\" width=\"600\" height=\"229\" srcset=\"http:\/\/www.maritimemeile-haren.de\/admin\/wp-content\/uploads\/2014\/05\/135_301.jpg 600w, http:\/\/www.maritimemeile-haren.de\/admin\/wp-content\/uploads\/2014\/05\/135_301-300x114.jpg 300w\" sizes=\"(max-width: 600px) 100vw, 600px\" \/><\/a><\/p>\n<p><a href=\"http:\/\/www.maritimemeile-haren.de\/admin\/wp-content\/uploads\/2014\/05\/135_300.jpg\"><img loading=\"lazy\" decoding=\"async\" class=\"alignnone size-full wp-image-3569\" src=\"http:\/\/www.maritimemeile-haren.de\/admin\/wp-content\/uploads\/2014\/05\/135_300.jpg\" alt=\"135_300\" width=\"600\" height=\"256\" srcset=\"http:\/\/www.maritimemeile-haren.de\/admin\/wp-content\/uploads\/2014\/05\/135_300.jpg 600w, http:\/\/www.maritimemeile-haren.de\/admin\/wp-content\/uploads\/2014\/05\/135_300-300x128.jpg 300w\" sizes=\"(max-width: 600px) 100vw, 600px\" \/><\/a><\/p>\n<p><a href=\"http:\/\/www.maritimemeile-haren.de\/admin\/wp-content\/uploads\/2014\/05\/135_koetter-werft.jpg\"><img loading=\"lazy\" decoding=\"async\" class=\"alignnone wp-image-5060 size-full\" src=\"http:\/\/www.maritimemeile-haren.de\/admin\/wp-content\/uploads\/2014\/05\/135_koetter-werft.jpg\" alt=\"\" width=\"600\" height=\"390\" srcset=\"http:\/\/www.maritimemeile-haren.de\/admin\/wp-content\/uploads\/2014\/05\/135_koetter-werft.jpg 600w, http:\/\/www.maritimemeile-haren.de\/admin\/wp-content\/uploads\/2014\/05\/135_koetter-werft-300x195.jpg 300w\" sizes=\"(max-width: 600px) 100vw, 600px\" \/><\/a><\/p>\n<p><!--more--><!--nextpage--><\/p>\n<h5>Aus der Geschichte:<\/h5>\n<p style=\"text-align: justify;\"><span style=\"font-size: 12pt;\">Mitglieder der Familie K\u00f6tter waren \u00fcber Generationen im Bereich des Schiffbaus t\u00e4tig. Im Jahre 1907 gr\u00fcndeten der Schiffszimmermann Rudolf K\u00f6tter (*1851) und der Schiffsbauer Wilhelm Sibum eine kleine P\u00fcntenwerft am alten Harener Hafen.<\/span><\/p>\n<p style=\"text-align: justify;\"><span style=\"font-size: 12pt;\">Als Wilhelm Sibum im Jahre 1919 starb, baute sich Rudolf K\u00f6tter am alten Hafen seinen eigenen Betrieb auf. Die S\u00f6hne Hermann (*1885) und Bernhard K\u00f6tter (*1887)\u00a0 f\u00fchrten den Betrieb ab 1922 als offene Handelsgesellschaft \u201cGebr\u00fcder K\u00f6tter\u201d fort. Neben durchschnittlich zehn Schiffsbauzimmerleuten waren f\u00fcnf weitere Arbeitskr\u00e4fte in dem 1924 angegliederten S\u00e4gewerk besch\u00e4ftigt.<\/span><\/p>\n<p style=\"text-align: justify;\"><span style=\"font-size: 12pt;\">Bis 1939 wurden vorwiegend h\u00f6lzerne Schiffe und P\u00fcnten gebaut sowie repariert. 1939 lief auf der Werft die letzte Harener Spitzp\u00fcnte \u201cELISABETH\u201d im Auftrage der Firma Boll aus Meppen vom Stapel.<\/span><\/p>\n<p style=\"text-align: justify;\"><a href=\"http:\/\/www.maritimemeile-haren.de\/admin\/wp-content\/uploads\/2014\/05\/koetter_werft.jpg\"><img loading=\"lazy\" decoding=\"async\" class=\"alignnone size-full wp-image-3879\" src=\"http:\/\/www.maritimemeile-haren.de\/admin\/wp-content\/uploads\/2014\/05\/koetter_werft.jpg\" alt=\"koetter_werft\" width=\"600\" height=\"443\" srcset=\"http:\/\/www.maritimemeile-haren.de\/admin\/wp-content\/uploads\/2014\/05\/koetter_werft.jpg 600w, http:\/\/www.maritimemeile-haren.de\/admin\/wp-content\/uploads\/2014\/05\/koetter_werft-300x221.jpg 300w\" sizes=\"(max-width: 600px) 100vw, 600px\" \/><\/a><\/p>\n<p><span style=\"font-size: 10pt;\">Die alte K\u00f6tter-Werft (Foto: Sammlung Schifffahrtsmuseum)<\/span><\/p>\n<p style=\"text-align: justify;\"><span style=\"font-size: 12pt;\">Kurz nach dem Zweiten Weltkrieg traten der Kaufmann Adolf K\u00f6tter (*1924) und der Schiffsbaumeister Bernhard K\u00f6tter (*1928) in das Unternehmen ein. Nach der Umr\u00fcstung der Werft und der Einrichtung einer Schmiede wurden vornehmlich Reparaturen und Umbauten von st\u00e4hlernen Binnenschiffen sowie Motorisierungen ausgef\u00fchrt. 1960 lief der erste st\u00e4hlerne Neubau, das Bunkerboot \u201cESSO HAREN\u201d vom Stapel.<\/span><\/p>\n<p style=\"text-align: justify;\"><span style=\"font-size: 12pt;\">Als 1959 der neue Harener Hafen entstand, zog die Werft nach Errichtung gro\u00dfz\u00fcgiger Schiffbauhallen und Slipanlagen dorthin um. 1966 leitete der erste Seeschiffs-Neubau der Werft, das 860 tdw-K\u00fcmo \u201cSTEPHAN\u201d eine neue \u00c4ra ein. Nun folgten fast j\u00e4hrlich weitere Neubauten. Ab 1974 lieferte die K\u00f6tter-Werft zahlreiche Rhein-Seeschiffe der Gr\u00f6\u00dfenklassen 299\/499 und 999 BRT, wie z.B. \u201cEMS-LINER\u201d und \u201cEMS-TAL\u201d ab.<\/span><\/p>\n<p style=\"text-align: justify;\"><a href=\"http:\/\/www.maritimemeile-haren.de\/admin\/wp-content\/uploads\/2014\/05\/koetter_werft_2.jpg\"><img loading=\"lazy\" decoding=\"async\" class=\"alignnone size-full wp-image-3880\" src=\"http:\/\/www.maritimemeile-haren.de\/admin\/wp-content\/uploads\/2014\/05\/koetter_werft_2.jpg\" alt=\"koetter_werft_2\" width=\"600\" height=\"413\" srcset=\"http:\/\/www.maritimemeile-haren.de\/admin\/wp-content\/uploads\/2014\/05\/koetter_werft_2.jpg 600w, http:\/\/www.maritimemeile-haren.de\/admin\/wp-content\/uploads\/2014\/05\/koetter_werft_2-300x206.jpg 300w\" sizes=\"(max-width: 600px) 100vw, 600px\" \/><\/a><\/p>\n<p><span style=\"font-size: 10pt;\">P\u00fcnte HAREN 38\u00a0 auf der alten K\u00f6tter-Werft<\/span><br \/>\n<span style=\"font-size: 10pt;\">(Foto: Sammlung Schifffahrtsmuseum)<\/span><\/p>\n<p style=\"text-align: justify;\">\u00a0<a href=\"http:\/\/www.maritimemeile-haren.de\/admin\/wp-content\/uploads\/2014\/05\/koetter_werft_4.jpg\"><img loading=\"lazy\" decoding=\"async\" class=\"alignnone size-full wp-image-3882\" src=\"http:\/\/www.maritimemeile-haren.de\/admin\/wp-content\/uploads\/2014\/05\/koetter_werft_4.jpg\" alt=\"koetter_werft_4\" width=\"600\" height=\"430\" srcset=\"http:\/\/www.maritimemeile-haren.de\/admin\/wp-content\/uploads\/2014\/05\/koetter_werft_4.jpg 600w, http:\/\/www.maritimemeile-haren.de\/admin\/wp-content\/uploads\/2014\/05\/koetter_werft_4-300x215.jpg 300w\" sizes=\"(max-width: 600px) 100vw, 600px\" \/><\/a><\/p>\n<p><span style=\"font-size: 10pt;\">K\u00f6tter-Werft (Foto: K\u00f6tter-Werft)<\/span><\/p>\n<p style=\"text-align: justify;\"><span style=\"font-size: 12pt;\">Heute stellt sich die K\u00f6tter-Werft als ein flexibler Dienstleistungsbetrieb dar, der sich auf Reparaturen, Aus- und Umbauten sowie Modernisierungen und Erweiterungen spezialisiert hat. Dazu kommt die Konstruktion von Kaskos oder Schiffssektionen moderner Tankschiffe, die mit den technisch neuesten Ladungssystemen ausgestattet sind. J\u00e4hrlich suchen \u00fcber 100 Wasserfahrzeuge aller Art die Werft, die von den beiden Gesch\u00e4ftsf\u00fchrern Hermann (*1957) und Bernhard (*1958) geleitet wird, zur Durchf\u00fchrung unterschiedlichster Arbeiten auf.<\/span><\/p>\n<p style=\"text-align: justify;\"><a href=\"http:\/\/www.maritimemeile-haren.de\/admin\/wp-content\/uploads\/2014\/05\/koetter_werft_3.jpg\"><img loading=\"lazy\" decoding=\"async\" class=\"alignnone size-full wp-image-3881\" src=\"http:\/\/www.maritimemeile-haren.de\/admin\/wp-content\/uploads\/2014\/05\/koetter_werft_3.jpg\" alt=\"koetter_werft_3\" width=\"600\" height=\"441\" srcset=\"http:\/\/www.maritimemeile-haren.de\/admin\/wp-content\/uploads\/2014\/05\/koetter_werft_3.jpg 600w, http:\/\/www.maritimemeile-haren.de\/admin\/wp-content\/uploads\/2014\/05\/koetter_werft_3-300x220.jpg 300w\" sizes=\"(max-width: 600px) 100vw, 600px\" \/><\/a><\/p>\n<p><span style=\"font-size: 10pt;\">Hermann und Bernhard K\u00f6tter (Foto: Werft K\u00f6tter)<\/span><\/p>\n","protected":false},"excerpt":{"rendered":"<p>K\u00f6tter-Werft GmbH www.koetter-werft.de &nbsp;<\/p>\n","protected":false},"author":1,"featured_media":0,"parent":0,"menu_order":135,"comment_status":"closed","ping_status":"closed","template":"","meta":{"footnotes":""},"_links":{"self":[{"href":"http:\/\/www.maritimemeile-haren.de\/admin\/wp-json\/wp\/v2\/pages\/165"}],"collection":[{"href":"http:\/\/www.maritimemeile-haren.de\/admin\/wp-json\/wp\/v2\/pages"}],"about":[{"href":"http:\/\/www.maritimemeile-haren.de\/admin\/wp-json\/wp\/v2\/types\/page"}],"author":[{"embeddable":true,"href":"http:\/\/www.maritimemeile-haren.de\/admin\/wp-json\/wp\/v2\/users\/1"}],"replies":[{"embeddable":true,"href":"http:\/\/www.maritimemeile-haren.de\/admin\/wp-json\/wp\/v2\/comments?post=165"}],"version-history":[{"count":12,"href":"http:\/\/www.maritimemeile-haren.de\/admin\/wp-json\/wp\/v2\/pages\/165\/revisions"}],"predecessor-version":[{"id":5061,"href":"http:\/\/www.maritimemeile-haren.de\/admin\/wp-json\/wp\/v2\/pages\/165\/revisions\/5061"}],"wp:attachment":[{"href":"http:\/\/www.maritimemeile-haren.de\/admin\/wp-json\/wp\/v2\/media?parent=165"}],"curies":[{"name":"wp","href":"https:\/\/api.w.org\/{rel}","templated":true}]}}

135 KÖTTER-WERFT GmbH

<p><a href="http://www.maritimemeile-haren.de/admin/wp-content/uploads/2014/05/135_tab1.jpg"><img loading="lazy" decoding="async" class="alignnone wp-image-4126 size-full" src="http://www.maritimemeile-haren.de/admin/wp-content/uploads/2014/05/135_tab1.jpg" alt="" width="600" height="292" srcset="http://www.maritimemeile-haren.de/admin/wp-content/uploads/2014/05/135_tab1.jpg 600w, http://www.maritimemeile-haren.de/admin/wp-content/uploads/2014/05/135_tab1-300x146.jpg 300w" sizes="(max-width: 600px) 100vw, 600px" /></a></p>
<p><a href="http://www.maritimemeile-haren.de/admin/wp-content/uploads/2014/05/135_Koetter-Werft_1.jpg"><img loading="lazy" decoding="async" class="alignnone wp-image-5059 size-full" src="http://www.maritimemeile-haren.de/admin/wp-content/uploads/2014/05/135_Koetter-Werft_1.jpg" alt="" width="600" height="400" srcset="http://www.maritimemeile-haren.de/admin/wp-content/uploads/2014/05/135_Koetter-Werft_1.jpg 600w, http://www.maritimemeile-haren.de/admin/wp-content/uploads/2014/05/135_Koetter-Werft_1-300x200.jpg 300w" sizes="(max-width: 600px) 100vw, 600px" /></a></p>
<p><span style="font-size: 10pt;">Kötter-Werft GmbH</span></p>
<p><a href="http://www.koetter-werft.de">www.koetter-werft.de</a></p>
<p>&nbsp;</p>
<p><a href="http://www.maritimemeile-haren.de/admin/wp-content/uploads/2014/05/135_303.jpg"><img loading="lazy" decoding="async" class="alignnone size-full wp-image-3566" src="http://www.maritimemeile-haren.de/admin/wp-content/uploads/2014/05/135_303.jpg" alt="135_303" width="600" height="248" srcset="http://www.maritimemeile-haren.de/admin/wp-content/uploads/2014/05/135_303.jpg 600w, http://www.maritimemeile-haren.de/admin/wp-content/uploads/2014/05/135_303-300x124.jpg 300w" sizes="(max-width: 600px) 100vw, 600px" /></a></p>
<p><a href="http://www.maritimemeile-haren.de/admin/wp-content/uploads/2014/05/135_302.jpg"><img loading="lazy" decoding="async" class="alignnone size-full wp-image-3567" src="http://www.maritimemeile-haren.de/admin/wp-content/uploads/2014/05/135_302.jpg" alt="135_302" width="600" height="284" srcset="http://www.maritimemeile-haren.de/admin/wp-content/uploads/2014/05/135_302.jpg 600w, http://www.maritimemeile-haren.de/admin/wp-content/uploads/2014/05/135_302-300x142.jpg 300w" sizes="(max-width: 600px) 100vw, 600px" /></a></p>
<p><a href="http://www.maritimemeile-haren.de/admin/wp-content/uploads/2014/05/135_301.jpg"><img loading="lazy" decoding="async" class="alignnone size-full wp-image-3568" src="http://www.maritimemeile-haren.de/admin/wp-content/uploads/2014/05/135_301.jpg" alt="135_301" width="600" height="229" srcset="http://www.maritimemeile-haren.de/admin/wp-content/uploads/2014/05/135_301.jpg 600w, http://www.maritimemeile-haren.de/admin/wp-content/uploads/2014/05/135_301-300x114.jpg 300w" sizes="(max-width: 600px) 100vw, 600px" /></a></p>
<p><a href="http://www.maritimemeile-haren.de/admin/wp-content/uploads/2014/05/135_300.jpg"><img loading="lazy" decoding="async" class="alignnone size-full wp-image-3569" src="http://www.maritimemeile-haren.de/admin/wp-content/uploads/2014/05/135_300.jpg" alt="135_300" width="600" height="256" srcset="http://www.maritimemeile-haren.de/admin/wp-content/uploads/2014/05/135_300.jpg 600w, http://www.maritimemeile-haren.de/admin/wp-content/uploads/2014/05/135_300-300x128.jpg 300w" sizes="(max-width: 600px) 100vw, 600px" /></a></p>
<p><a href="http://www.maritimemeile-haren.de/admin/wp-content/uploads/2014/05/135_koetter-werft.jpg"><img loading="lazy" decoding="async" class="alignnone wp-image-5060 size-full" src="http://www.maritimemeile-haren.de/admin/wp-content/uploads/2014/05/135_koetter-werft.jpg" alt="" width="600" height="390" srcset="http://www.maritimemeile-haren.de/admin/wp-content/uploads/2014/05/135_koetter-werft.jpg 600w, http://www.maritimemeile-haren.de/admin/wp-content/uploads/2014/05/135_koetter-werft-300x195.jpg 300w" sizes="(max-width: 600px) 100vw, 600px" /></a></p>
<p><!--more--><!--nextpage--></p>
<h5>Aus der Geschichte:</h5>
<p style="text-align: justify;"><span style="font-size: 12pt;">Mitglieder der Familie Kötter waren über Generationen im Bereich des Schiffbaus tätig. Im Jahre 1907 gründeten der Schiffszimmermann Rudolf Kötter (*1851) und der Schiffsbauer Wilhelm Sibum eine kleine Püntenwerft am alten Harener Hafen.</span></p>
<p style="text-align: justify;"><span style="font-size: 12pt;">Als Wilhelm Sibum im Jahre 1919 starb, baute sich Rudolf Kötter am alten Hafen seinen eigenen Betrieb auf. Die Söhne Hermann (*1885) und Bernhard Kötter (*1887)  führten den Betrieb ab 1922 als offene Handelsgesellschaft “Gebrüder Kötter” fort. Neben durchschnittlich zehn Schiffsbauzimmerleuten waren fünf weitere Arbeitskräfte in dem 1924 angegliederten Sägewerk beschäftigt.</span></p>
<p style="text-align: justify;"><span style="font-size: 12pt;">Bis 1939 wurden vorwiegend hölzerne Schiffe und Pünten gebaut sowie repariert. 1939 lief auf der Werft die letzte Harener Spitzpünte “ELISABETH” im Auftrage der Firma Boll aus Meppen vom Stapel.</span></p>
<p style="text-align: justify;"><a href="http://www.maritimemeile-haren.de/admin/wp-content/uploads/2014/05/koetter_werft.jpg"><img loading="lazy" decoding="async" class="alignnone size-full wp-image-3879" src="http://www.maritimemeile-haren.de/admin/wp-content/uploads/2014/05/koetter_werft.jpg" alt="koetter_werft" width="600" height="443" srcset="http://www.maritimemeile-haren.de/admin/wp-content/uploads/2014/05/koetter_werft.jpg 600w, http://www.maritimemeile-haren.de/admin/wp-content/uploads/2014/05/koetter_werft-300x221.jpg 300w" sizes="(max-width: 600px) 100vw, 600px" /></a></p>
<p><span style="font-size: 10pt;">Die alte Kötter-Werft (Foto: Sammlung Schifffahrtsmuseum)</span></p>
<p style="text-align: justify;"><span style="font-size: 12pt;">Kurz nach dem Zweiten Weltkrieg traten der Kaufmann Adolf Kötter (*1924) und der Schiffsbaumeister Bernhard Kötter (*1928) in das Unternehmen ein. Nach der Umrüstung der Werft und der Einrichtung einer Schmiede wurden vornehmlich Reparaturen und Umbauten von stählernen Binnenschiffen sowie Motorisierungen ausgeführt. 1960 lief der erste stählerne Neubau, das Bunkerboot “ESSO HAREN” vom Stapel.</span></p>
<p style="text-align: justify;"><span style="font-size: 12pt;">Als 1959 der neue Harener Hafen entstand, zog die Werft nach Errichtung großzügiger Schiffbauhallen und Slipanlagen dorthin um. 1966 leitete der erste Seeschiffs-Neubau der Werft, das 860 tdw-Kümo “STEPHAN” eine neue Ära ein. Nun folgten fast jährlich weitere Neubauten. Ab 1974 lieferte die Kötter-Werft zahlreiche Rhein-Seeschiffe der Größenklassen 299/499 und 999 BRT, wie z.B. “EMS-LINER” und “EMS-TAL” ab.</span></p>
<p style="text-align: justify;"><a href="http://www.maritimemeile-haren.de/admin/wp-content/uploads/2014/05/koetter_werft_2.jpg"><img loading="lazy" decoding="async" class="alignnone size-full wp-image-3880" src="http://www.maritimemeile-haren.de/admin/wp-content/uploads/2014/05/koetter_werft_2.jpg" alt="koetter_werft_2" width="600" height="413" srcset="http://www.maritimemeile-haren.de/admin/wp-content/uploads/2014/05/koetter_werft_2.jpg 600w, http://www.maritimemeile-haren.de/admin/wp-content/uploads/2014/05/koetter_werft_2-300x206.jpg 300w" sizes="(max-width: 600px) 100vw, 600px" /></a></p>
<p><span style="font-size: 10pt;">Pünte HAREN 38  auf der alten Kötter-Werft</span><br />
<span style="font-size: 10pt;">(Foto: Sammlung Schifffahrtsmuseum)</span></p>
<p style="text-align: justify;"> <a href="http://www.maritimemeile-haren.de/admin/wp-content/uploads/2014/05/koetter_werft_4.jpg"><img loading="lazy" decoding="async" class="alignnone size-full wp-image-3882" src="http://www.maritimemeile-haren.de/admin/wp-content/uploads/2014/05/koetter_werft_4.jpg" alt="koetter_werft_4" width="600" height="430" srcset="http://www.maritimemeile-haren.de/admin/wp-content/uploads/2014/05/koetter_werft_4.jpg 600w, http://www.maritimemeile-haren.de/admin/wp-content/uploads/2014/05/koetter_werft_4-300x215.jpg 300w" sizes="(max-width: 600px) 100vw, 600px" /></a></p>
<p><span style="font-size: 10pt;">Kötter-Werft (Foto: Kötter-Werft)</span></p>
<p style="text-align: justify;"><span style="font-size: 12pt;">Heute stellt sich die Kötter-Werft als ein flexibler Dienstleistungsbetrieb dar, der sich auf Reparaturen, Aus- und Umbauten sowie Modernisierungen und Erweiterungen spezialisiert hat. Dazu kommt die Konstruktion von Kaskos oder Schiffssektionen moderner Tankschiffe, die mit den technisch neuesten Ladungssystemen ausgestattet sind. Jährlich suchen über 100 Wasserfahrzeuge aller Art die Werft, die von den beiden Geschäftsführern Hermann (*1957) und Bernhard (*1958) geleitet wird, zur Durchführung unterschiedlichster Arbeiten auf.</span></p>
<p style="text-align: justify;"><a href="http://www.maritimemeile-haren.de/admin/wp-content/uploads/2014/05/koetter_werft_3.jpg"><img loading="lazy" decoding="async" class="alignnone size-full wp-image-3881" src="http://www.maritimemeile-haren.de/admin/wp-content/uploads/2014/05/koetter_werft_3.jpg" alt="koetter_werft_3" width="600" height="441" srcset="http://www.maritimemeile-haren.de/admin/wp-content/uploads/2014/05/koetter_werft_3.jpg 600w, http://www.maritimemeile-haren.de/admin/wp-content/uploads/2014/05/koetter_werft_3-300x220.jpg 300w" sizes="(max-width: 600px) 100vw, 600px" /></a></p>
<p><span style="font-size: 10pt;">Hermann und Bernhard Kötter (Foto: Werft Kötter)</span></p>

<p>Kötter-Werft GmbH www.koetter-werft.de &nbsp;</p>
