{"id":1705,"date":"2014-06-26T08:04:44","date_gmt":"2014-06-26T06:04:44","guid":{"rendered":"http:\/\/www.maritimemeile-haren.de\/admin\/?page_id=1705"},"modified":"2014-11-06T10:17:31","modified_gmt":"2014-11-06T08:17:31","slug":"stadt-haren-ems","status":"publish","type":"page","link":"http:\/\/www.maritimemeile-haren.de\/admin\/stadt-haren-ems\/","title":{"rendered":"100 STADT HAREN (EMS)"},"content":{"rendered":"<p><img loading=\"lazy\" decoding=\"async\" class=\"alignnone size-full wp-image-1707\" src=\"http:\/\/www.maritimemeile-haren.de\/admin\/wp-content\/uploads\/2014\/06\/100_tab.jpg\" alt=\"Layout 1\" width=\"600\" height=\"292\" srcset=\"http:\/\/www.maritimemeile-haren.de\/admin\/wp-content\/uploads\/2014\/06\/100_tab.jpg 600w, http:\/\/www.maritimemeile-haren.de\/admin\/wp-content\/uploads\/2014\/06\/100_tab-300x146.jpg 300w\" sizes=\"(max-width: 600px) 100vw, 600px\" \/><\/p>\n<p><a href=\"http:\/\/www.maritimemeile-haren.de\/admin\/wp-content\/uploads\/2014\/06\/100_Stadt-Haren_1.jpg\"><img loading=\"lazy\" decoding=\"async\" class=\"alignnone size-full wp-image-1732\" src=\"http:\/\/www.maritimemeile-haren.de\/admin\/wp-content\/uploads\/2014\/06\/100_Stadt-Haren_1.jpg\" alt=\"100_Stadt Haren_1\" width=\"600\" height=\"400\" srcset=\"http:\/\/www.maritimemeile-haren.de\/admin\/wp-content\/uploads\/2014\/06\/100_Stadt-Haren_1.jpg 600w, http:\/\/www.maritimemeile-haren.de\/admin\/wp-content\/uploads\/2014\/06\/100_Stadt-Haren_1-300x200.jpg 300w\" sizes=\"(max-width: 600px) 100vw, 600px\" \/><\/a><\/p>\n<p><span style=\"font-size: 10pt;\">Stadt Haren (Ems)<\/span><\/p>\n<p><a href=\"http:\/\/www.haren.de\">www.haren.de<\/a><\/p>\n<h5><a href=\"http:\/\/www.maritimemeile-haren.de\/admin\/wp-content\/uploads\/2014\/06\/100_1_Haren_Schifffahrtsmuseum.jpg\"><img loading=\"lazy\" decoding=\"async\" class=\"alignnone size-full wp-image-4929\" src=\"http:\/\/www.maritimemeile-haren.de\/admin\/wp-content\/uploads\/2014\/06\/100_1_Haren_Schifffahrtsmuseum.jpg\" alt=\"100_1_Haren_Schifffahrtsmuseum\" width=\"600\" height=\"399\" srcset=\"http:\/\/www.maritimemeile-haren.de\/admin\/wp-content\/uploads\/2014\/06\/100_1_Haren_Schifffahrtsmuseum.jpg 600w, http:\/\/www.maritimemeile-haren.de\/admin\/wp-content\/uploads\/2014\/06\/100_1_Haren_Schifffahrtsmuseum-300x199.jpg 300w\" sizes=\"(max-width: 600px) 100vw, 600px\" \/><\/a><\/h5>\n<p><span style=\"font-size: 10pt;\">Luftbild Haren (Ems)<\/span><\/p>\n<p><!--nextpage--><\/p>\n<h5><span style=\"font-size: 10pt;\"><a href=\"http:\/\/www.maritimemeile-haren.de\/admin\/wp-content\/uploads\/2014\/06\/100_2_PR-Martinus-1.jpg\"><img loading=\"lazy\" decoding=\"async\" class=\"alignnone size-full wp-image-4930\" src=\"http:\/\/www.maritimemeile-haren.de\/admin\/wp-content\/uploads\/2014\/06\/100_2_PR-Martinus-1.jpg\" alt=\"100_2_PR Martinus 1\" width=\"600\" height=\"402\" srcset=\"http:\/\/www.maritimemeile-haren.de\/admin\/wp-content\/uploads\/2014\/06\/100_2_PR-Martinus-1.jpg 600w, http:\/\/www.maritimemeile-haren.de\/admin\/wp-content\/uploads\/2014\/06\/100_2_PR-Martinus-1-300x201.jpg 300w\" sizes=\"(max-width: 600px) 100vw, 600px\" \/><\/a><\/span><\/h5>\n<p><span style=\"font-size: 10pt;\">Martinus Kirche Haren<\/span><\/p>\n<p><span style=\"font-size: 10pt;\"><a href=\"http:\/\/www.maritimemeile-haren.de\/admin\/wp-content\/uploads\/2014\/06\/100_3_Amisia-Emsbr\u00fccke.jpg\"><img loading=\"lazy\" decoding=\"async\" src=\"http:\/\/www.maritimemeile-haren.de\/admin\/wp-content\/uploads\/2014\/06\/100_3_Amisia-Emsbr\u00fccke.jpg\" alt=\"100_3_Amisia Emsbr\u00fccke\" width=\"600\" height=\"399\" \/><\/a><\/span><\/p>\n<p><span style=\"font-size: 10pt;\">Amisia auf Ausflugsfahrt<\/span><\/p>\n<p><span style=\"font-size: 10pt;\"><a href=\"http:\/\/www.maritimemeile-haren.de\/admin\/wp-content\/uploads\/2014\/06\/100_4_Strand_Dankernsee.jpg\"><img loading=\"lazy\" decoding=\"async\" src=\"http:\/\/www.maritimemeile-haren.de\/admin\/wp-content\/uploads\/2014\/06\/100_4_Strand_Dankernsee.jpg\" alt=\"100_4_Strand_Dankernsee\" width=\"600\" height=\"402\" \/><\/a><\/span><\/p>\n<p><span style=\"font-size: 10pt;\">Dankernsee<\/span><\/p>\n<h5>Die Schifferstadt Haren (Ems)<\/h5>\n<p style=\"text-align: justify;\"><span style=\"font-size: 12pt;\">Die Geschichte der Stadt Haren an der Ems geht nachweislich bis auf das Jahr 890 zur\u00fcck, obwohl der Ort sicherlich einen \u00e4lteren Ursprung hat. Eine Burg mit drei Unterh\u00f6fen, die auf eine der gr\u00f6\u00dften Inseln im siedlungsfeindlichen Emstal gelegen war, wird als die Urgr\u00fcndung des Ortes angesehen. Zu Beginn des 16. Jahrhunderts erfolgte die \u00fcber vier Jahrhunderte andauernde Ortstrennung in Altharen und (Neu) Haren. Die anschlie\u00dfende Entwicklung in den beiden selbstst\u00e4ndigen Gemeinden verlief recht unterschiedlich: Altharen war eher landwirtschaftlich gepr\u00e4gt, w\u00e4hrend sich in Haren die Dominanz des Schifffahrtsgewerbes immer mehr durchsetzte.<\/span><\/p>\n<p style=\"text-align: justify;\"><span style=\"font-size: 12pt;\">Zu der dunkelsten Zeit der Schifferstadt geh\u00f6rte die zwangsweise R\u00e4umung des Ortes nach dem 2. Weltkrieg. Vom 20.05.1945 bis zum 15.11.1948 wurden etwa 5.000 ehemals arbeitsverpflichtete Polen in Haren untergebracht. Alle Orts und Stra\u00dfenbezeichnungen wurden von der polnischen Verwaltung mit neuen Namen bedacht; Haren selbst wurde in Maczkow umbenannt. Als die Spuren der Besatzungszeit l\u00e4ngst beseitigt waren, schlossen sich die beiden selbstst\u00e4ndigen Gemeinden am 01.10.1956 wieder zur Einheitsgemeinde Haren zusammen.<\/span><\/p>\n<p style=\"text-align: justify;\"><span style=\"font-size: 12pt;\">Schon zehn Jahre nach diesem Zusammenschluss erhielt die Gemeinde Haren am 3. Dezember 1965 die Stadtrechte. Mit der Verwaltungs- und Gebietsreform wurden am 1. M\u00e4rz 1974 zw\u00f6lf Gemeinden mit insgesamt 16.359 Einwohnern zusammengeschlossen. Haren ist heute die viertgr\u00f6\u00dfte Stadt des Emslandes (ca. 22.500 Einwohner) und unterh\u00e4lt aktive St\u00e4dtepartnerschaften zu drei europ\u00e4ischen St\u00e4dten: Vlagtwedde (Niederlande), Andr\u00e9sy (Frankreich) und Miedzyrzecz (Polen).<\/span><\/p>\n<p style=\"text-align: justify;\"><!--nextpage--><\/p>\n<h5>Wichtige Etappen in der Ortschronik:<\/h5>\n<p style=\"text-align: justify;\"><span style=\"font-size: 12pt;\"><strong>\u00a0890<\/strong> Erste Erw\u00e4hnung des Ortes Haren in einem Verzeichnis des Klosters Werden\/Ruhr<\/span><\/p>\n<p style=\"text-align: justify;\"><span style=\"font-size: 12pt;\"><strong>1076<\/strong> Erwerb der Burg Haren durch den Bischof von M\u00fcnster: \u201eSchl\u00fcssel zum Emsland\u201c<\/span><\/p>\n<p style=\"text-align: justify;\"><span style=\"font-size: 12pt;\"><strong>1178<\/strong> Bau der Burg Landegge in der Wegeenge zwischen Emsstrom und Bourtanger Moor<\/span><\/p>\n<p style=\"text-align: justify;\"><span style=\"font-size: 12pt;\"><strong>1400<\/strong> Haren ist ein bedeutender Ort f\u00fcr die P\u00fcntenschifffahrt und besitzt das Marktrecht<\/span><\/p>\n<p style=\"text-align: justify;\"><span style=\"font-size: 12pt;\"><strong>1530<\/strong> Teilung des Ortes in Altharen und (Neu) Haren<\/span><\/p>\n<p style=\"text-align: justify;\"><span style=\"font-size: 12pt;\"><strong>1575<\/strong> 37 Harener P\u00fcntker wohnen im Gerichtsbezirk<\/span><\/p>\n<p style=\"text-align: justify;\"><span style=\"font-size: 12pt;\"><strong>1695<\/strong> Errichtung des Herrenhauses Landegge durch Wilhelm Dietrich von Schade<\/span><\/p>\n<p style=\"text-align: justify;\"><span style=\"font-size: 12pt;\"><strong>1856<\/strong> Inbetriebnahme der Hannoverschen Westbahn von Rheine nach Emden<\/span><\/p>\n<p style=\"text-align: justify;\"><span style=\"font-size: 12pt;\"><strong>1875<\/strong> Gr\u00fcndung des Amisia-Schiffsversicherungsvereins<\/span><\/p>\n<p style=\"text-align: justify;\"><span style=\"font-size: 12pt;\"><strong>1906<\/strong> Gr\u00fcndung des Schiffertransportvereins<\/span><\/p>\n<p style=\"text-align: justify;\"><span style=\"font-size: 12pt;\"><strong>1908<\/strong> Neubau der St. Martinus-Pfarrkirche<\/span><\/p>\n<p style=\"text-align: justify;\"><span style=\"font-size: 12pt;\"><strong>1945<\/strong> Evakuierung Harens<\/span><\/p>\n<p style=\"text-align: justify;\"><span style=\"font-size: 12pt;\"><strong>1956<\/strong> Altharen und Haren werden Gro\u00dfgemeinde<\/span><\/p>\n<p style=\"text-align: justify;\"><span style=\"font-size: 12pt;\"><strong>1965<\/strong> Verleihung der Stadtrechte<\/span><\/p>\n<p style=\"text-align: justify;\"><span style=\"font-size: 12pt;\"><strong>1973<\/strong> Verwaltungs- und Gebietsreform: Kommunale Einheit mit zw\u00f6lf Gemeinden<\/span><\/p>\n<p style=\"text-align: justify;\"><a href=\"http:\/\/www.maritimemeile-haren.de\/admin\/wp-content\/uploads\/2014\/06\/100_1.jpg\"><img loading=\"lazy\" decoding=\"async\" class=\"alignnone size-full wp-image-4875\" src=\"http:\/\/www.maritimemeile-haren.de\/admin\/wp-content\/uploads\/2014\/06\/100_1.jpg\" alt=\"100_1\" width=\"600\" height=\"420\" srcset=\"http:\/\/www.maritimemeile-haren.de\/admin\/wp-content\/uploads\/2014\/06\/100_1.jpg 600w, http:\/\/www.maritimemeile-haren.de\/admin\/wp-content\/uploads\/2014\/06\/100_1-300x210.jpg 300w, http:\/\/www.maritimemeile-haren.de\/admin\/wp-content\/uploads\/2014\/06\/100_1-330x230.jpg 330w\" sizes=\"(max-width: 600px) 100vw, 600px\" \/><\/a><\/p>\n<p><span style=\"font-size: 10pt;\">Haren um 1960 (Vorlage: Sammlung Schifffahrtsmuseum)<\/span><\/p>\n<p style=\"text-align: justify;\"><!--nextpage--><\/p>\n<p>\u00a0<a href=\"http:\/\/www.maritimemeile-haren.de\/admin\/wp-content\/uploads\/2014\/06\/Haren_Band_I.pdf\"><img loading=\"lazy\" decoding=\"async\" class=\"alignnone size-full wp-image-4922\" src=\"http:\/\/www.maritimemeile-haren.de\/admin\/wp-content\/uploads\/2014\/06\/Haren_Band_I.jpg\" alt=\"Layout 1\" width=\"300\" height=\"424\" srcset=\"http:\/\/www.maritimemeile-haren.de\/admin\/wp-content\/uploads\/2014\/06\/Haren_Band_I.jpg 300w, http:\/\/www.maritimemeile-haren.de\/admin\/wp-content\/uploads\/2014\/06\/Haren_Band_I-212x300.jpg 212w\" sizes=\"(max-width: 300px) 100vw, 300px\" \/><\/a><\/p>\n<p><span style=\"font-size: 10pt;\">Auszug aus Band I<\/span><\/p>\n<p><a href=\"http:\/\/www.maritimemeile-haren.de\/admin\/wp-content\/uploads\/2014\/06\/Haren_Band_II.pdf\"><img loading=\"lazy\" decoding=\"async\" class=\"alignnone size-full wp-image-4923\" src=\"http:\/\/www.maritimemeile-haren.de\/admin\/wp-content\/uploads\/2014\/06\/Haren_Band_II.jpg\" alt=\"Layout 1\" width=\"300\" height=\"410\" srcset=\"http:\/\/www.maritimemeile-haren.de\/admin\/wp-content\/uploads\/2014\/06\/Haren_Band_II.jpg 300w, http:\/\/www.maritimemeile-haren.de\/admin\/wp-content\/uploads\/2014\/06\/Haren_Band_II-219x300.jpg 219w\" sizes=\"(max-width: 300px) 100vw, 300px\" \/><\/a><\/p>\n<p><span style=\"font-size: 10pt;\">Auszug aus Band II<\/span><\/p>\n<p>&nbsp;<\/p>\n<p>&nbsp;<\/p>\n","protected":false},"excerpt":{"rendered":"<p>Stadt Haren (Ems) www.haren.de Luftbild Haren (Ems)<\/p>\n","protected":false},"author":1,"featured_media":0,"parent":0,"menu_order":100,"comment_status":"closed","ping_status":"closed","template":"","meta":{"footnotes":""},"_links":{"self":[{"href":"http:\/\/www.maritimemeile-haren.de\/admin\/wp-json\/wp\/v2\/pages\/1705"}],"collection":[{"href":"http:\/\/www.maritimemeile-haren.de\/admin\/wp-json\/wp\/v2\/pages"}],"about":[{"href":"http:\/\/www.maritimemeile-haren.de\/admin\/wp-json\/wp\/v2\/types\/page"}],"author":[{"embeddable":true,"href":"http:\/\/www.maritimemeile-haren.de\/admin\/wp-json\/wp\/v2\/users\/1"}],"replies":[{"embeddable":true,"href":"http:\/\/www.maritimemeile-haren.de\/admin\/wp-json\/wp\/v2\/comments?post=1705"}],"version-history":[{"count":34,"href":"http:\/\/www.maritimemeile-haren.de\/admin\/wp-json\/wp\/v2\/pages\/1705\/revisions"}],"predecessor-version":[{"id":4935,"href":"http:\/\/www.maritimemeile-haren.de\/admin\/wp-json\/wp\/v2\/pages\/1705\/revisions\/4935"}],"wp:attachment":[{"href":"http:\/\/www.maritimemeile-haren.de\/admin\/wp-json\/wp\/v2\/media?parent=1705"}],"curies":[{"name":"wp","href":"https:\/\/api.w.org\/{rel}","templated":true}]}}

<p><img loading="lazy" decoding="async" class="alignnone size-full wp-image-1707" src="http://www.maritimemeile-haren.de/admin/wp-content/uploads/2014/06/100_tab.jpg" alt="Layout 1" width="600" height="292" srcset="http://www.maritimemeile-haren.de/admin/wp-content/uploads/2014/06/100_tab.jpg 600w, http://www.maritimemeile-haren.de/admin/wp-content/uploads/2014/06/100_tab-300x146.jpg 300w" sizes="(max-width: 600px) 100vw, 600px" /></p>
<p><a href="http://www.maritimemeile-haren.de/admin/wp-content/uploads/2014/06/100_Stadt-Haren_1.jpg"><img loading="lazy" decoding="async" class="alignnone size-full wp-image-1732" src="http://www.maritimemeile-haren.de/admin/wp-content/uploads/2014/06/100_Stadt-Haren_1.jpg" alt="100_Stadt Haren_1" width="600" height="400" srcset="http://www.maritimemeile-haren.de/admin/wp-content/uploads/2014/06/100_Stadt-Haren_1.jpg 600w, http://www.maritimemeile-haren.de/admin/wp-content/uploads/2014/06/100_Stadt-Haren_1-300x200.jpg 300w" sizes="(max-width: 600px) 100vw, 600px" /></a></p>
<p><span style="font-size: 10pt;">Stadt Haren (Ems)</span></p>
<p><a href="http://www.haren.de">www.haren.de</a></p>
<h5><a href="http://www.maritimemeile-haren.de/admin/wp-content/uploads/2014/06/100_1_Haren_Schifffahrtsmuseum.jpg"><img loading="lazy" decoding="async" class="alignnone size-full wp-image-4929" src="http://www.maritimemeile-haren.de/admin/wp-content/uploads/2014/06/100_1_Haren_Schifffahrtsmuseum.jpg" alt="100_1_Haren_Schifffahrtsmuseum" width="600" height="399" srcset="http://www.maritimemeile-haren.de/admin/wp-content/uploads/2014/06/100_1_Haren_Schifffahrtsmuseum.jpg 600w, http://www.maritimemeile-haren.de/admin/wp-content/uploads/2014/06/100_1_Haren_Schifffahrtsmuseum-300x199.jpg 300w" sizes="(max-width: 600px) 100vw, 600px" /></a></h5>
<p><span style="font-size: 10pt;">Luftbild Haren (Ems)</span></p>
<p><!--nextpage--></p>
<h5><span style="font-size: 10pt;"><a href="http://www.maritimemeile-haren.de/admin/wp-content/uploads/2014/06/100_2_PR-Martinus-1.jpg"><img loading="lazy" decoding="async" class="alignnone size-full wp-image-4930" src="http://www.maritimemeile-haren.de/admin/wp-content/uploads/2014/06/100_2_PR-Martinus-1.jpg" alt="100_2_PR Martinus 1" width="600" height="402" srcset="http://www.maritimemeile-haren.de/admin/wp-content/uploads/2014/06/100_2_PR-Martinus-1.jpg 600w, http://www.maritimemeile-haren.de/admin/wp-content/uploads/2014/06/100_2_PR-Martinus-1-300x201.jpg 300w" sizes="(max-width: 600px) 100vw, 600px" /></a></span></h5>
<p><span style="font-size: 10pt;">Martinus Kirche Haren</span></p>
<p><span style="font-size: 10pt;"><a href="http://www.maritimemeile-haren.de/admin/wp-content/uploads/2014/06/100_3_Amisia-Emsbrücke.jpg"><img loading="lazy" decoding="async" src="http://www.maritimemeile-haren.de/admin/wp-content/uploads/2014/06/100_3_Amisia-Emsbrücke.jpg" alt="100_3_Amisia Emsbrücke" width="600" height="399" /></a></span></p>
<p><span style="font-size: 10pt;">Amisia auf Ausflugsfahrt</span></p>
<p><span style="font-size: 10pt;"><a href="http://www.maritimemeile-haren.de/admin/wp-content/uploads/2014/06/100_4_Strand_Dankernsee.jpg"><img loading="lazy" decoding="async" src="http://www.maritimemeile-haren.de/admin/wp-content/uploads/2014/06/100_4_Strand_Dankernsee.jpg" alt="100_4_Strand_Dankernsee" width="600" height="402" /></a></span></p>
<p><span style="font-size: 10pt;">Dankernsee</span></p>
<h5>Die Schifferstadt Haren (Ems)</h5>
<p style="text-align: justify;"><span style="font-size: 12pt;">Die Geschichte der Stadt Haren an der Ems geht nachweislich bis auf das Jahr 890 zurück, obwohl der Ort sicherlich einen älteren Ursprung hat. Eine Burg mit drei Unterhöfen, die auf eine der größten Inseln im siedlungsfeindlichen Emstal gelegen war, wird als die Urgründung des Ortes angesehen. Zu Beginn des 16. Jahrhunderts erfolgte die über vier Jahrhunderte andauernde Ortstrennung in Altharen und (Neu) Haren. Die anschließende Entwicklung in den beiden selbstständigen Gemeinden verlief recht unterschiedlich: Altharen war eher landwirtschaftlich geprägt, während sich in Haren die Dominanz des Schifffahrtsgewerbes immer mehr durchsetzte.</span></p>
<p style="text-align: justify;"><span style="font-size: 12pt;">Zu der dunkelsten Zeit der Schifferstadt gehörte die zwangsweise Räumung des Ortes nach dem 2. Weltkrieg. Vom 20.05.1945 bis zum 15.11.1948 wurden etwa 5.000 ehemals arbeitsverpflichtete Polen in Haren untergebracht. Alle Orts und Straßenbezeichnungen wurden von der polnischen Verwaltung mit neuen Namen bedacht; Haren selbst wurde in Maczkow umbenannt. Als die Spuren der Besatzungszeit längst beseitigt waren, schlossen sich die beiden selbstständigen Gemeinden am 01.10.1956 wieder zur Einheitsgemeinde Haren zusammen.</span></p>
<p style="text-align: justify;"><span style="font-size: 12pt;">Schon zehn Jahre nach diesem Zusammenschluss erhielt die Gemeinde Haren am 3. Dezember 1965 die Stadtrechte. Mit der Verwaltungs- und Gebietsreform wurden am 1. März 1974 zwölf Gemeinden mit insgesamt 16.359 Einwohnern zusammengeschlossen. Haren ist heute die viertgrößte Stadt des Emslandes (ca. 22.500 Einwohner) und unterhält aktive Städtepartnerschaften zu drei europäischen Städten: Vlagtwedde (Niederlande), Andrésy (Frankreich) und Miedzyrzecz (Polen).</span></p>
<p style="text-align: justify;"><!--nextpage--></p>
<h5>Wichtige Etappen in der Ortschronik:</h5>
<p style="text-align: justify;"><span style="font-size: 12pt;"><strong> 890</strong> Erste Erwähnung des Ortes Haren in einem Verzeichnis des Klosters Werden/Ruhr</span></p>
<p style="text-align: justify;"><span style="font-size: 12pt;"><strong>1076</strong> Erwerb der Burg Haren durch den Bischof von Münster: „Schlüssel zum Emsland“</span></p>
<p style="text-align: justify;"><span style="font-size: 12pt;"><strong>1178</strong> Bau der Burg Landegge in der Wegeenge zwischen Emsstrom und Bourtanger Moor</span></p>
<p style="text-align: justify;"><span style="font-size: 12pt;"><strong>1400</strong> Haren ist ein bedeutender Ort für die Püntenschifffahrt und besitzt das Marktrecht</span></p>
<p style="text-align: justify;"><span style="font-size: 12pt;"><strong>1530</strong> Teilung des Ortes in Altharen und (Neu) Haren</span></p>
<p style="text-align: justify;"><span style="font-size: 12pt;"><strong>1575</strong> 37 Harener Püntker wohnen im Gerichtsbezirk</span></p>
<p style="text-align: justify;"><span style="font-size: 12pt;"><strong>1695</strong> Errichtung des Herrenhauses Landegge durch Wilhelm Dietrich von Schade</span></p>
<p style="text-align: justify;"><span style="font-size: 12pt;"><strong>1856</strong> Inbetriebnahme der Hannoverschen Westbahn von Rheine nach Emden</span></p>
<p style="text-align: justify;"><span style="font-size: 12pt;"><strong>1875</strong> Gründung des Amisia-Schiffsversicherungsvereins</span></p>
<p style="text-align: justify;"><span style="font-size: 12pt;"><strong>1906</strong> Gründung des Schiffertransportvereins</span></p>
<p style="text-align: justify;"><span style="font-size: 12pt;"><strong>1908</strong> Neubau der St. Martinus-Pfarrkirche</span></p>
<p style="text-align: justify;"><span style="font-size: 12pt;"><strong>1945</strong> Evakuierung Harens</span></p>
<p style="text-align: justify;"><span style="font-size: 12pt;"><strong>1956</strong> Altharen und Haren werden Großgemeinde</span></p>
<p style="text-align: justify;"><span style="font-size: 12pt;"><strong>1965</strong> Verleihung der Stadtrechte</span></p>
<p style="text-align: justify;"><span style="font-size: 12pt;"><strong>1973</strong> Verwaltungs- und Gebietsreform: Kommunale Einheit mit zwölf Gemeinden</span></p>
<p style="text-align: justify;"><a href="http://www.maritimemeile-haren.de/admin/wp-content/uploads/2014/06/100_1.jpg"><img loading="lazy" decoding="async" class="alignnone size-full wp-image-4875" src="http://www.maritimemeile-haren.de/admin/wp-content/uploads/2014/06/100_1.jpg" alt="100_1" width="600" height="420" srcset="http://www.maritimemeile-haren.de/admin/wp-content/uploads/2014/06/100_1.jpg 600w, http://www.maritimemeile-haren.de/admin/wp-content/uploads/2014/06/100_1-300x210.jpg 300w, http://www.maritimemeile-haren.de/admin/wp-content/uploads/2014/06/100_1-330x230.jpg 330w" sizes="(max-width: 600px) 100vw, 600px" /></a></p>
<p><span style="font-size: 10pt;">Haren um 1960 (Vorlage: Sammlung Schifffahrtsmuseum)</span></p>
<p style="text-align: justify;"><!--nextpage--></p>
<p> <a href="http://www.maritimemeile-haren.de/admin/wp-content/uploads/2014/06/Haren_Band_I.pdf"><img loading="lazy" decoding="async" class="alignnone size-full wp-image-4922" src="http://www.maritimemeile-haren.de/admin/wp-content/uploads/2014/06/Haren_Band_I.jpg" alt="Layout 1" width="300" height="424" srcset="http://www.maritimemeile-haren.de/admin/wp-content/uploads/2014/06/Haren_Band_I.jpg 300w, http://www.maritimemeile-haren.de/admin/wp-content/uploads/2014/06/Haren_Band_I-212x300.jpg 212w" sizes="(max-width: 300px) 100vw, 300px" /></a></p>
<p><span style="font-size: 10pt;">Auszug aus Band I</span></p>
<p><a href="http://www.maritimemeile-haren.de/admin/wp-content/uploads/2014/06/Haren_Band_II.pdf"><img loading="lazy" decoding="async" class="alignnone size-full wp-image-4923" src="http://www.maritimemeile-haren.de/admin/wp-content/uploads/2014/06/Haren_Band_II.jpg" alt="Layout 1" width="300" height="410" srcset="http://www.maritimemeile-haren.de/admin/wp-content/uploads/2014/06/Haren_Band_II.jpg 300w, http://www.maritimemeile-haren.de/admin/wp-content/uploads/2014/06/Haren_Band_II-219x300.jpg 219w" sizes="(max-width: 300px) 100vw, 300px" /></a></p>
<p><span style="font-size: 10pt;">Auszug aus Band II</span></p>
<p>&nbsp;</p>
<p>&nbsp;</p>
