{"id":173,"date":"2014-05-20T08:36:22","date_gmt":"2014-05-20T06:36:22","guid":{"rendered":"http:\/\/www.maritimemeile-haren.de\/admin\/?page_id=173"},"modified":"2014-07-08T09:33:34","modified_gmt":"2014-07-08T07:33:34","slug":"139-rolf","status":"publish","type":"page","link":"http:\/\/www.maritimemeile-haren.de\/admin\/139-rolf\/","title":{"rendered":"139 ROLF"},"content":{"rendered":"<p><a href=\"http:\/\/www.maritimemeile-haren.de\/admin\/wp-content\/uploads\/2014\/05\/139_tab.jpg\"><img loading=\"lazy\" decoding=\"async\" class=\"alignnone size-full wp-image-1494\" src=\"http:\/\/www.maritimemeile-haren.de\/admin\/wp-content\/uploads\/2014\/05\/139_tab.jpg\" alt=\"Layout 1\" width=\"600\" height=\"292\" srcset=\"http:\/\/www.maritimemeile-haren.de\/admin\/wp-content\/uploads\/2014\/05\/139_tab.jpg 600w, http:\/\/www.maritimemeile-haren.de\/admin\/wp-content\/uploads\/2014\/05\/139_tab-300x146.jpg 300w\" sizes=\"(max-width: 600px) 100vw, 600px\" \/><\/a><\/p>\n<p><a href=\"http:\/\/www.maritimemeile-haren.de\/admin\/wp-content\/uploads\/2014\/05\/139_Rolf_1.jpg\"><img loading=\"lazy\" decoding=\"async\" class=\"alignnone size-full wp-image-1493\" src=\"http:\/\/www.maritimemeile-haren.de\/admin\/wp-content\/uploads\/2014\/05\/139_Rolf_1.jpg\" alt=\"139_Rolf_1\" width=\"600\" height=\"400\" srcset=\"http:\/\/www.maritimemeile-haren.de\/admin\/wp-content\/uploads\/2014\/05\/139_Rolf_1.jpg 600w, http:\/\/www.maritimemeile-haren.de\/admin\/wp-content\/uploads\/2014\/05\/139_Rolf_1-300x200.jpg 300w\" sizes=\"(max-width: 600px) 100vw, 600px\" \/><\/a><\/p>\n<p><span style=\"font-size: 10pt;\">Rolf<\/span><\/p>\n<h5>Aus der Geschichte:<\/h5>\n<p style=\"text-align: justify;\"><span style=\"font-size: 12pt;\">Kapit\u00e4n Arnold Schepers (geb. 1916) und Kapit\u00e4n Heinrich Schepers (geb. 1922) waren die S\u00f6hne des Schiffers Heinrich Schepers (geb. 1878). Im Krieg hatte die Familie die \u201eHERTA\u201c verloren, so dass die beiden S\u00f6hne als Ersatz auf der Werft Meyer in Papenburg die \u201eROLF\u201c bauen lie\u00dfen. Zur gleichen Zeit wurden auf der Werft die \u201eHERMANN&#8220;, die \u201eFRANZ\u201c und die \u201eKARL\u201c gebaut. Zuerst fuhr das Schiff f\u00fcr die Poseidon Schifffahrtsgesellschaft und wurde sp\u00e4ter haupts\u00e4chlich in der Nord- und Ostseefahrt eingesetzt. Als am 10.04.1955 der Kapit\u00e4n Arnold Schepers starb, wurden seine Frau Anna und seine Kinder Heinz-Hermann und Marianne Miteigent\u00fcmer. 1963 an J. Rohden, Emmerich; 1967 an Onno Hanken, Wangerooge. 1973 wurde die \u201eROLF\u201c nach D\u00e4nemark verkauft und in \u201eDUO\u201c umbenannt. Am 12.09.1981 in der Einfahrt nach San Juan\/Puerto Rico gekentert und gesunken.<\/span><\/p>\n<p style=\"text-align: justify;\"><a href=\"http:\/\/www.maritimemeile-haren.de\/admin\/wp-content\/uploads\/2014\/05\/139_1.jpg\"><img loading=\"lazy\" decoding=\"async\" class=\"alignnone size-full wp-image-2420\" src=\"http:\/\/www.maritimemeile-haren.de\/admin\/wp-content\/uploads\/2014\/05\/139_1.jpg\" alt=\"139_1\" width=\"600\" height=\"373\" srcset=\"http:\/\/www.maritimemeile-haren.de\/admin\/wp-content\/uploads\/2014\/05\/139_1.jpg 600w, http:\/\/www.maritimemeile-haren.de\/admin\/wp-content\/uploads\/2014\/05\/139_1-300x186.jpg 300w\" sizes=\"(max-width: 600px) 100vw, 600px\" \/><\/a><\/p>\n<p style=\"text-align: justify;\"><span style=\"font-size: 10pt;\">ROLF (Foto: Heinrich Schepers)<\/span><\/p>\n<p style=\"text-align: justify;\"><a href=\"http:\/\/www.maritimemeile-haren.de\/admin\/wp-content\/uploads\/2014\/05\/139_2.jpg\"><img loading=\"lazy\" decoding=\"async\" class=\"alignnone size-full wp-image-2421\" src=\"http:\/\/www.maritimemeile-haren.de\/admin\/wp-content\/uploads\/2014\/05\/139_2.jpg\" alt=\"139_2\" width=\"600\" height=\"412\" srcset=\"http:\/\/www.maritimemeile-haren.de\/admin\/wp-content\/uploads\/2014\/05\/139_2.jpg 600w, http:\/\/www.maritimemeile-haren.de\/admin\/wp-content\/uploads\/2014\/05\/139_2-300x206.jpg 300w\" sizes=\"(max-width: 600px) 100vw, 600px\" \/><\/a><\/p>\n<p style=\"text-align: justify;\"><span style=\"font-size: 10pt;\">Familie Rudolf K\u00f6tter um 1908<\/span><br \/>\n<span style=\"font-size: 10pt;\">\u00dcber Generationen waren die Mitglieder\u00a0<\/span><span style=\"font-size: 10pt;\">der Familie K\u00f6tter im Schiffbau t\u00e4tig. <\/span><br \/>\n<span style=\"font-size: 10pt;\">Heinrich Schepers (unt. Reihe rechts) <\/span><br \/>\n<span style=\"font-size: 10pt;\">heiratete Maria K\u00f6tter (unt. Reihe links).<\/span><br \/>\n<span style=\"font-size: 10pt;\">(Foto: Heinrich Schepers)<\/span><\/p>\n<p style=\"text-align: justify;\"><a href=\"http:\/\/www.maritimemeile-haren.de\/admin\/wp-content\/uploads\/2014\/05\/139_3.jpg\"><img loading=\"lazy\" decoding=\"async\" class=\"alignnone size-full wp-image-2422\" src=\"http:\/\/www.maritimemeile-haren.de\/admin\/wp-content\/uploads\/2014\/05\/139_3.jpg\" alt=\"139_3\" width=\"600\" height=\"383\" srcset=\"http:\/\/www.maritimemeile-haren.de\/admin\/wp-content\/uploads\/2014\/05\/139_3.jpg 600w, http:\/\/www.maritimemeile-haren.de\/admin\/wp-content\/uploads\/2014\/05\/139_3-300x191.jpg 300w\" sizes=\"(max-width: 600px) 100vw, 600px\" \/><\/a><\/p>\n<p style=\"text-align: justify;\"><span style=\"font-size: 10pt;\">Steuerhaus der ROLF\u00a0\u00a0 \u00a0<\/span><br \/>\n<span style=\"font-size: 10pt;\">im Steuerhaus: Hermann Esders; 2. v.l.: Heinrich Schepers)<\/span><br \/>\n<span style=\"font-size: 10pt;\">(Foto: Heinrich Schepers)<\/span><\/p>\n<p style=\"text-align: justify;\"><a href=\"http:\/\/www.maritimemeile-haren.de\/admin\/wp-content\/uploads\/2014\/05\/139_10.jpg\"><img loading=\"lazy\" decoding=\"async\" class=\"alignnone size-full wp-image-2463\" src=\"http:\/\/www.maritimemeile-haren.de\/admin\/wp-content\/uploads\/2014\/05\/139_10.jpg\" alt=\"139_10\" width=\"600\" height=\"324\" srcset=\"http:\/\/www.maritimemeile-haren.de\/admin\/wp-content\/uploads\/2014\/05\/139_10.jpg 600w, http:\/\/www.maritimemeile-haren.de\/admin\/wp-content\/uploads\/2014\/05\/139_10-300x162.jpg 300w\" sizes=\"(max-width: 600px) 100vw, 600px\" \/><\/a><\/p>\n<p><span style=\"font-size: 10pt;\">Auf dem Achterdeck der ROLF<\/span><br \/>\n<span style=\"font-size: 10pt;\">l.: Heinrich Schepers<br \/>\n(Foto: Bernhardine Schepers)<\/span><\/p>\n<p style=\"text-align: justify;\"><a href=\"http:\/\/www.maritimemeile-haren.de\/admin\/wp-content\/uploads\/2014\/05\/139_7.jpg\"><img loading=\"lazy\" decoding=\"async\" class=\"alignnone size-full wp-image-2460\" src=\"http:\/\/www.maritimemeile-haren.de\/admin\/wp-content\/uploads\/2014\/05\/139_7.jpg\" alt=\"139_7\" width=\"600\" height=\"225\" srcset=\"http:\/\/www.maritimemeile-haren.de\/admin\/wp-content\/uploads\/2014\/05\/139_7.jpg 600w, http:\/\/www.maritimemeile-haren.de\/admin\/wp-content\/uploads\/2014\/05\/139_7-300x112.jpg 300w\" sizes=\"(max-width: 600px) 100vw, 600px\" \/><\/a><\/p>\n<p style=\"text-align: justify;\"><span style=\"font-size: 10pt;\">ROLF (Foto: FotoFlite inc. Skyfotos)<\/span><\/p>\n<p style=\"text-align: justify;\"><a href=\"http:\/\/www.maritimemeile-haren.de\/admin\/wp-content\/uploads\/2014\/05\/139_8.jpg\"><img loading=\"lazy\" decoding=\"async\" class=\"alignnone size-full wp-image-2461\" src=\"http:\/\/www.maritimemeile-haren.de\/admin\/wp-content\/uploads\/2014\/05\/139_8.jpg\" alt=\"139_8\" width=\"600\" height=\"295\" srcset=\"http:\/\/www.maritimemeile-haren.de\/admin\/wp-content\/uploads\/2014\/05\/139_8.jpg 600w, http:\/\/www.maritimemeile-haren.de\/admin\/wp-content\/uploads\/2014\/05\/139_8-300x147.jpg 300w\" sizes=\"(max-width: 600px) 100vw, 600px\" \/><\/a><\/p>\n<p><span style=\"font-size: 10pt;\">ROLF in Randers, (D\u00e4nemark), Herbst 1957; l.: Heinrich Schepers<\/span><br \/>\n<span style=\"font-size: 10pt;\">(Foto: Rudolf K\u00f6tter)<\/span><\/p>\n<p style=\"text-align: justify;\"><a href=\"http:\/\/www.maritimemeile-haren.de\/admin\/wp-content\/uploads\/2014\/05\/139_9.jpg\"><img loading=\"lazy\" decoding=\"async\" class=\"alignnone size-full wp-image-2462\" src=\"http:\/\/www.maritimemeile-haren.de\/admin\/wp-content\/uploads\/2014\/05\/139_9.jpg\" alt=\"139_9\" width=\"600\" height=\"322\" srcset=\"http:\/\/www.maritimemeile-haren.de\/admin\/wp-content\/uploads\/2014\/05\/139_9.jpg 600w, http:\/\/www.maritimemeile-haren.de\/admin\/wp-content\/uploads\/2014\/05\/139_9-300x161.jpg 300w\" sizes=\"(max-width: 600px) 100vw, 600px\" \/><\/a><\/p>\n<p><span style=\"font-size: 10pt;\">ROLF mit Grubenholz oberhalb der Emsbr\u00fccke<\/span><br \/>\n<span style=\"font-size: 10pt;\"> (Foto: Sammlung Schifffahrtsmuseum)<\/span><\/p>\n","protected":false},"excerpt":{"rendered":"<p>Rolf Aus der Geschichte: Kapit\u00e4n Arnold Schepers (geb. 1916) und Kapit\u00e4n Heinrich Schepers (geb. 1922) waren die S\u00f6hne des Schiffers Heinrich Schepers (geb. 1878). Im Krieg hatte die Familie die&hellip; <\/p>\n","protected":false},"author":1,"featured_media":0,"parent":0,"menu_order":139,"comment_status":"closed","ping_status":"closed","template":"","meta":{"footnotes":""},"_links":{"self":[{"href":"http:\/\/www.maritimemeile-haren.de\/admin\/wp-json\/wp\/v2\/pages\/173"}],"collection":[{"href":"http:\/\/www.maritimemeile-haren.de\/admin\/wp-json\/wp\/v2\/pages"}],"about":[{"href":"http:\/\/www.maritimemeile-haren.de\/admin\/wp-json\/wp\/v2\/types\/page"}],"author":[{"embeddable":true,"href":"http:\/\/www.maritimemeile-haren.de\/admin\/wp-json\/wp\/v2\/users\/1"}],"replies":[{"embeddable":true,"href":"http:\/\/www.maritimemeile-haren.de\/admin\/wp-json\/wp\/v2\/comments?post=173"}],"version-history":[{"count":9,"href":"http:\/\/www.maritimemeile-haren.de\/admin\/wp-json\/wp\/v2\/pages\/173\/revisions"}],"predecessor-version":[{"id":2927,"href":"http:\/\/www.maritimemeile-haren.de\/admin\/wp-json\/wp\/v2\/pages\/173\/revisions\/2927"}],"wp:attachment":[{"href":"http:\/\/www.maritimemeile-haren.de\/admin\/wp-json\/wp\/v2\/media?parent=173"}],"curies":[{"name":"wp","href":"https:\/\/api.w.org\/{rel}","templated":true}]}}

<p><a href="http://www.maritimemeile-haren.de/admin/wp-content/uploads/2014/05/139_tab.jpg"><img loading="lazy" decoding="async" class="alignnone size-full wp-image-1494" src="http://www.maritimemeile-haren.de/admin/wp-content/uploads/2014/05/139_tab.jpg" alt="Layout 1" width="600" height="292" srcset="http://www.maritimemeile-haren.de/admin/wp-content/uploads/2014/05/139_tab.jpg 600w, http://www.maritimemeile-haren.de/admin/wp-content/uploads/2014/05/139_tab-300x146.jpg 300w" sizes="(max-width: 600px) 100vw, 600px" /></a></p>
<p><a href="http://www.maritimemeile-haren.de/admin/wp-content/uploads/2014/05/139_Rolf_1.jpg"><img loading="lazy" decoding="async" class="alignnone size-full wp-image-1493" src="http://www.maritimemeile-haren.de/admin/wp-content/uploads/2014/05/139_Rolf_1.jpg" alt="139_Rolf_1" width="600" height="400" srcset="http://www.maritimemeile-haren.de/admin/wp-content/uploads/2014/05/139_Rolf_1.jpg 600w, http://www.maritimemeile-haren.de/admin/wp-content/uploads/2014/05/139_Rolf_1-300x200.jpg 300w" sizes="(max-width: 600px) 100vw, 600px" /></a></p>
<p><span style="font-size: 10pt;">Rolf</span></p>
<h5>Aus der Geschichte:</h5>
<p style="text-align: justify;"><span style="font-size: 12pt;">Kapitän Arnold Schepers (geb. 1916) und Kapitän Heinrich Schepers (geb. 1922) waren die Söhne des Schiffers Heinrich Schepers (geb. 1878). Im Krieg hatte die Familie die „HERTA“ verloren, so dass die beiden Söhne als Ersatz auf der Werft Meyer in Papenburg die „ROLF“ bauen ließen. Zur gleichen Zeit wurden auf der Werft die „HERMANN&#8220;, die „FRANZ“ und die „KARL“ gebaut. Zuerst fuhr das Schiff für die Poseidon Schifffahrtsgesellschaft und wurde später hauptsächlich in der Nord- und Ostseefahrt eingesetzt. Als am 10.04.1955 der Kapitän Arnold Schepers starb, wurden seine Frau Anna und seine Kinder Heinz-Hermann und Marianne Miteigentümer. 1963 an J. Rohden, Emmerich; 1967 an Onno Hanken, Wangerooge. 1973 wurde die „ROLF“ nach Dänemark verkauft und in „DUO“ umbenannt. Am 12.09.1981 in der Einfahrt nach San Juan/Puerto Rico gekentert und gesunken.</span></p>
<p style="text-align: justify;"><a href="http://www.maritimemeile-haren.de/admin/wp-content/uploads/2014/05/139_1.jpg"><img loading="lazy" decoding="async" class="alignnone size-full wp-image-2420" src="http://www.maritimemeile-haren.de/admin/wp-content/uploads/2014/05/139_1.jpg" alt="139_1" width="600" height="373" srcset="http://www.maritimemeile-haren.de/admin/wp-content/uploads/2014/05/139_1.jpg 600w, http://www.maritimemeile-haren.de/admin/wp-content/uploads/2014/05/139_1-300x186.jpg 300w" sizes="(max-width: 600px) 100vw, 600px" /></a></p>
<p style="text-align: justify;"><span style="font-size: 10pt;">ROLF (Foto: Heinrich Schepers)</span></p>
<p style="text-align: justify;"><a href="http://www.maritimemeile-haren.de/admin/wp-content/uploads/2014/05/139_2.jpg"><img loading="lazy" decoding="async" class="alignnone size-full wp-image-2421" src="http://www.maritimemeile-haren.de/admin/wp-content/uploads/2014/05/139_2.jpg" alt="139_2" width="600" height="412" srcset="http://www.maritimemeile-haren.de/admin/wp-content/uploads/2014/05/139_2.jpg 600w, http://www.maritimemeile-haren.de/admin/wp-content/uploads/2014/05/139_2-300x206.jpg 300w" sizes="(max-width: 600px) 100vw, 600px" /></a></p>
<p style="text-align: justify;"><span style="font-size: 10pt;">Familie Rudolf Kötter um 1908</span><br />
<span style="font-size: 10pt;">Über Generationen waren die Mitglieder </span><span style="font-size: 10pt;">der Familie Kötter im Schiffbau tätig. </span><br />
<span style="font-size: 10pt;">Heinrich Schepers (unt. Reihe rechts) </span><br />
<span style="font-size: 10pt;">heiratete Maria Kötter (unt. Reihe links).</span><br />
<span style="font-size: 10pt;">(Foto: Heinrich Schepers)</span></p>
<p style="text-align: justify;"><a href="http://www.maritimemeile-haren.de/admin/wp-content/uploads/2014/05/139_3.jpg"><img loading="lazy" decoding="async" class="alignnone size-full wp-image-2422" src="http://www.maritimemeile-haren.de/admin/wp-content/uploads/2014/05/139_3.jpg" alt="139_3" width="600" height="383" srcset="http://www.maritimemeile-haren.de/admin/wp-content/uploads/2014/05/139_3.jpg 600w, http://www.maritimemeile-haren.de/admin/wp-content/uploads/2014/05/139_3-300x191.jpg 300w" sizes="(max-width: 600px) 100vw, 600px" /></a></p>
<p style="text-align: justify;"><span style="font-size: 10pt;">Steuerhaus der ROLF    </span><br />
<span style="font-size: 10pt;">im Steuerhaus: Hermann Esders; 2. v.l.: Heinrich Schepers)</span><br />
<span style="font-size: 10pt;">(Foto: Heinrich Schepers)</span></p>
<p style="text-align: justify;"><a href="http://www.maritimemeile-haren.de/admin/wp-content/uploads/2014/05/139_10.jpg"><img loading="lazy" decoding="async" class="alignnone size-full wp-image-2463" src="http://www.maritimemeile-haren.de/admin/wp-content/uploads/2014/05/139_10.jpg" alt="139_10" width="600" height="324" srcset="http://www.maritimemeile-haren.de/admin/wp-content/uploads/2014/05/139_10.jpg 600w, http://www.maritimemeile-haren.de/admin/wp-content/uploads/2014/05/139_10-300x162.jpg 300w" sizes="(max-width: 600px) 100vw, 600px" /></a></p>
<p><span style="font-size: 10pt;">Auf dem Achterdeck der ROLF</span><br />
<span style="font-size: 10pt;">l.: Heinrich Schepers<br />
(Foto: Bernhardine Schepers)</span></p>
<p style="text-align: justify;"><a href="http://www.maritimemeile-haren.de/admin/wp-content/uploads/2014/05/139_7.jpg"><img loading="lazy" decoding="async" class="alignnone size-full wp-image-2460" src="http://www.maritimemeile-haren.de/admin/wp-content/uploads/2014/05/139_7.jpg" alt="139_7" width="600" height="225" srcset="http://www.maritimemeile-haren.de/admin/wp-content/uploads/2014/05/139_7.jpg 600w, http://www.maritimemeile-haren.de/admin/wp-content/uploads/2014/05/139_7-300x112.jpg 300w" sizes="(max-width: 600px) 100vw, 600px" /></a></p>
<p style="text-align: justify;"><span style="font-size: 10pt;">ROLF (Foto: FotoFlite inc. Skyfotos)</span></p>
<p style="text-align: justify;"><a href="http://www.maritimemeile-haren.de/admin/wp-content/uploads/2014/05/139_8.jpg"><img loading="lazy" decoding="async" class="alignnone size-full wp-image-2461" src="http://www.maritimemeile-haren.de/admin/wp-content/uploads/2014/05/139_8.jpg" alt="139_8" width="600" height="295" srcset="http://www.maritimemeile-haren.de/admin/wp-content/uploads/2014/05/139_8.jpg 600w, http://www.maritimemeile-haren.de/admin/wp-content/uploads/2014/05/139_8-300x147.jpg 300w" sizes="(max-width: 600px) 100vw, 600px" /></a></p>
<p><span style="font-size: 10pt;">ROLF in Randers, (Dänemark), Herbst 1957; l.: Heinrich Schepers</span><br />
<span style="font-size: 10pt;">(Foto: Rudolf Kötter)</span></p>
<p style="text-align: justify;"><a href="http://www.maritimemeile-haren.de/admin/wp-content/uploads/2014/05/139_9.jpg"><img loading="lazy" decoding="async" class="alignnone size-full wp-image-2462" src="http://www.maritimemeile-haren.de/admin/wp-content/uploads/2014/05/139_9.jpg" alt="139_9" width="600" height="322" srcset="http://www.maritimemeile-haren.de/admin/wp-content/uploads/2014/05/139_9.jpg 600w, http://www.maritimemeile-haren.de/admin/wp-content/uploads/2014/05/139_9-300x161.jpg 300w" sizes="(max-width: 600px) 100vw, 600px" /></a></p>
<p><span style="font-size: 10pt;">ROLF mit Grubenholz oberhalb der Emsbrücke</span><br />
<span style="font-size: 10pt;"> (Foto: Sammlung Schifffahrtsmuseum)</span></p>

<p>Rolf Aus der Geschichte: Kapitän Arnold Schepers (geb. 1916) und Kapitän Heinrich Schepers (geb. 1922) waren die Söhne des Schiffers Heinrich Schepers (geb. 1878). Im Krieg hatte die Familie die&hellip; </p>
