{"id":181,"date":"2014-05-20T08:38:45","date_gmt":"2014-05-20T06:38:45","guid":{"rendered":"http:\/\/www.maritimemeile-haren.de\/admin\/?page_id=181"},"modified":"2014-08-04T13:56:01","modified_gmt":"2014-08-04T11:56:01","slug":"143-spica-ex-gustav-kaufer","status":"publish","type":"page","link":"http:\/\/www.maritimemeile-haren.de\/admin\/143-spica-ex-gustav-kaufer\/","title":{"rendered":"143 SPICA"},"content":{"rendered":"<p><a href=\"http:\/\/www.maritimemeile-haren.de\/admin\/wp-content\/uploads\/2014\/05\/143_tab.jpg\"><img loading=\"lazy\" decoding=\"async\" class=\"alignnone size-full wp-image-1510\" src=\"http:\/\/www.maritimemeile-haren.de\/admin\/wp-content\/uploads\/2014\/05\/143_tab.jpg\" alt=\"Layout 1\" width=\"600\" height=\"292\" srcset=\"http:\/\/www.maritimemeile-haren.de\/admin\/wp-content\/uploads\/2014\/05\/143_tab.jpg 600w, http:\/\/www.maritimemeile-haren.de\/admin\/wp-content\/uploads\/2014\/05\/143_tab-300x146.jpg 300w\" sizes=\"(max-width: 600px) 100vw, 600px\" \/><\/a><\/p>\n<p><a href=\"http:\/\/www.maritimemeile-haren.de\/admin\/wp-content\/uploads\/2014\/05\/143_Spica_1.jpg\"><img loading=\"lazy\" decoding=\"async\" class=\"alignnone size-full wp-image-1509\" src=\"http:\/\/www.maritimemeile-haren.de\/admin\/wp-content\/uploads\/2014\/05\/143_Spica_1.jpg\" alt=\"143_Spica_1\" width=\"600\" height=\"400\" srcset=\"http:\/\/www.maritimemeile-haren.de\/admin\/wp-content\/uploads\/2014\/05\/143_Spica_1.jpg 600w, http:\/\/www.maritimemeile-haren.de\/admin\/wp-content\/uploads\/2014\/05\/143_Spica_1-300x200.jpg 300w\" sizes=\"(max-width: 600px) 100vw, 600px\" \/><\/a><\/p>\n<p><span style=\"font-size: 10pt;\">Spica<\/span><\/p>\n<h5 style=\"text-align: justify;\">Aus der Geschichte:<\/h5>\n<p style=\"text-align: justify;\"><span style=\"font-size: 12pt;\">Am 1. Januar 1966 \u00fcbernahmen die Gebr\u00fcder Wilhelm und Gerhard Janzen die M.S. Grit-945 Tonnen von Kapit\u00e4n Heinrich K\u00f6tter und nannten das Schiff \u201eSpica\u201c. Gerhard Janzen war als Schiffsf\u00fchrer auf der \u201eGrit\u201c t\u00e4tig. Wilhelm Janzen war bis zu diesem Zeitpunkt in der Seefahrt als Steuermann unterwegs. Wilhelm und Gerhard Janzen hatten schon in der Seefahrt ein paar Jahre zusammen gefahren. Durch den Kontakt mit Heinrich K\u00f6tter wurde der Sprung in die Selbst\u00e4ndigkeit gewagt. Im Jahre 1977 trennte man sich. Gerhard Janzen behielt die \u201eSpica\u201c und Wilhelm Janzen kaufte die \u201eSenator\u201c 845 Tonnen und w\u00e4hlte den Namen \u201eDiana\u201c.<\/span><\/p>\n<p style=\"text-align: justify;\"><span style=\"font-size: 12pt;\">Im Jahre 1984 wurde die \u201eSpica\u201c nach Papenburg verkauft und die \u201eGustav Kaufer\u201c erworben. Auch dieses Schiff erhielt den Namen \u201eSpica\u201c Dieses Schiff war nach dem damaligen Standard mit 2 Lader\u00e4umen und einer starken Maschinenanlage sowie\u00a0\u00a0 versenkbarem Ruderhaus &#8211; Radar \u2013 Autopilot &#8211; und mit 1235 Ladetonnen deutlich gr\u00f6\u00dfer und damit wettbewerbsf\u00e4higer. Auch das Fahrtgebiet wurde erheblich ausgeweitet und umfasste alle wichtigen Binnenschifffahrtsstra\u00dfen Europas.<\/span><\/p>\n<p style=\"text-align: justify;\"><span style=\"font-size: 12pt;\">Nach einem Unfall an Bord wurde 1996 das Schiff zur Donau verkauft und der Schifffahrtsbetrieb aufgegeben. Das Schiff ist bis heute noch als \u201eRubyship IV\u201c auf der Donau in Fahrt.<\/span><\/p>\n<p><a href=\"http:\/\/www.maritimemeile-haren.de\/admin\/wp-content\/uploads\/2014\/05\/143_7.jpg\"><img loading=\"lazy\" decoding=\"async\" class=\"alignnone size-full wp-image-2473\" src=\"http:\/\/www.maritimemeile-haren.de\/admin\/wp-content\/uploads\/2014\/05\/143_7.jpg\" alt=\"143_7\" width=\"600\" height=\"224\" srcset=\"http:\/\/www.maritimemeile-haren.de\/admin\/wp-content\/uploads\/2014\/05\/143_7.jpg 600w, http:\/\/www.maritimemeile-haren.de\/admin\/wp-content\/uploads\/2014\/05\/143_7-300x112.jpg 300w\" sizes=\"(max-width: 600px) 100vw, 600px\" \/><\/a><\/p>\n<p><span style=\"font-size: 10pt;\">SPICA (1943) im neuen Hafen Haren<\/span><br \/>\n<span style=\"font-size: 10pt;\">(Foto: Gerhard Janzen)<\/span><\/p>\n<p><a href=\"http:\/\/www.maritimemeile-haren.de\/admin\/wp-content\/uploads\/2014\/05\/143_1-spica-kl.jpg\"><img loading=\"lazy\" decoding=\"async\" class=\"alignnone size-full wp-image-3885\" src=\"http:\/\/www.maritimemeile-haren.de\/admin\/wp-content\/uploads\/2014\/05\/143_1-spica-kl.jpg\" alt=\"143_1-spica kl\" width=\"600\" height=\"405\" srcset=\"http:\/\/www.maritimemeile-haren.de\/admin\/wp-content\/uploads\/2014\/05\/143_1-spica-kl.jpg 600w, http:\/\/www.maritimemeile-haren.de\/admin\/wp-content\/uploads\/2014\/05\/143_1-spica-kl-300x202.jpg 300w\" sizes=\"(max-width: 600px) 100vw, 600px\" \/><\/a><\/p>\n<p><a href=\"http:\/\/www.maritimemeile-haren.de\/admin\/wp-content\/uploads\/2014\/05\/143_2-spica-kl.jpg\"><img loading=\"lazy\" decoding=\"async\" class=\"alignnone size-full wp-image-3886\" src=\"http:\/\/www.maritimemeile-haren.de\/admin\/wp-content\/uploads\/2014\/05\/143_2-spica-kl.jpg\" alt=\"143_2-spica kl\" width=\"600\" height=\"402\" srcset=\"http:\/\/www.maritimemeile-haren.de\/admin\/wp-content\/uploads\/2014\/05\/143_2-spica-kl.jpg 600w, http:\/\/www.maritimemeile-haren.de\/admin\/wp-content\/uploads\/2014\/05\/143_2-spica-kl-300x201.jpg 300w\" sizes=\"(max-width: 600px) 100vw, 600px\" \/><\/a><\/p>\n<p><a href=\"http:\/\/www.maritimemeile-haren.de\/admin\/wp-content\/uploads\/2014\/05\/143_3-spica_kl.jpg\"><img loading=\"lazy\" decoding=\"async\" class=\"alignnone size-full wp-image-3887\" src=\"http:\/\/www.maritimemeile-haren.de\/admin\/wp-content\/uploads\/2014\/05\/143_3-spica_kl.jpg\" alt=\"143_3-spica_kl\" width=\"600\" height=\"406\" srcset=\"http:\/\/www.maritimemeile-haren.de\/admin\/wp-content\/uploads\/2014\/05\/143_3-spica_kl.jpg 600w, http:\/\/www.maritimemeile-haren.de\/admin\/wp-content\/uploads\/2014\/05\/143_3-spica_kl-300x203.jpg 300w\" sizes=\"(max-width: 600px) 100vw, 600px\" \/><\/a><\/p>\n<p><a href=\"http:\/\/www.maritimemeile-haren.de\/admin\/wp-content\/uploads\/2014\/05\/143_4-spica_kl.jpg\"><img loading=\"lazy\" decoding=\"async\" class=\"alignnone size-full wp-image-3888\" src=\"http:\/\/www.maritimemeile-haren.de\/admin\/wp-content\/uploads\/2014\/05\/143_4-spica_kl.jpg\" alt=\"143_4-spica_kl\" width=\"600\" height=\"399\" srcset=\"http:\/\/www.maritimemeile-haren.de\/admin\/wp-content\/uploads\/2014\/05\/143_4-spica_kl.jpg 600w, http:\/\/www.maritimemeile-haren.de\/admin\/wp-content\/uploads\/2014\/05\/143_4-spica_kl-300x199.jpg 300w\" sizes=\"(max-width: 600px) 100vw, 600px\" \/><\/a><\/p>\n<p><a href=\"http:\/\/www.maritimemeile-haren.de\/admin\/wp-content\/uploads\/2014\/05\/143_5-spica_kl.jpg\"><img loading=\"lazy\" decoding=\"async\" class=\"alignnone size-full wp-image-3889\" src=\"http:\/\/www.maritimemeile-haren.de\/admin\/wp-content\/uploads\/2014\/05\/143_5-spica_kl.jpg\" alt=\"143_5-spica_kl\" width=\"600\" height=\"406\" srcset=\"http:\/\/www.maritimemeile-haren.de\/admin\/wp-content\/uploads\/2014\/05\/143_5-spica_kl.jpg 600w, http:\/\/www.maritimemeile-haren.de\/admin\/wp-content\/uploads\/2014\/05\/143_5-spica_kl-300x203.jpg 300w\" sizes=\"(max-width: 600px) 100vw, 600px\" \/><\/a><\/p>\n<p><a href=\"http:\/\/www.maritimemeile-haren.de\/admin\/wp-content\/uploads\/2014\/05\/143_6-spica_kl.jpg\"><img loading=\"lazy\" decoding=\"async\" class=\"alignnone size-full wp-image-3890\" src=\"http:\/\/www.maritimemeile-haren.de\/admin\/wp-content\/uploads\/2014\/05\/143_6-spica_kl.jpg\" alt=\"143_6-spica_kl\" width=\"600\" height=\"402\" srcset=\"http:\/\/www.maritimemeile-haren.de\/admin\/wp-content\/uploads\/2014\/05\/143_6-spica_kl.jpg 600w, http:\/\/www.maritimemeile-haren.de\/admin\/wp-content\/uploads\/2014\/05\/143_6-spica_kl-300x201.jpg 300w\" sizes=\"(max-width: 600px) 100vw, 600px\" \/><\/a><\/p>\n","protected":false},"excerpt":{"rendered":"<p>Spica Aus der Geschichte: Am 1. Januar 1966 \u00fcbernahmen die Gebr\u00fcder Wilhelm und Gerhard Janzen die M.S. Grit-945 Tonnen von Kapit\u00e4n Heinrich K\u00f6tter und nannten das Schiff \u201eSpica\u201c. Gerhard Janzen&hellip; <\/p>\n","protected":false},"author":1,"featured_media":0,"parent":0,"menu_order":143,"comment_status":"closed","ping_status":"closed","template":"","meta":{"footnotes":""},"_links":{"self":[{"href":"http:\/\/www.maritimemeile-haren.de\/admin\/wp-json\/wp\/v2\/pages\/181"}],"collection":[{"href":"http:\/\/www.maritimemeile-haren.de\/admin\/wp-json\/wp\/v2\/pages"}],"about":[{"href":"http:\/\/www.maritimemeile-haren.de\/admin\/wp-json\/wp\/v2\/types\/page"}],"author":[{"embeddable":true,"href":"http:\/\/www.maritimemeile-haren.de\/admin\/wp-json\/wp\/v2\/users\/1"}],"replies":[{"embeddable":true,"href":"http:\/\/www.maritimemeile-haren.de\/admin\/wp-json\/wp\/v2\/comments?post=181"}],"version-history":[{"count":11,"href":"http:\/\/www.maritimemeile-haren.de\/admin\/wp-json\/wp\/v2\/pages\/181\/revisions"}],"predecessor-version":[{"id":3900,"href":"http:\/\/www.maritimemeile-haren.de\/admin\/wp-json\/wp\/v2\/pages\/181\/revisions\/3900"}],"wp:attachment":[{"href":"http:\/\/www.maritimemeile-haren.de\/admin\/wp-json\/wp\/v2\/media?parent=181"}],"curies":[{"name":"wp","href":"https:\/\/api.w.org\/{rel}","templated":true}]}}

<p><a href="http://www.maritimemeile-haren.de/admin/wp-content/uploads/2014/05/143_tab.jpg"><img loading="lazy" decoding="async" class="alignnone size-full wp-image-1510" src="http://www.maritimemeile-haren.de/admin/wp-content/uploads/2014/05/143_tab.jpg" alt="Layout 1" width="600" height="292" srcset="http://www.maritimemeile-haren.de/admin/wp-content/uploads/2014/05/143_tab.jpg 600w, http://www.maritimemeile-haren.de/admin/wp-content/uploads/2014/05/143_tab-300x146.jpg 300w" sizes="(max-width: 600px) 100vw, 600px" /></a></p>
<p><a href="http://www.maritimemeile-haren.de/admin/wp-content/uploads/2014/05/143_Spica_1.jpg"><img loading="lazy" decoding="async" class="alignnone size-full wp-image-1509" src="http://www.maritimemeile-haren.de/admin/wp-content/uploads/2014/05/143_Spica_1.jpg" alt="143_Spica_1" width="600" height="400" srcset="http://www.maritimemeile-haren.de/admin/wp-content/uploads/2014/05/143_Spica_1.jpg 600w, http://www.maritimemeile-haren.de/admin/wp-content/uploads/2014/05/143_Spica_1-300x200.jpg 300w" sizes="(max-width: 600px) 100vw, 600px" /></a></p>
<p><span style="font-size: 10pt;">Spica</span></p>
<h5 style="text-align: justify;">Aus der Geschichte:</h5>
<p style="text-align: justify;"><span style="font-size: 12pt;">Am 1. Januar 1966 übernahmen die Gebrüder Wilhelm und Gerhard Janzen die M.S. Grit-945 Tonnen von Kapitän Heinrich Kötter und nannten das Schiff „Spica“. Gerhard Janzen war als Schiffsführer auf der „Grit“ tätig. Wilhelm Janzen war bis zu diesem Zeitpunkt in der Seefahrt als Steuermann unterwegs. Wilhelm und Gerhard Janzen hatten schon in der Seefahrt ein paar Jahre zusammen gefahren. Durch den Kontakt mit Heinrich Kötter wurde der Sprung in die Selbständigkeit gewagt. Im Jahre 1977 trennte man sich. Gerhard Janzen behielt die „Spica“ und Wilhelm Janzen kaufte die „Senator“ 845 Tonnen und wählte den Namen „Diana“.</span></p>
<p style="text-align: justify;"><span style="font-size: 12pt;">Im Jahre 1984 wurde die „Spica“ nach Papenburg verkauft und die „Gustav Kaufer“ erworben. Auch dieses Schiff erhielt den Namen „Spica“ Dieses Schiff war nach dem damaligen Standard mit 2 Laderäumen und einer starken Maschinenanlage sowie   versenkbarem Ruderhaus &#8211; Radar – Autopilot &#8211; und mit 1235 Ladetonnen deutlich größer und damit wettbewerbsfähiger. Auch das Fahrtgebiet wurde erheblich ausgeweitet und umfasste alle wichtigen Binnenschifffahrtsstraßen Europas.</span></p>
<p style="text-align: justify;"><span style="font-size: 12pt;">Nach einem Unfall an Bord wurde 1996 das Schiff zur Donau verkauft und der Schifffahrtsbetrieb aufgegeben. Das Schiff ist bis heute noch als „Rubyship IV“ auf der Donau in Fahrt.</span></p>
<p><a href="http://www.maritimemeile-haren.de/admin/wp-content/uploads/2014/05/143_7.jpg"><img loading="lazy" decoding="async" class="alignnone size-full wp-image-2473" src="http://www.maritimemeile-haren.de/admin/wp-content/uploads/2014/05/143_7.jpg" alt="143_7" width="600" height="224" srcset="http://www.maritimemeile-haren.de/admin/wp-content/uploads/2014/05/143_7.jpg 600w, http://www.maritimemeile-haren.de/admin/wp-content/uploads/2014/05/143_7-300x112.jpg 300w" sizes="(max-width: 600px) 100vw, 600px" /></a></p>
<p><span style="font-size: 10pt;">SPICA (1943) im neuen Hafen Haren</span><br />
<span style="font-size: 10pt;">(Foto: Gerhard Janzen)</span></p>
<p><a href="http://www.maritimemeile-haren.de/admin/wp-content/uploads/2014/05/143_1-spica-kl.jpg"><img loading="lazy" decoding="async" class="alignnone size-full wp-image-3885" src="http://www.maritimemeile-haren.de/admin/wp-content/uploads/2014/05/143_1-spica-kl.jpg" alt="143_1-spica kl" width="600" height="405" srcset="http://www.maritimemeile-haren.de/admin/wp-content/uploads/2014/05/143_1-spica-kl.jpg 600w, http://www.maritimemeile-haren.de/admin/wp-content/uploads/2014/05/143_1-spica-kl-300x202.jpg 300w" sizes="(max-width: 600px) 100vw, 600px" /></a></p>
<p><a href="http://www.maritimemeile-haren.de/admin/wp-content/uploads/2014/05/143_2-spica-kl.jpg"><img loading="lazy" decoding="async" class="alignnone size-full wp-image-3886" src="http://www.maritimemeile-haren.de/admin/wp-content/uploads/2014/05/143_2-spica-kl.jpg" alt="143_2-spica kl" width="600" height="402" srcset="http://www.maritimemeile-haren.de/admin/wp-content/uploads/2014/05/143_2-spica-kl.jpg 600w, http://www.maritimemeile-haren.de/admin/wp-content/uploads/2014/05/143_2-spica-kl-300x201.jpg 300w" sizes="(max-width: 600px) 100vw, 600px" /></a></p>
<p><a href="http://www.maritimemeile-haren.de/admin/wp-content/uploads/2014/05/143_3-spica_kl.jpg"><img loading="lazy" decoding="async" class="alignnone size-full wp-image-3887" src="http://www.maritimemeile-haren.de/admin/wp-content/uploads/2014/05/143_3-spica_kl.jpg" alt="143_3-spica_kl" width="600" height="406" srcset="http://www.maritimemeile-haren.de/admin/wp-content/uploads/2014/05/143_3-spica_kl.jpg 600w, http://www.maritimemeile-haren.de/admin/wp-content/uploads/2014/05/143_3-spica_kl-300x203.jpg 300w" sizes="(max-width: 600px) 100vw, 600px" /></a></p>
<p><a href="http://www.maritimemeile-haren.de/admin/wp-content/uploads/2014/05/143_4-spica_kl.jpg"><img loading="lazy" decoding="async" class="alignnone size-full wp-image-3888" src="http://www.maritimemeile-haren.de/admin/wp-content/uploads/2014/05/143_4-spica_kl.jpg" alt="143_4-spica_kl" width="600" height="399" srcset="http://www.maritimemeile-haren.de/admin/wp-content/uploads/2014/05/143_4-spica_kl.jpg 600w, http://www.maritimemeile-haren.de/admin/wp-content/uploads/2014/05/143_4-spica_kl-300x199.jpg 300w" sizes="(max-width: 600px) 100vw, 600px" /></a></p>
<p><a href="http://www.maritimemeile-haren.de/admin/wp-content/uploads/2014/05/143_5-spica_kl.jpg"><img loading="lazy" decoding="async" class="alignnone size-full wp-image-3889" src="http://www.maritimemeile-haren.de/admin/wp-content/uploads/2014/05/143_5-spica_kl.jpg" alt="143_5-spica_kl" width="600" height="406" srcset="http://www.maritimemeile-haren.de/admin/wp-content/uploads/2014/05/143_5-spica_kl.jpg 600w, http://www.maritimemeile-haren.de/admin/wp-content/uploads/2014/05/143_5-spica_kl-300x203.jpg 300w" sizes="(max-width: 600px) 100vw, 600px" /></a></p>
<p><a href="http://www.maritimemeile-haren.de/admin/wp-content/uploads/2014/05/143_6-spica_kl.jpg"><img loading="lazy" decoding="async" class="alignnone size-full wp-image-3890" src="http://www.maritimemeile-haren.de/admin/wp-content/uploads/2014/05/143_6-spica_kl.jpg" alt="143_6-spica_kl" width="600" height="402" srcset="http://www.maritimemeile-haren.de/admin/wp-content/uploads/2014/05/143_6-spica_kl.jpg 600w, http://www.maritimemeile-haren.de/admin/wp-content/uploads/2014/05/143_6-spica_kl-300x201.jpg 300w" sizes="(max-width: 600px) 100vw, 600px" /></a></p>

<p>Spica Aus der Geschichte: Am 1. Januar 1966 übernahmen die Gebrüder Wilhelm und Gerhard Janzen die M.S. Grit-945 Tonnen von Kapitän Heinrich Kötter und nannten das Schiff „Spica“. Gerhard Janzen&hellip; </p>
