{"id":185,"date":"2014-05-20T08:39:56","date_gmt":"2014-05-20T06:39:56","guid":{"rendered":"http:\/\/www.maritimemeile-haren.de\/admin\/?page_id=185"},"modified":"2014-07-11T08:16:15","modified_gmt":"2014-07-11T06:16:15","slug":"145-huberna","status":"publish","type":"page","link":"http:\/\/www.maritimemeile-haren.de\/admin\/145-huberna\/","title":{"rendered":"145 HUBERNA"},"content":{"rendered":"<p><a href=\"http:\/\/www.maritimemeile-haren.de\/admin\/wp-content\/uploads\/2014\/05\/145_tab.jpg\"><img loading=\"lazy\" decoding=\"async\" class=\"alignnone size-full wp-image-1518\" src=\"http:\/\/www.maritimemeile-haren.de\/admin\/wp-content\/uploads\/2014\/05\/145_tab.jpg\" alt=\"Layout 1\" width=\"600\" height=\"292\" srcset=\"http:\/\/www.maritimemeile-haren.de\/admin\/wp-content\/uploads\/2014\/05\/145_tab.jpg 600w, http:\/\/www.maritimemeile-haren.de\/admin\/wp-content\/uploads\/2014\/05\/145_tab-300x146.jpg 300w\" sizes=\"(max-width: 600px) 100vw, 600px\" \/><\/a><\/p>\n<p><a href=\"http:\/\/www.maritimemeile-haren.de\/admin\/wp-content\/uploads\/2014\/05\/145_huberna_1.jpg\"><img loading=\"lazy\" decoding=\"async\" class=\"alignnone size-full wp-image-1517\" src=\"http:\/\/www.maritimemeile-haren.de\/admin\/wp-content\/uploads\/2014\/05\/145_huberna_1.jpg\" alt=\"145_huberna_1\" width=\"600\" height=\"400\" srcset=\"http:\/\/www.maritimemeile-haren.de\/admin\/wp-content\/uploads\/2014\/05\/145_huberna_1.jpg 600w, http:\/\/www.maritimemeile-haren.de\/admin\/wp-content\/uploads\/2014\/05\/145_huberna_1-300x200.jpg 300w\" sizes=\"(max-width: 600px) 100vw, 600px\" \/><\/a><\/p>\n<p><span style=\"font-size: 10pt;\">Huberna<\/span><\/p>\n<h5>Aus der Geschichte:<\/h5>\n<p style=\"text-align: justify;\"><span style=\"font-size: 12pt;\">Die Meppener Tagespost vom 19.08.1967 berichtete: <\/span><br \/>\n<span style=\"font-size: 12pt;\">\u201eSchutzdecker \u201aHUBERNA&#8216; in Berlin getauft. Der 12. August 1967 war f\u00fcr Kapit\u00e4n Hubert Schepers ein gro\u00dfer Tag, konnte er doch sein neues, modernes Schiff in einer Feierstunde zu Wasser lassen. Ehefrau Erna Schepers nahm die Schiffstaufe vor mit den Worten: Ich taufe dich auf den Namen \u201aHUBERNA&#8216; und w\u00fcnsche dir, deinem Kapit\u00e4n und deiner Besatzung allzeit gute Fahrt, volle Fracht und immer einen Fu\u00df Wasser unter dem Kiel.\u201c<\/span><br \/>\n<span style=\"font-size: 12pt;\">1975 wurde das Schiff um 8,8 Meter verl\u00e4ngert, nun 780 tdw. 1979 an Inter Trader Schifffahrts GmbH &amp; Co. KG, umbenannt in \u201eSUN TRADER\u201c. 1983 nach Emden verkauft, umbenannt in \u201eSOL CARRIER\u201c und anschlie\u00dfend an die Wendling Shipping Ltd., Limassol, weiter ver\u00e4u\u00dfert. 1984 erfolgte der Abbruch.<\/span><\/p>\n<p><a href=\"http:\/\/www.maritimemeile-haren.de\/admin\/wp-content\/uploads\/2014\/05\/145_7.jpg\"><img loading=\"lazy\" decoding=\"async\" class=\"alignnone size-full wp-image-2476\" src=\"http:\/\/www.maritimemeile-haren.de\/admin\/wp-content\/uploads\/2014\/05\/145_7.jpg\" alt=\"145_7\" width=\"600\" height=\"226\" srcset=\"http:\/\/www.maritimemeile-haren.de\/admin\/wp-content\/uploads\/2014\/05\/145_7.jpg 600w, http:\/\/www.maritimemeile-haren.de\/admin\/wp-content\/uploads\/2014\/05\/145_7-300x113.jpg 300w\" sizes=\"(max-width: 600px) 100vw, 600px\" \/><\/a><\/p>\n<p><span style=\"font-size: 10pt;\">HUBERNA (Foto: Hubert Schepers)<\/span><\/p>\n<p><a href=\"http:\/\/www.maritimemeile-haren.de\/admin\/wp-content\/uploads\/2014\/05\/145_8.jpg\"><img loading=\"lazy\" decoding=\"async\" class=\"alignnone size-full wp-image-3467\" src=\"http:\/\/www.maritimemeile-haren.de\/admin\/wp-content\/uploads\/2014\/05\/145_8.jpg\" alt=\"145_8\" width=\"600\" height=\"339\" srcset=\"http:\/\/www.maritimemeile-haren.de\/admin\/wp-content\/uploads\/2014\/05\/145_8.jpg 600w, http:\/\/www.maritimemeile-haren.de\/admin\/wp-content\/uploads\/2014\/05\/145_8-300x169.jpg 300w\" sizes=\"(max-width: 600px) 100vw, 600px\" \/><\/a><\/p>\n<p><span style=\"font-size: 10pt;\">Die Familien Schepers und Mecklenborg, um 1940\u00a0\u00a0\u00a0 (Foto: Hubert Schepers)<\/span><\/p>\n","protected":false},"excerpt":{"rendered":"<p>Huberna Aus der Geschichte: Die Meppener Tagespost vom 19.08.1967 berichtete: \u201eSchutzdecker \u201aHUBERNA&#8216; in Berlin getauft. Der 12. August 1967 war f\u00fcr Kapit\u00e4n Hubert Schepers ein gro\u00dfer Tag, konnte er doch&hellip; <\/p>\n","protected":false},"author":1,"featured_media":0,"parent":0,"menu_order":145,"comment_status":"closed","ping_status":"closed","template":"","meta":{"footnotes":""},"_links":{"self":[{"href":"http:\/\/www.maritimemeile-haren.de\/admin\/wp-json\/wp\/v2\/pages\/185"}],"collection":[{"href":"http:\/\/www.maritimemeile-haren.de\/admin\/wp-json\/wp\/v2\/pages"}],"about":[{"href":"http:\/\/www.maritimemeile-haren.de\/admin\/wp-json\/wp\/v2\/types\/page"}],"author":[{"embeddable":true,"href":"http:\/\/www.maritimemeile-haren.de\/admin\/wp-json\/wp\/v2\/users\/1"}],"replies":[{"embeddable":true,"href":"http:\/\/www.maritimemeile-haren.de\/admin\/wp-json\/wp\/v2\/comments?post=185"}],"version-history":[{"count":6,"href":"http:\/\/www.maritimemeile-haren.de\/admin\/wp-json\/wp\/v2\/pages\/185\/revisions"}],"predecessor-version":[{"id":3468,"href":"http:\/\/www.maritimemeile-haren.de\/admin\/wp-json\/wp\/v2\/pages\/185\/revisions\/3468"}],"wp:attachment":[{"href":"http:\/\/www.maritimemeile-haren.de\/admin\/wp-json\/wp\/v2\/media?parent=185"}],"curies":[{"name":"wp","href":"https:\/\/api.w.org\/{rel}","templated":true}]}}

<p><a href="http://www.maritimemeile-haren.de/admin/wp-content/uploads/2014/05/145_tab.jpg"><img loading="lazy" decoding="async" class="alignnone size-full wp-image-1518" src="http://www.maritimemeile-haren.de/admin/wp-content/uploads/2014/05/145_tab.jpg" alt="Layout 1" width="600" height="292" srcset="http://www.maritimemeile-haren.de/admin/wp-content/uploads/2014/05/145_tab.jpg 600w, http://www.maritimemeile-haren.de/admin/wp-content/uploads/2014/05/145_tab-300x146.jpg 300w" sizes="(max-width: 600px) 100vw, 600px" /></a></p>
<p><a href="http://www.maritimemeile-haren.de/admin/wp-content/uploads/2014/05/145_huberna_1.jpg"><img loading="lazy" decoding="async" class="alignnone size-full wp-image-1517" src="http://www.maritimemeile-haren.de/admin/wp-content/uploads/2014/05/145_huberna_1.jpg" alt="145_huberna_1" width="600" height="400" srcset="http://www.maritimemeile-haren.de/admin/wp-content/uploads/2014/05/145_huberna_1.jpg 600w, http://www.maritimemeile-haren.de/admin/wp-content/uploads/2014/05/145_huberna_1-300x200.jpg 300w" sizes="(max-width: 600px) 100vw, 600px" /></a></p>
<p><span style="font-size: 10pt;">Huberna</span></p>
<h5>Aus der Geschichte:</h5>
<p style="text-align: justify;"><span style="font-size: 12pt;">Die Meppener Tagespost vom 19.08.1967 berichtete: </span><br />
<span style="font-size: 12pt;">„Schutzdecker ‚HUBERNA&#8216; in Berlin getauft. Der 12. August 1967 war für Kapitän Hubert Schepers ein großer Tag, konnte er doch sein neues, modernes Schiff in einer Feierstunde zu Wasser lassen. Ehefrau Erna Schepers nahm die Schiffstaufe vor mit den Worten: Ich taufe dich auf den Namen ‚HUBERNA&#8216; und wünsche dir, deinem Kapitän und deiner Besatzung allzeit gute Fahrt, volle Fracht und immer einen Fuß Wasser unter dem Kiel.“</span><br />
<span style="font-size: 12pt;">1975 wurde das Schiff um 8,8 Meter verlängert, nun 780 tdw. 1979 an Inter Trader Schifffahrts GmbH &amp; Co. KG, umbenannt in „SUN TRADER“. 1983 nach Emden verkauft, umbenannt in „SOL CARRIER“ und anschließend an die Wendling Shipping Ltd., Limassol, weiter veräußert. 1984 erfolgte der Abbruch.</span></p>
<p><a href="http://www.maritimemeile-haren.de/admin/wp-content/uploads/2014/05/145_7.jpg"><img loading="lazy" decoding="async" class="alignnone size-full wp-image-2476" src="http://www.maritimemeile-haren.de/admin/wp-content/uploads/2014/05/145_7.jpg" alt="145_7" width="600" height="226" srcset="http://www.maritimemeile-haren.de/admin/wp-content/uploads/2014/05/145_7.jpg 600w, http://www.maritimemeile-haren.de/admin/wp-content/uploads/2014/05/145_7-300x113.jpg 300w" sizes="(max-width: 600px) 100vw, 600px" /></a></p>
<p><span style="font-size: 10pt;">HUBERNA (Foto: Hubert Schepers)</span></p>
<p><a href="http://www.maritimemeile-haren.de/admin/wp-content/uploads/2014/05/145_8.jpg"><img loading="lazy" decoding="async" class="alignnone size-full wp-image-3467" src="http://www.maritimemeile-haren.de/admin/wp-content/uploads/2014/05/145_8.jpg" alt="145_8" width="600" height="339" srcset="http://www.maritimemeile-haren.de/admin/wp-content/uploads/2014/05/145_8.jpg 600w, http://www.maritimemeile-haren.de/admin/wp-content/uploads/2014/05/145_8-300x169.jpg 300w" sizes="(max-width: 600px) 100vw, 600px" /></a></p>
<p><span style="font-size: 10pt;">Die Familien Schepers und Mecklenborg, um 1940    (Foto: Hubert Schepers)</span></p>

<p>Huberna Aus der Geschichte: Die Meppener Tagespost vom 19.08.1967 berichtete: „Schutzdecker ‚HUBERNA&#8216; in Berlin getauft. Der 12. August 1967 war für Kapitän Hubert Schepers ein großer Tag, konnte er doch&hellip; </p>
