{"id":211,"date":"2014-05-20T08:50:11","date_gmt":"2014-05-20T06:50:11","guid":{"rendered":"http:\/\/www.maritimemeile-haren.de\/admin\/?page_id=211"},"modified":"2014-07-11T09:03:14","modified_gmt":"2014-07-11T07:03:14","slug":"158-christina","status":"publish","type":"page","link":"http:\/\/www.maritimemeile-haren.de\/admin\/158-christina\/","title":{"rendered":"158 CHRISTINA"},"content":{"rendered":"<p><a href=\"http:\/\/www.maritimemeile-haren.de\/admin\/wp-content\/uploads\/2014\/05\/158_tab.jpg\"><img loading=\"lazy\" decoding=\"async\" class=\"alignnone size-full wp-image-1570\" src=\"http:\/\/www.maritimemeile-haren.de\/admin\/wp-content\/uploads\/2014\/05\/158_tab.jpg\" alt=\"Layout 1\" width=\"600\" height=\"292\" srcset=\"http:\/\/www.maritimemeile-haren.de\/admin\/wp-content\/uploads\/2014\/05\/158_tab.jpg 600w, http:\/\/www.maritimemeile-haren.de\/admin\/wp-content\/uploads\/2014\/05\/158_tab-300x146.jpg 300w\" sizes=\"(max-width: 600px) 100vw, 600px\" \/><\/a><\/p>\n<p><a href=\"http:\/\/www.maritimemeile-haren.de\/admin\/wp-content\/uploads\/2014\/05\/158_Christina_1.jpg\"><img loading=\"lazy\" decoding=\"async\" class=\"alignnone size-full wp-image-1569\" src=\"http:\/\/www.maritimemeile-haren.de\/admin\/wp-content\/uploads\/2014\/05\/158_Christina_1.jpg\" alt=\"158_Christina_1\" width=\"600\" height=\"400\" srcset=\"http:\/\/www.maritimemeile-haren.de\/admin\/wp-content\/uploads\/2014\/05\/158_Christina_1.jpg 600w, http:\/\/www.maritimemeile-haren.de\/admin\/wp-content\/uploads\/2014\/05\/158_Christina_1-300x200.jpg 300w\" sizes=\"(max-width: 600px) 100vw, 600px\" \/><\/a><\/p>\n<p><span style=\"font-size: 10pt;\">Christina<\/span><\/p>\n<h5>Aus der Geschichte:<\/h5>\n<p style=\"text-align: justify;\"><span style=\"font-size: 12pt;\">Im Mai 1953 wurde die \u201eCHRISTINA\u201c von der Travewerft Ebschner &amp; Gabler um 6 Meter verl\u00e4ngert und um 60 cm erh\u00f6ht, nun 246 BRT\/129 NRT\/326 tdw, 38,84 x 6,97 x 2,74 m. Die \u201eCHRISTINA\u201c ist ein Beispiel f\u00fcr zahlreiche andere Harener Motorsegler, die zu K\u00fcstenmotorschiffen ohne Segel umgebaut wurden.<\/span><\/p>\n<p style=\"text-align: justify;\"><span style=\"font-size: 12pt;\">Kapit\u00e4n Franz Held (geb.1893) war von seiner Schulentlassung bis 1928 bei den staatlichen Schleppbetrieben besch\u00e4ftigt. 1928 gab er die \u201eCHRISTINA\u201c bei der niederl\u00e4ndischen Werft in Auftrag. Das Schiff erhielt den Vornamen seiner Mutter. Am 19.06.1934 wurde es in das Seeschiffsregister in Emden eingetragen. 1935 wurde die \u201eCHRISTINA\u201c mit einem neuen Motor von 150 PS ausger\u00fcstet. Das Fahrtgebiet konnte dadurch erheblich er\u00adwei\u00adtert werden.<\/span><\/p>\n<p style=\"text-align: justify;\"><a href=\"http:\/\/www.maritimemeile-haren.de\/admin\/wp-content\/uploads\/2014\/05\/158_1.jpg\"><img loading=\"lazy\" decoding=\"async\" class=\"alignnone size-full wp-image-2577\" src=\"http:\/\/www.maritimemeile-haren.de\/admin\/wp-content\/uploads\/2014\/05\/158_1.jpg\" alt=\"158_1\" width=\"600\" height=\"720\" srcset=\"http:\/\/www.maritimemeile-haren.de\/admin\/wp-content\/uploads\/2014\/05\/158_1.jpg 600w, http:\/\/www.maritimemeile-haren.de\/admin\/wp-content\/uploads\/2014\/05\/158_1-250x300.jpg 250w\" sizes=\"(max-width: 600px) 100vw, 600px\" \/><\/a><\/p>\n<p style=\"text-align: justify;\"><span style=\"font-size: 10pt;\">CHRISTINA unter Segel. <\/span><span style=\"font-size: 10pt;\">r.: Franz und Johann Held<\/span><br \/>\n<span style=\"font-size: 10pt;\"> (Foto: Johann Held)<\/span><\/p>\n<p style=\"text-align: justify;\"><a href=\"http:\/\/www.maritimemeile-haren.de\/admin\/wp-content\/uploads\/2014\/05\/158_3.jpg\"><img loading=\"lazy\" decoding=\"async\" class=\"alignnone size-full wp-image-2582\" src=\"http:\/\/www.maritimemeile-haren.de\/admin\/wp-content\/uploads\/2014\/05\/158_3.jpg\" alt=\"158_3\" width=\"600\" height=\"807\" srcset=\"http:\/\/www.maritimemeile-haren.de\/admin\/wp-content\/uploads\/2014\/05\/158_3.jpg 600w, http:\/\/www.maritimemeile-haren.de\/admin\/wp-content\/uploads\/2014\/05\/158_3-223x300.jpg 223w\" sizes=\"(max-width: 600px) 100vw, 600px\" \/><\/a><\/p>\n<p style=\"text-align: justify;\"><span style=\"font-size: 10pt;\">Rheinschifferpatent f\u00fcr Franz Held vom 25.07.1929<\/span><br \/>\n<span style=\"font-size: 10pt;\"> (Bildvorlage: Johann Held)<\/span><\/p>\n<p style=\"text-align: justify;\"><span style=\"font-size: 12pt;\">Reisen nach Hamburg, Berlin und Stettin wurden durchgef\u00fchrt. Als das Ende des Krieges sich abzeichnete, wurde die \u201eCHRISTINA\u201c in einem Emsarm bei Borsum durch \u00d6ffnen der Nieten auf Grund gesetzt. Nach dem Krieg diente das Schiff der Familie als Wohnung. 1953 wurde es um 6 Meter verl\u00e4ngert und 60 cm erh\u00f6ht, nun 326 tdw. Drei Jahre sp\u00e4ter erhielt die \u201eCHRISTINA\u201c einen neuen Motor. Im Sommer 1964 an Johann Schepers, umbenannt in \u201eHERM MARGRET\u201c. 1973 an Terenz Hemming, Krefeld. Sp\u00e4ter erfolgte der Abbruch.<\/span><\/p>\n<p style=\"text-align: justify;\"><a href=\"http:\/\/www.maritimemeile-haren.de\/admin\/wp-content\/uploads\/2014\/05\/158_2.jpg\"><img loading=\"lazy\" decoding=\"async\" class=\"alignnone size-full wp-image-2583\" src=\"http:\/\/www.maritimemeile-haren.de\/admin\/wp-content\/uploads\/2014\/05\/158_2.jpg\" alt=\"158_2\" width=\"600\" height=\"418\" srcset=\"http:\/\/www.maritimemeile-haren.de\/admin\/wp-content\/uploads\/2014\/05\/158_2.jpg 600w, http:\/\/www.maritimemeile-haren.de\/admin\/wp-content\/uploads\/2014\/05\/158_2-300x209.jpg 300w, http:\/\/www.maritimemeile-haren.de\/admin\/wp-content\/uploads\/2014\/05\/158_2-330x230.jpg 330w\" sizes=\"(max-width: 600px) 100vw, 600px\" \/><\/a><\/p>\n<p style=\"text-align: justify;\"><span style=\"font-size: 10pt;\">CHRISTINA auf Englandfahrt von den Fordwerken in London nach K\u00f6ln<\/span><br \/>\n<span style=\"font-size: 10pt;\">(Foto: Johann Held)<\/span><\/p>\n<p><a href=\"http:\/\/www.maritimemeile-haren.de\/admin\/wp-content\/uploads\/2014\/05\/158_7.jpg\"><img loading=\"lazy\" decoding=\"async\" class=\"alignnone size-full wp-image-2492\" src=\"http:\/\/www.maritimemeile-haren.de\/admin\/wp-content\/uploads\/2014\/05\/158_7.jpg\" alt=\"158_7\" width=\"600\" height=\"442\" srcset=\"http:\/\/www.maritimemeile-haren.de\/admin\/wp-content\/uploads\/2014\/05\/158_7.jpg 600w, http:\/\/www.maritimemeile-haren.de\/admin\/wp-content\/uploads\/2014\/05\/158_7-300x221.jpg 300w\" sizes=\"(max-width: 600px) 100vw, 600px\" \/><\/a><\/p>\n<p><span style=\"font-size: 10pt;\">Motorsegler CHRISTINA mit X 2346 (Foto: Hermann Lohmann)<\/span><\/p>\n<p><a href=\"http:\/\/www.maritimemeile-haren.de\/admin\/wp-content\/uploads\/2014\/05\/158_8.jpg\"><img loading=\"lazy\" decoding=\"async\" class=\"alignnone size-full wp-image-2493\" src=\"http:\/\/www.maritimemeile-haren.de\/admin\/wp-content\/uploads\/2014\/05\/158_8.jpg\" alt=\"158_8\" width=\"600\" height=\"335\" srcset=\"http:\/\/www.maritimemeile-haren.de\/admin\/wp-content\/uploads\/2014\/05\/158_8.jpg 600w, http:\/\/www.maritimemeile-haren.de\/admin\/wp-content\/uploads\/2014\/05\/158_8-300x167.jpg 300w\" sizes=\"(max-width: 600px) 100vw, 600px\" \/><\/a><\/p>\n<p><span style=\"font-size: 10pt;\">K\u00fcstenmotorschiff CHRISTINA (Foto: Hermann Lohmann)<\/span><\/p>\n<p><a href=\"http:\/\/www.maritimemeile-haren.de\/admin\/wp-content\/uploads\/2014\/05\/158_9.jpg\"><img loading=\"lazy\" decoding=\"async\" class=\"alignnone size-full wp-image-2494\" src=\"http:\/\/www.maritimemeile-haren.de\/admin\/wp-content\/uploads\/2014\/05\/158_9.jpg\" alt=\"158_9\" width=\"600\" height=\"297\" srcset=\"http:\/\/www.maritimemeile-haren.de\/admin\/wp-content\/uploads\/2014\/05\/158_9.jpg 600w, http:\/\/www.maritimemeile-haren.de\/admin\/wp-content\/uploads\/2014\/05\/158_9-300x148.jpg 300w\" sizes=\"(max-width: 600px) 100vw, 600px\" \/><\/a><\/p>\n<p><span style=\"font-size: 10pt;\">K\u00fcstenmotorschiff CHRISTINA (326 t) nach dem Umbau (1953) (Foto: Johann Held)<\/span><\/p>\n<p><a href=\"http:\/\/www.maritimemeile-haren.de\/admin\/wp-content\/uploads\/2014\/05\/158_5.jpg\"><img loading=\"lazy\" decoding=\"async\" class=\"alignnone size-full wp-image-3478\" src=\"http:\/\/www.maritimemeile-haren.de\/admin\/wp-content\/uploads\/2014\/05\/158_5.jpg\" alt=\"158_5\" width=\"600\" height=\"417\" srcset=\"http:\/\/www.maritimemeile-haren.de\/admin\/wp-content\/uploads\/2014\/05\/158_5.jpg 600w, http:\/\/www.maritimemeile-haren.de\/admin\/wp-content\/uploads\/2014\/05\/158_5-300x208.jpg 300w, http:\/\/www.maritimemeile-haren.de\/admin\/wp-content\/uploads\/2014\/05\/158_5-330x230.jpg 330w\" sizes=\"(max-width: 600px) 100vw, 600px\" \/><\/a><\/p>\n<p><span style=\"font-size: 10pt;\">CHRISTINA w\u00e4hrend des Umbaus<\/span><\/p>\n<p><a href=\"http:\/\/www.maritimemeile-haren.de\/admin\/wp-content\/uploads\/2014\/05\/158_4.jpg\"><img loading=\"lazy\" decoding=\"async\" class=\"alignnone size-full wp-image-3479\" src=\"http:\/\/www.maritimemeile-haren.de\/admin\/wp-content\/uploads\/2014\/05\/158_4.jpg\" alt=\"158_4\" width=\"600\" height=\"413\" srcset=\"http:\/\/www.maritimemeile-haren.de\/admin\/wp-content\/uploads\/2014\/05\/158_4.jpg 600w, http:\/\/www.maritimemeile-haren.de\/admin\/wp-content\/uploads\/2014\/05\/158_4-300x206.jpg 300w\" sizes=\"(max-width: 600px) 100vw, 600px\" \/><\/a><\/p>\n<p><span style=\"font-size: 10pt;\">CHRISTINA w\u00e4hrend des Umbaus<\/span><\/p>\n<p><a href=\"http:\/\/www.maritimemeile-haren.de\/admin\/wp-content\/uploads\/2014\/05\/158_31.jpg\"><img loading=\"lazy\" decoding=\"async\" class=\"alignnone size-full wp-image-3480\" src=\"http:\/\/www.maritimemeile-haren.de\/admin\/wp-content\/uploads\/2014\/05\/158_31.jpg\" alt=\"158_3\" width=\"600\" height=\"423\" srcset=\"http:\/\/www.maritimemeile-haren.de\/admin\/wp-content\/uploads\/2014\/05\/158_31.jpg 600w, http:\/\/www.maritimemeile-haren.de\/admin\/wp-content\/uploads\/2014\/05\/158_31-300x211.jpg 300w\" sizes=\"(max-width: 600px) 100vw, 600px\" \/><\/a><\/p>\n<p><span style=\"font-size: 10pt;\">Travewerft Ebschner &amp; Gabler um 1953; links hinten CHRISTINA<\/span><\/p>\n<p><a href=\"http:\/\/www.maritimemeile-haren.de\/admin\/wp-content\/uploads\/2014\/05\/158_13.jpg\"><img loading=\"lazy\" decoding=\"async\" class=\"alignnone size-full wp-image-3482\" src=\"http:\/\/www.maritimemeile-haren.de\/admin\/wp-content\/uploads\/2014\/05\/158_13.jpg\" alt=\"158_13\" width=\"600\" height=\"572\" srcset=\"http:\/\/www.maritimemeile-haren.de\/admin\/wp-content\/uploads\/2014\/05\/158_13.jpg 600w, http:\/\/www.maritimemeile-haren.de\/admin\/wp-content\/uploads\/2014\/05\/158_13-300x286.jpg 300w\" sizes=\"(max-width: 600px) 100vw, 600px\" \/><\/a><\/p>\n<p>&nbsp;<\/p>\n","protected":false},"excerpt":{"rendered":"<p>Christina Aus der Geschichte: Im Mai 1953 wurde die \u201eCHRISTINA\u201c von der Travewerft Ebschner &amp; Gabler um 6 Meter verl\u00e4ngert und um 60 cm erh\u00f6ht, nun 246 BRT\/129 NRT\/326 tdw,&hellip; <\/p>\n","protected":false},"author":1,"featured_media":0,"parent":0,"menu_order":158,"comment_status":"closed","ping_status":"closed","template":"","meta":{"footnotes":""},"_links":{"self":[{"href":"http:\/\/www.maritimemeile-haren.de\/admin\/wp-json\/wp\/v2\/pages\/211"}],"collection":[{"href":"http:\/\/www.maritimemeile-haren.de\/admin\/wp-json\/wp\/v2\/pages"}],"about":[{"href":"http:\/\/www.maritimemeile-haren.de\/admin\/wp-json\/wp\/v2\/types\/page"}],"author":[{"embeddable":true,"href":"http:\/\/www.maritimemeile-haren.de\/admin\/wp-json\/wp\/v2\/users\/1"}],"replies":[{"embeddable":true,"href":"http:\/\/www.maritimemeile-haren.de\/admin\/wp-json\/wp\/v2\/comments?post=211"}],"version-history":[{"count":12,"href":"http:\/\/www.maritimemeile-haren.de\/admin\/wp-json\/wp\/v2\/pages\/211\/revisions"}],"predecessor-version":[{"id":3483,"href":"http:\/\/www.maritimemeile-haren.de\/admin\/wp-json\/wp\/v2\/pages\/211\/revisions\/3483"}],"wp:attachment":[{"href":"http:\/\/www.maritimemeile-haren.de\/admin\/wp-json\/wp\/v2\/media?parent=211"}],"curies":[{"name":"wp","href":"https:\/\/api.w.org\/{rel}","templated":true}]}}

<p><a href="http://www.maritimemeile-haren.de/admin/wp-content/uploads/2014/05/158_tab.jpg"><img loading="lazy" decoding="async" class="alignnone size-full wp-image-1570" src="http://www.maritimemeile-haren.de/admin/wp-content/uploads/2014/05/158_tab.jpg" alt="Layout 1" width="600" height="292" srcset="http://www.maritimemeile-haren.de/admin/wp-content/uploads/2014/05/158_tab.jpg 600w, http://www.maritimemeile-haren.de/admin/wp-content/uploads/2014/05/158_tab-300x146.jpg 300w" sizes="(max-width: 600px) 100vw, 600px" /></a></p>
<p><a href="http://www.maritimemeile-haren.de/admin/wp-content/uploads/2014/05/158_Christina_1.jpg"><img loading="lazy" decoding="async" class="alignnone size-full wp-image-1569" src="http://www.maritimemeile-haren.de/admin/wp-content/uploads/2014/05/158_Christina_1.jpg" alt="158_Christina_1" width="600" height="400" srcset="http://www.maritimemeile-haren.de/admin/wp-content/uploads/2014/05/158_Christina_1.jpg 600w, http://www.maritimemeile-haren.de/admin/wp-content/uploads/2014/05/158_Christina_1-300x200.jpg 300w" sizes="(max-width: 600px) 100vw, 600px" /></a></p>
<p><span style="font-size: 10pt;">Christina</span></p>
<h5>Aus der Geschichte:</h5>
<p style="text-align: justify;"><span style="font-size: 12pt;">Im Mai 1953 wurde die „CHRISTINA“ von der Travewerft Ebschner &amp; Gabler um 6 Meter verlängert und um 60 cm erhöht, nun 246 BRT/129 NRT/326 tdw, 38,84 x 6,97 x 2,74 m. Die „CHRISTINA“ ist ein Beispiel für zahlreiche andere Harener Motorsegler, die zu Küstenmotorschiffen ohne Segel umgebaut wurden.</span></p>
<p style="text-align: justify;"><span style="font-size: 12pt;">Kapitän Franz Held (geb.1893) war von seiner Schulentlassung bis 1928 bei den staatlichen Schleppbetrieben beschäftigt. 1928 gab er die „CHRISTINA“ bei der niederländischen Werft in Auftrag. Das Schiff erhielt den Vornamen seiner Mutter. Am 19.06.1934 wurde es in das Seeschiffsregister in Emden eingetragen. 1935 wurde die „CHRISTINA“ mit einem neuen Motor von 150 PS ausgerüstet. Das Fahrtgebiet konnte dadurch erheblich er­wei­tert werden.</span></p>
<p style="text-align: justify;"><a href="http://www.maritimemeile-haren.de/admin/wp-content/uploads/2014/05/158_1.jpg"><img loading="lazy" decoding="async" class="alignnone size-full wp-image-2577" src="http://www.maritimemeile-haren.de/admin/wp-content/uploads/2014/05/158_1.jpg" alt="158_1" width="600" height="720" srcset="http://www.maritimemeile-haren.de/admin/wp-content/uploads/2014/05/158_1.jpg 600w, http://www.maritimemeile-haren.de/admin/wp-content/uploads/2014/05/158_1-250x300.jpg 250w" sizes="(max-width: 600px) 100vw, 600px" /></a></p>
<p style="text-align: justify;"><span style="font-size: 10pt;">CHRISTINA unter Segel. </span><span style="font-size: 10pt;">r.: Franz und Johann Held</span><br />
<span style="font-size: 10pt;"> (Foto: Johann Held)</span></p>
<p style="text-align: justify;"><a href="http://www.maritimemeile-haren.de/admin/wp-content/uploads/2014/05/158_3.jpg"><img loading="lazy" decoding="async" class="alignnone size-full wp-image-2582" src="http://www.maritimemeile-haren.de/admin/wp-content/uploads/2014/05/158_3.jpg" alt="158_3" width="600" height="807" srcset="http://www.maritimemeile-haren.de/admin/wp-content/uploads/2014/05/158_3.jpg 600w, http://www.maritimemeile-haren.de/admin/wp-content/uploads/2014/05/158_3-223x300.jpg 223w" sizes="(max-width: 600px) 100vw, 600px" /></a></p>
<p style="text-align: justify;"><span style="font-size: 10pt;">Rheinschifferpatent für Franz Held vom 25.07.1929</span><br />
<span style="font-size: 10pt;"> (Bildvorlage: Johann Held)</span></p>
<p style="text-align: justify;"><span style="font-size: 12pt;">Reisen nach Hamburg, Berlin und Stettin wurden durchgeführt. Als das Ende des Krieges sich abzeichnete, wurde die „CHRISTINA“ in einem Emsarm bei Borsum durch Öffnen der Nieten auf Grund gesetzt. Nach dem Krieg diente das Schiff der Familie als Wohnung. 1953 wurde es um 6 Meter verlängert und 60 cm erhöht, nun 326 tdw. Drei Jahre später erhielt die „CHRISTINA“ einen neuen Motor. Im Sommer 1964 an Johann Schepers, umbenannt in „HERM MARGRET“. 1973 an Terenz Hemming, Krefeld. Später erfolgte der Abbruch.</span></p>
<p style="text-align: justify;"><a href="http://www.maritimemeile-haren.de/admin/wp-content/uploads/2014/05/158_2.jpg"><img loading="lazy" decoding="async" class="alignnone size-full wp-image-2583" src="http://www.maritimemeile-haren.de/admin/wp-content/uploads/2014/05/158_2.jpg" alt="158_2" width="600" height="418" srcset="http://www.maritimemeile-haren.de/admin/wp-content/uploads/2014/05/158_2.jpg 600w, http://www.maritimemeile-haren.de/admin/wp-content/uploads/2014/05/158_2-300x209.jpg 300w, http://www.maritimemeile-haren.de/admin/wp-content/uploads/2014/05/158_2-330x230.jpg 330w" sizes="(max-width: 600px) 100vw, 600px" /></a></p>
<p style="text-align: justify;"><span style="font-size: 10pt;">CHRISTINA auf Englandfahrt von den Fordwerken in London nach Köln</span><br />
<span style="font-size: 10pt;">(Foto: Johann Held)</span></p>
<p><a href="http://www.maritimemeile-haren.de/admin/wp-content/uploads/2014/05/158_7.jpg"><img loading="lazy" decoding="async" class="alignnone size-full wp-image-2492" src="http://www.maritimemeile-haren.de/admin/wp-content/uploads/2014/05/158_7.jpg" alt="158_7" width="600" height="442" srcset="http://www.maritimemeile-haren.de/admin/wp-content/uploads/2014/05/158_7.jpg 600w, http://www.maritimemeile-haren.de/admin/wp-content/uploads/2014/05/158_7-300x221.jpg 300w" sizes="(max-width: 600px) 100vw, 600px" /></a></p>
<p><span style="font-size: 10pt;">Motorsegler CHRISTINA mit X 2346 (Foto: Hermann Lohmann)</span></p>
<p><a href="http://www.maritimemeile-haren.de/admin/wp-content/uploads/2014/05/158_8.jpg"><img loading="lazy" decoding="async" class="alignnone size-full wp-image-2493" src="http://www.maritimemeile-haren.de/admin/wp-content/uploads/2014/05/158_8.jpg" alt="158_8" width="600" height="335" srcset="http://www.maritimemeile-haren.de/admin/wp-content/uploads/2014/05/158_8.jpg 600w, http://www.maritimemeile-haren.de/admin/wp-content/uploads/2014/05/158_8-300x167.jpg 300w" sizes="(max-width: 600px) 100vw, 600px" /></a></p>
<p><span style="font-size: 10pt;">Küstenmotorschiff CHRISTINA (Foto: Hermann Lohmann)</span></p>
<p><a href="http://www.maritimemeile-haren.de/admin/wp-content/uploads/2014/05/158_9.jpg"><img loading="lazy" decoding="async" class="alignnone size-full wp-image-2494" src="http://www.maritimemeile-haren.de/admin/wp-content/uploads/2014/05/158_9.jpg" alt="158_9" width="600" height="297" srcset="http://www.maritimemeile-haren.de/admin/wp-content/uploads/2014/05/158_9.jpg 600w, http://www.maritimemeile-haren.de/admin/wp-content/uploads/2014/05/158_9-300x148.jpg 300w" sizes="(max-width: 600px) 100vw, 600px" /></a></p>
<p><span style="font-size: 10pt;">Küstenmotorschiff CHRISTINA (326 t) nach dem Umbau (1953) (Foto: Johann Held)</span></p>
<p><a href="http://www.maritimemeile-haren.de/admin/wp-content/uploads/2014/05/158_5.jpg"><img loading="lazy" decoding="async" class="alignnone size-full wp-image-3478" src="http://www.maritimemeile-haren.de/admin/wp-content/uploads/2014/05/158_5.jpg" alt="158_5" width="600" height="417" srcset="http://www.maritimemeile-haren.de/admin/wp-content/uploads/2014/05/158_5.jpg 600w, http://www.maritimemeile-haren.de/admin/wp-content/uploads/2014/05/158_5-300x208.jpg 300w, http://www.maritimemeile-haren.de/admin/wp-content/uploads/2014/05/158_5-330x230.jpg 330w" sizes="(max-width: 600px) 100vw, 600px" /></a></p>
<p><span style="font-size: 10pt;">CHRISTINA während des Umbaus</span></p>
<p><a href="http://www.maritimemeile-haren.de/admin/wp-content/uploads/2014/05/158_4.jpg"><img loading="lazy" decoding="async" class="alignnone size-full wp-image-3479" src="http://www.maritimemeile-haren.de/admin/wp-content/uploads/2014/05/158_4.jpg" alt="158_4" width="600" height="413" srcset="http://www.maritimemeile-haren.de/admin/wp-content/uploads/2014/05/158_4.jpg 600w, http://www.maritimemeile-haren.de/admin/wp-content/uploads/2014/05/158_4-300x206.jpg 300w" sizes="(max-width: 600px) 100vw, 600px" /></a></p>
<p><span style="font-size: 10pt;">CHRISTINA während des Umbaus</span></p>
<p><a href="http://www.maritimemeile-haren.de/admin/wp-content/uploads/2014/05/158_31.jpg"><img loading="lazy" decoding="async" class="alignnone size-full wp-image-3480" src="http://www.maritimemeile-haren.de/admin/wp-content/uploads/2014/05/158_31.jpg" alt="158_3" width="600" height="423" srcset="http://www.maritimemeile-haren.de/admin/wp-content/uploads/2014/05/158_31.jpg 600w, http://www.maritimemeile-haren.de/admin/wp-content/uploads/2014/05/158_31-300x211.jpg 300w" sizes="(max-width: 600px) 100vw, 600px" /></a></p>
<p><span style="font-size: 10pt;">Travewerft Ebschner &amp; Gabler um 1953; links hinten CHRISTINA</span></p>
<p><a href="http://www.maritimemeile-haren.de/admin/wp-content/uploads/2014/05/158_13.jpg"><img loading="lazy" decoding="async" class="alignnone size-full wp-image-3482" src="http://www.maritimemeile-haren.de/admin/wp-content/uploads/2014/05/158_13.jpg" alt="158_13" width="600" height="572" srcset="http://www.maritimemeile-haren.de/admin/wp-content/uploads/2014/05/158_13.jpg 600w, http://www.maritimemeile-haren.de/admin/wp-content/uploads/2014/05/158_13-300x286.jpg 300w" sizes="(max-width: 600px) 100vw, 600px" /></a></p>
<p>&nbsp;</p>

<p>Christina Aus der Geschichte: Im Mai 1953 wurde die „CHRISTINA“ von der Travewerft Ebschner &amp; Gabler um 6 Meter verlängert und um 60 cm erhöht, nun 246 BRT/129 NRT/326 tdw,&hellip; </p>
