{"id":223,"date":"2014-05-20T08:56:09","date_gmt":"2014-05-20T06:56:09","guid":{"rendered":"http:\/\/www.maritimemeile-haren.de\/admin\/?page_id=223"},"modified":"2014-08-11T13:58:31","modified_gmt":"2014-08-11T11:58:31","slug":"163-hermine","status":"publish","type":"page","link":"http:\/\/www.maritimemeile-haren.de\/admin\/163-hermine\/","title":{"rendered":"163 HERMINE"},"content":{"rendered":"<p><a href=\"http:\/\/www.maritimemeile-haren.de\/admin\/wp-content\/uploads\/2014\/05\/163_tab.jpg\"><img loading=\"lazy\" decoding=\"async\" class=\"alignnone size-full wp-image-1590\" src=\"http:\/\/www.maritimemeile-haren.de\/admin\/wp-content\/uploads\/2014\/05\/163_tab.jpg\" alt=\"Layout 1\" width=\"600\" height=\"292\" srcset=\"http:\/\/www.maritimemeile-haren.de\/admin\/wp-content\/uploads\/2014\/05\/163_tab.jpg 600w, http:\/\/www.maritimemeile-haren.de\/admin\/wp-content\/uploads\/2014\/05\/163_tab-300x146.jpg 300w\" sizes=\"(max-width: 600px) 100vw, 600px\" \/><\/a><\/p>\n<p><a href=\"http:\/\/www.maritimemeile-haren.de\/admin\/wp-content\/uploads\/2014\/05\/163_Hermine_1.jpg\"><img loading=\"lazy\" decoding=\"async\" class=\"alignnone size-full wp-image-1589\" src=\"http:\/\/www.maritimemeile-haren.de\/admin\/wp-content\/uploads\/2014\/05\/163_Hermine_1.jpg\" alt=\"163_Hermine_1\" width=\"600\" height=\"400\" srcset=\"http:\/\/www.maritimemeile-haren.de\/admin\/wp-content\/uploads\/2014\/05\/163_Hermine_1.jpg 600w, http:\/\/www.maritimemeile-haren.de\/admin\/wp-content\/uploads\/2014\/05\/163_Hermine_1-300x200.jpg 300w\" sizes=\"(max-width: 600px) 100vw, 600px\" \/><\/a><\/p>\n<p><span style=\"font-size: 10pt;\">Hermine<\/span><\/p>\n<h5>Aus der Geschichte:<\/h5>\n<p style=\"text-align: justify;\"><span style=\"font-size: 12pt;\">Hermann Kiepe erwarb 1930 aus Waterhuizen einen eisernen Schleppkahn. Er benannte das Schiff aus alter Harener Tradition nach den Anfangsbuchstaben seines Namens und des Namens seiner Frau Maria. Daraus wurde dann \u201eHERMINE\u201c. 1936 lie\u00df er das Schiff auf der Werft Elfring motorisieren und zum K\u00fcstenschiff umbauen. Am 16.09.1936 wurde es ins Seeschiffsregister in Emden eingetragen und verkehrte als Fluss- und Seeschiff vom Rhein bis nach Berlin und Stettin. W\u00e4hrend des Krieges fuhr die \u201eHERMINE\u201c unter den Kapit\u00e4nen Johann und Hermann Kiepe f\u00fcr die Wehrmacht Nachschub und Kriegsger\u00e4te. 1943 wurde das Schiff in Hamburg von einer Bombe getroffen und ging unter. <\/span><\/p>\n<p style=\"text-align: justify;\"><a href=\"http:\/\/www.maritimemeile-haren.de\/admin\/wp-content\/uploads\/2014\/05\/163_1.jpg\"><img loading=\"lazy\" decoding=\"async\" class=\"alignnone size-full wp-image-2607\" src=\"http:\/\/www.maritimemeile-haren.de\/admin\/wp-content\/uploads\/2014\/05\/163_1.jpg\" alt=\"163_1\" width=\"600\" height=\"339\" srcset=\"http:\/\/www.maritimemeile-haren.de\/admin\/wp-content\/uploads\/2014\/05\/163_1.jpg 600w, http:\/\/www.maritimemeile-haren.de\/admin\/wp-content\/uploads\/2014\/05\/163_1-300x169.jpg 300w\" sizes=\"(max-width: 600px) 100vw, 600px\" \/><\/a><\/p>\n<p style=\"text-align: justify;\"><span style=\"font-size: 10pt;\">Hermine (Foto: Hermann Kiepe)<\/span><\/p>\n<p style=\"text-align: justify;\"><span style=\"font-size: 12pt;\">Kapit\u00e4n Johann Kiepe starb bei einem Luftangriff auf Hamburg am 23.06.1943. Das Schiff wurde gehoben und zur Reparatur nach Oldersum gebracht. In den ersten Nachkriegsjahren diente es als Wohnung der Familie Kiepe. Es war in H\u00f6he des Hauses Backs an der alten F\u00e4hre festgemacht. 1947 ging die \u201eHERMINE\u201c wieder in Fahrt. Im Juli 1959 wurde das Schiff um 7 Meter verl\u00e4ngert, nun 260 tdw und mit einem neuen Motor (200 PS) ausger\u00fcstet. Ab 1970 wurde das Schiff von Hermann Kiepe jr. haupts\u00e4chlich in der Wattfahrt eingesetzt. 1986 an H. Osterkamp, Barssel, umbenannt in \u201eCUM DEO\u201c. Im April 1989 in die Niederlande verkauft.<\/span><\/p>\n<p><a href=\"http:\/\/www.maritimemeile-haren.de\/admin\/wp-content\/uploads\/2014\/05\/163_7.jpg\"><img loading=\"lazy\" decoding=\"async\" class=\"alignnone size-full wp-image-2528\" src=\"http:\/\/www.maritimemeile-haren.de\/admin\/wp-content\/uploads\/2014\/05\/163_7.jpg\" alt=\"163_7\" width=\"600\" height=\"606\" srcset=\"http:\/\/www.maritimemeile-haren.de\/admin\/wp-content\/uploads\/2014\/05\/163_7.jpg 600w, http:\/\/www.maritimemeile-haren.de\/admin\/wp-content\/uploads\/2014\/05\/163_7-297x300.jpg 297w, http:\/\/www.maritimemeile-haren.de\/admin\/wp-content\/uploads\/2014\/05\/163_7-144x144.jpg 144w\" sizes=\"(max-width: 600px) 100vw, 600px\" \/><\/a><\/p>\n<p><span style=\"font-size: 10pt;\">HERMINE (Foto: Hans Kiepe)<\/span><\/p>\n<p><a href=\"http:\/\/www.maritimemeile-haren.de\/admin\/wp-content\/uploads\/2014\/05\/163_agustina.jpg\"><img loading=\"lazy\" decoding=\"async\" class=\"alignnone size-full wp-image-3898\" src=\"http:\/\/www.maritimemeile-haren.de\/admin\/wp-content\/uploads\/2014\/05\/163_agustina.jpg\" alt=\"163_agustina\" width=\"600\" height=\"401\" srcset=\"http:\/\/www.maritimemeile-haren.de\/admin\/wp-content\/uploads\/2014\/05\/163_agustina.jpg 600w, http:\/\/www.maritimemeile-haren.de\/admin\/wp-content\/uploads\/2014\/05\/163_agustina-300x200.jpg 300w\" sizes=\"(max-width: 600px) 100vw, 600px\" \/><\/a><\/p>\n<p><span style=\"font-size: 10pt;\">Hermine als Restaurant-Schiff<\/span><\/p>\n","protected":false},"excerpt":{"rendered":"<p>Hermine Aus der Geschichte: Hermann Kiepe erwarb 1930 aus Waterhuizen einen eisernen Schleppkahn. Er benannte das Schiff aus alter Harener Tradition nach den Anfangsbuchstaben seines Namens und des Namens seiner&hellip; <\/p>\n","protected":false},"author":1,"featured_media":0,"parent":0,"menu_order":163,"comment_status":"closed","ping_status":"closed","template":"","meta":{"footnotes":""},"_links":{"self":[{"href":"http:\/\/www.maritimemeile-haren.de\/admin\/wp-json\/wp\/v2\/pages\/223"}],"collection":[{"href":"http:\/\/www.maritimemeile-haren.de\/admin\/wp-json\/wp\/v2\/pages"}],"about":[{"href":"http:\/\/www.maritimemeile-haren.de\/admin\/wp-json\/wp\/v2\/types\/page"}],"author":[{"embeddable":true,"href":"http:\/\/www.maritimemeile-haren.de\/admin\/wp-json\/wp\/v2\/users\/1"}],"replies":[{"embeddable":true,"href":"http:\/\/www.maritimemeile-haren.de\/admin\/wp-json\/wp\/v2\/comments?post=223"}],"version-history":[{"count":9,"href":"http:\/\/www.maritimemeile-haren.de\/admin\/wp-json\/wp\/v2\/pages\/223\/revisions"}],"predecessor-version":[{"id":4077,"href":"http:\/\/www.maritimemeile-haren.de\/admin\/wp-json\/wp\/v2\/pages\/223\/revisions\/4077"}],"wp:attachment":[{"href":"http:\/\/www.maritimemeile-haren.de\/admin\/wp-json\/wp\/v2\/media?parent=223"}],"curies":[{"name":"wp","href":"https:\/\/api.w.org\/{rel}","templated":true}]}}

<p><a href="http://www.maritimemeile-haren.de/admin/wp-content/uploads/2014/05/163_tab.jpg"><img loading="lazy" decoding="async" class="alignnone size-full wp-image-1590" src="http://www.maritimemeile-haren.de/admin/wp-content/uploads/2014/05/163_tab.jpg" alt="Layout 1" width="600" height="292" srcset="http://www.maritimemeile-haren.de/admin/wp-content/uploads/2014/05/163_tab.jpg 600w, http://www.maritimemeile-haren.de/admin/wp-content/uploads/2014/05/163_tab-300x146.jpg 300w" sizes="(max-width: 600px) 100vw, 600px" /></a></p>
<p><a href="http://www.maritimemeile-haren.de/admin/wp-content/uploads/2014/05/163_Hermine_1.jpg"><img loading="lazy" decoding="async" class="alignnone size-full wp-image-1589" src="http://www.maritimemeile-haren.de/admin/wp-content/uploads/2014/05/163_Hermine_1.jpg" alt="163_Hermine_1" width="600" height="400" srcset="http://www.maritimemeile-haren.de/admin/wp-content/uploads/2014/05/163_Hermine_1.jpg 600w, http://www.maritimemeile-haren.de/admin/wp-content/uploads/2014/05/163_Hermine_1-300x200.jpg 300w" sizes="(max-width: 600px) 100vw, 600px" /></a></p>
<p><span style="font-size: 10pt;">Hermine</span></p>
<h5>Aus der Geschichte:</h5>
<p style="text-align: justify;"><span style="font-size: 12pt;">Hermann Kiepe erwarb 1930 aus Waterhuizen einen eisernen Schleppkahn. Er benannte das Schiff aus alter Harener Tradition nach den Anfangsbuchstaben seines Namens und des Namens seiner Frau Maria. Daraus wurde dann „HERMINE“. 1936 ließ er das Schiff auf der Werft Elfring motorisieren und zum Küstenschiff umbauen. Am 16.09.1936 wurde es ins Seeschiffsregister in Emden eingetragen und verkehrte als Fluss- und Seeschiff vom Rhein bis nach Berlin und Stettin. Während des Krieges fuhr die „HERMINE“ unter den Kapitänen Johann und Hermann Kiepe für die Wehrmacht Nachschub und Kriegsgeräte. 1943 wurde das Schiff in Hamburg von einer Bombe getroffen und ging unter. </span></p>
<p style="text-align: justify;"><a href="http://www.maritimemeile-haren.de/admin/wp-content/uploads/2014/05/163_1.jpg"><img loading="lazy" decoding="async" class="alignnone size-full wp-image-2607" src="http://www.maritimemeile-haren.de/admin/wp-content/uploads/2014/05/163_1.jpg" alt="163_1" width="600" height="339" srcset="http://www.maritimemeile-haren.de/admin/wp-content/uploads/2014/05/163_1.jpg 600w, http://www.maritimemeile-haren.de/admin/wp-content/uploads/2014/05/163_1-300x169.jpg 300w" sizes="(max-width: 600px) 100vw, 600px" /></a></p>
<p style="text-align: justify;"><span style="font-size: 10pt;">Hermine (Foto: Hermann Kiepe)</span></p>
<p style="text-align: justify;"><span style="font-size: 12pt;">Kapitän Johann Kiepe starb bei einem Luftangriff auf Hamburg am 23.06.1943. Das Schiff wurde gehoben und zur Reparatur nach Oldersum gebracht. In den ersten Nachkriegsjahren diente es als Wohnung der Familie Kiepe. Es war in Höhe des Hauses Backs an der alten Fähre festgemacht. 1947 ging die „HERMINE“ wieder in Fahrt. Im Juli 1959 wurde das Schiff um 7 Meter verlängert, nun 260 tdw und mit einem neuen Motor (200 PS) ausgerüstet. Ab 1970 wurde das Schiff von Hermann Kiepe jr. hauptsächlich in der Wattfahrt eingesetzt. 1986 an H. Osterkamp, Barssel, umbenannt in „CUM DEO“. Im April 1989 in die Niederlande verkauft.</span></p>
<p><a href="http://www.maritimemeile-haren.de/admin/wp-content/uploads/2014/05/163_7.jpg"><img loading="lazy" decoding="async" class="alignnone size-full wp-image-2528" src="http://www.maritimemeile-haren.de/admin/wp-content/uploads/2014/05/163_7.jpg" alt="163_7" width="600" height="606" srcset="http://www.maritimemeile-haren.de/admin/wp-content/uploads/2014/05/163_7.jpg 600w, http://www.maritimemeile-haren.de/admin/wp-content/uploads/2014/05/163_7-297x300.jpg 297w, http://www.maritimemeile-haren.de/admin/wp-content/uploads/2014/05/163_7-144x144.jpg 144w" sizes="(max-width: 600px) 100vw, 600px" /></a></p>
<p><span style="font-size: 10pt;">HERMINE (Foto: Hans Kiepe)</span></p>
<p><a href="http://www.maritimemeile-haren.de/admin/wp-content/uploads/2014/05/163_agustina.jpg"><img loading="lazy" decoding="async" class="alignnone size-full wp-image-3898" src="http://www.maritimemeile-haren.de/admin/wp-content/uploads/2014/05/163_agustina.jpg" alt="163_agustina" width="600" height="401" srcset="http://www.maritimemeile-haren.de/admin/wp-content/uploads/2014/05/163_agustina.jpg 600w, http://www.maritimemeile-haren.de/admin/wp-content/uploads/2014/05/163_agustina-300x200.jpg 300w" sizes="(max-width: 600px) 100vw, 600px" /></a></p>
<p><span style="font-size: 10pt;">Hermine als Restaurant-Schiff</span></p>
