{"id":239,"date":"2014-05-20T09:01:41","date_gmt":"2014-05-20T07:01:41","guid":{"rendered":"http:\/\/www.maritimemeile-haren.de\/admin\/?page_id=239"},"modified":"2014-07-07T09:17:36","modified_gmt":"2014-07-07T07:17:36","slug":"169-anda","status":"publish","type":"page","link":"http:\/\/www.maritimemeile-haren.de\/admin\/169-anda\/","title":{"rendered":"169 ANDA"},"content":{"rendered":"<p><a href=\"http:\/\/www.maritimemeile-haren.de\/admin\/wp-content\/uploads\/2014\/05\/169_tab.jpg\"><img loading=\"lazy\" decoding=\"async\" class=\"alignnone size-full wp-image-1616\" src=\"http:\/\/www.maritimemeile-haren.de\/admin\/wp-content\/uploads\/2014\/05\/169_tab.jpg\" alt=\"Layout 1\" width=\"600\" height=\"292\" srcset=\"http:\/\/www.maritimemeile-haren.de\/admin\/wp-content\/uploads\/2014\/05\/169_tab.jpg 600w, http:\/\/www.maritimemeile-haren.de\/admin\/wp-content\/uploads\/2014\/05\/169_tab-300x146.jpg 300w\" sizes=\"(max-width: 600px) 100vw, 600px\" \/><\/a><\/p>\n<p><a href=\"http:\/\/www.maritimemeile-haren.de\/admin\/wp-content\/uploads\/2014\/05\/169_Anda_1.jpg\"><img loading=\"lazy\" decoding=\"async\" class=\"alignnone size-full wp-image-1615\" src=\"http:\/\/www.maritimemeile-haren.de\/admin\/wp-content\/uploads\/2014\/05\/169_Anda_1.jpg\" alt=\"169_Anda_1\" width=\"600\" height=\"400\" srcset=\"http:\/\/www.maritimemeile-haren.de\/admin\/wp-content\/uploads\/2014\/05\/169_Anda_1.jpg 600w, http:\/\/www.maritimemeile-haren.de\/admin\/wp-content\/uploads\/2014\/05\/169_Anda_1-300x200.jpg 300w\" sizes=\"(max-width: 600px) 100vw, 600px\" \/><\/a><\/p>\n<p><span style=\"font-size: 10pt;\">Anda<\/span><\/p>\n<h5>Aus der Geschichte:<\/h5>\n<p style=\"text-align: justify;\"><span style=\"font-size: 12pt;\">Im Juni 1980 berichtete die \u00f6rtliche Bremer Presse:<\/span><br \/>\n<span style=\"font-size: 12pt;\">\u201eDieser Einraum Doppelh\u00fcllenfrachter ersetzt die 1967 in Berlin-Spandau erbaute ANDA, die von Kapt. J\u00fcngerhans verkauft wurde. Das 6 Millionen DM teure, eisverst\u00e4rkte Schiff wird f\u00fcr die Mittlere Fahrt ausger\u00fcstet. Die von der Rolandwerft bisher gebauten Rhein-See-K\u00fcmos haben sich im Einsatz au\u00dferordentlich bew\u00e4hrt. Die Besteller sind mit den wirtschaftlichen Erfolgen sehr zufrieden, die Befrachter sch\u00e4tzen die Zuverl\u00e4ssigkeit, den gro\u00dfen ungeteilten und ohne Unterstau zug\u00e4nglichen Laderaum, und die Schiffsf\u00fchrung lobt das ausgezeichnete Seegangsverhalten.\u201c<\/span><\/p>\n<p style=\"text-align: justify;\"><span style=\"font-size: 12pt;\">Das Schiff ging 1991 an die Reederei Manfred Draxl, wurde umbenannt in \u201eANNE\u201c und ist noch in Fahrt.<\/span><\/p>\n<p style=\"text-align: justify;\"><a href=\"http:\/\/www.maritimemeile-haren.de\/admin\/wp-content\/uploads\/2014\/05\/169_1.jpg\"><img loading=\"lazy\" decoding=\"async\" class=\"alignnone size-full wp-image-2627\" src=\"http:\/\/www.maritimemeile-haren.de\/admin\/wp-content\/uploads\/2014\/05\/169_1.jpg\" alt=\"169_1\" width=\"600\" height=\"388\" srcset=\"http:\/\/www.maritimemeile-haren.de\/admin\/wp-content\/uploads\/2014\/05\/169_1.jpg 600w, http:\/\/www.maritimemeile-haren.de\/admin\/wp-content\/uploads\/2014\/05\/169_1-300x194.jpg 300w\" sizes=\"(max-width: 600px) 100vw, 600px\" \/><\/a><\/p>\n<p style=\"text-align: justify;\"><span style=\"font-size: 10pt;\">ANDA (Foto: Horst Winkler, Bremen)<\/span><\/p>\n<p style=\"text-align: justify;\">\n","protected":false},"excerpt":{"rendered":"<p>Anda Aus der Geschichte: Im Juni 1980 berichtete die \u00f6rtliche Bremer Presse: \u201eDieser Einraum Doppelh\u00fcllenfrachter ersetzt die 1967 in Berlin-Spandau erbaute ANDA, die von Kapt. J\u00fcngerhans verkauft wurde. Das 6&hellip; <\/p>\n","protected":false},"author":1,"featured_media":0,"parent":0,"menu_order":169,"comment_status":"closed","ping_status":"closed","template":"","meta":{"footnotes":""},"_links":{"self":[{"href":"http:\/\/www.maritimemeile-haren.de\/admin\/wp-json\/wp\/v2\/pages\/239"}],"collection":[{"href":"http:\/\/www.maritimemeile-haren.de\/admin\/wp-json\/wp\/v2\/pages"}],"about":[{"href":"http:\/\/www.maritimemeile-haren.de\/admin\/wp-json\/wp\/v2\/types\/page"}],"author":[{"embeddable":true,"href":"http:\/\/www.maritimemeile-haren.de\/admin\/wp-json\/wp\/v2\/users\/1"}],"replies":[{"embeddable":true,"href":"http:\/\/www.maritimemeile-haren.de\/admin\/wp-json\/wp\/v2\/comments?post=239"}],"version-history":[{"count":5,"href":"http:\/\/www.maritimemeile-haren.de\/admin\/wp-json\/wp\/v2\/pages\/239\/revisions"}],"predecessor-version":[{"id":2628,"href":"http:\/\/www.maritimemeile-haren.de\/admin\/wp-json\/wp\/v2\/pages\/239\/revisions\/2628"}],"wp:attachment":[{"href":"http:\/\/www.maritimemeile-haren.de\/admin\/wp-json\/wp\/v2\/media?parent=239"}],"curies":[{"name":"wp","href":"https:\/\/api.w.org\/{rel}","templated":true}]}}

<p><a href="http://www.maritimemeile-haren.de/admin/wp-content/uploads/2014/05/169_tab.jpg"><img loading="lazy" decoding="async" class="alignnone size-full wp-image-1616" src="http://www.maritimemeile-haren.de/admin/wp-content/uploads/2014/05/169_tab.jpg" alt="Layout 1" width="600" height="292" srcset="http://www.maritimemeile-haren.de/admin/wp-content/uploads/2014/05/169_tab.jpg 600w, http://www.maritimemeile-haren.de/admin/wp-content/uploads/2014/05/169_tab-300x146.jpg 300w" sizes="(max-width: 600px) 100vw, 600px" /></a></p>
<p><a href="http://www.maritimemeile-haren.de/admin/wp-content/uploads/2014/05/169_Anda_1.jpg"><img loading="lazy" decoding="async" class="alignnone size-full wp-image-1615" src="http://www.maritimemeile-haren.de/admin/wp-content/uploads/2014/05/169_Anda_1.jpg" alt="169_Anda_1" width="600" height="400" srcset="http://www.maritimemeile-haren.de/admin/wp-content/uploads/2014/05/169_Anda_1.jpg 600w, http://www.maritimemeile-haren.de/admin/wp-content/uploads/2014/05/169_Anda_1-300x200.jpg 300w" sizes="(max-width: 600px) 100vw, 600px" /></a></p>
<p><span style="font-size: 10pt;">Anda</span></p>
<h5>Aus der Geschichte:</h5>
<p style="text-align: justify;"><span style="font-size: 12pt;">Im Juni 1980 berichtete die örtliche Bremer Presse:</span><br />
<span style="font-size: 12pt;">„Dieser Einraum Doppelhüllenfrachter ersetzt die 1967 in Berlin-Spandau erbaute ANDA, die von Kapt. Jüngerhans verkauft wurde. Das 6 Millionen DM teure, eisverstärkte Schiff wird für die Mittlere Fahrt ausgerüstet. Die von der Rolandwerft bisher gebauten Rhein-See-Kümos haben sich im Einsatz außerordentlich bewährt. Die Besteller sind mit den wirtschaftlichen Erfolgen sehr zufrieden, die Befrachter schätzen die Zuverlässigkeit, den großen ungeteilten und ohne Unterstau zugänglichen Laderaum, und die Schiffsführung lobt das ausgezeichnete Seegangsverhalten.“</span></p>
<p style="text-align: justify;"><span style="font-size: 12pt;">Das Schiff ging 1991 an die Reederei Manfred Draxl, wurde umbenannt in „ANNE“ und ist noch in Fahrt.</span></p>
<p style="text-align: justify;"><a href="http://www.maritimemeile-haren.de/admin/wp-content/uploads/2014/05/169_1.jpg"><img loading="lazy" decoding="async" class="alignnone size-full wp-image-2627" src="http://www.maritimemeile-haren.de/admin/wp-content/uploads/2014/05/169_1.jpg" alt="169_1" width="600" height="388" srcset="http://www.maritimemeile-haren.de/admin/wp-content/uploads/2014/05/169_1.jpg 600w, http://www.maritimemeile-haren.de/admin/wp-content/uploads/2014/05/169_1-300x194.jpg 300w" sizes="(max-width: 600px) 100vw, 600px" /></a></p>
<p style="text-align: justify;"><span style="font-size: 10pt;">ANDA (Foto: Horst Winkler, Bremen)</span></p>
<p style="text-align: justify;">

<p>Anda Aus der Geschichte: Im Juni 1980 berichtete die örtliche Bremer Presse: „Dieser Einraum Doppelhüllenfrachter ersetzt die 1967 in Berlin-Spandau erbaute ANDA, die von Kapt. Jüngerhans verkauft wurde. Das 6&hellip; </p>
