{"id":249,"date":"2014-05-20T09:04:36","date_gmt":"2014-05-20T07:04:36","guid":{"rendered":"http:\/\/www.maritimemeile-haren.de\/admin\/?page_id=249"},"modified":"2014-07-07T09:48:45","modified_gmt":"2014-07-07T07:48:45","slug":"174-reinhold","status":"publish","type":"page","link":"http:\/\/www.maritimemeile-haren.de\/admin\/174-reinhold\/","title":{"rendered":"174 REINHOLD"},"content":{"rendered":"<p><a href=\"http:\/\/www.maritimemeile-haren.de\/admin\/wp-content\/uploads\/2014\/05\/174_tab.jpg\"><img loading=\"lazy\" decoding=\"async\" class=\"alignnone size-full wp-image-1636\" src=\"http:\/\/www.maritimemeile-haren.de\/admin\/wp-content\/uploads\/2014\/05\/174_tab.jpg\" alt=\"Layout 1\" width=\"600\" height=\"292\" srcset=\"http:\/\/www.maritimemeile-haren.de\/admin\/wp-content\/uploads\/2014\/05\/174_tab.jpg 600w, http:\/\/www.maritimemeile-haren.de\/admin\/wp-content\/uploads\/2014\/05\/174_tab-300x146.jpg 300w\" sizes=\"(max-width: 600px) 100vw, 600px\" \/><\/a><\/p>\n<p><a href=\"http:\/\/www.maritimemeile-haren.de\/admin\/wp-content\/uploads\/2014\/05\/174_Reinhold_1.jpg\"><img loading=\"lazy\" decoding=\"async\" class=\"alignnone size-full wp-image-1635\" src=\"http:\/\/www.maritimemeile-haren.de\/admin\/wp-content\/uploads\/2014\/05\/174_Reinhold_1.jpg\" alt=\"174_Reinhold_1\" width=\"600\" height=\"400\" srcset=\"http:\/\/www.maritimemeile-haren.de\/admin\/wp-content\/uploads\/2014\/05\/174_Reinhold_1.jpg 600w, http:\/\/www.maritimemeile-haren.de\/admin\/wp-content\/uploads\/2014\/05\/174_Reinhold_1-300x200.jpg 300w\" sizes=\"(max-width: 600px) 100vw, 600px\" \/><\/a><\/p>\n<p><span style=\"font-size: 10pt;\">Reinhold<\/span><\/p>\n<h5 style=\"text-align: justify;\">Aus der Geschichte:<\/h5>\n<p style=\"text-align: justify;\"><span style=\"font-size: 12pt;\">Kapit\u00e4n Reinhard Wessels kaufte es 1928 als Schleppschiff und lie\u00df es in das Binnenschiffsregister Duisburg eintragen. Kurz vor dem 2.Weltkrieg wurde es auf der Werft der Gebr.Elfring motorisiert, zu einem Wattschiff umgebaut und danach f\u00fcr den Transport von Kohle und Briketts zu den Ostfriesischen Inseln eingesetzt. Zeitweilig herangezogen f\u00fcr die \u201aOrganisation Todt\u2019 \u00fcberlebte das Schiff den Krieg im Hafen von Emden; Kapit\u00e4n Wessels blieb in all den Wirren an Bord. Seine Familie wusste nichts vom Schicksal der \u201eREINHOLD\u201c und des Vaters, bis dieser zu Fu\u00df von Emden kommend in Haren eintraf. Bis 1946 wurde das Schiff f\u00fcr den Munitionstransport zur Osterems eingesetzt. Nach dem Tod von Kapit\u00e4n Reinhard Wessels wurde seine Witwe Adelheid, geb. Boll 1957 Eigent\u00fcmerin des Schiffes, das wieder als Binnenschiff registriert wurde. Sp\u00e4ter \u00fcbernahm der Schwiegersohn Hermann Bohlen, M\u00fchlendamm die \u201eREINHOLD\u201c.<\/span><\/p>\n<p style=\"text-align: justify;\"><a href=\"http:\/\/www.maritimemeile-haren.de\/admin\/wp-content\/uploads\/2014\/05\/174_1.jpg\"><img loading=\"lazy\" decoding=\"async\" class=\"alignnone size-full wp-image-2644\" src=\"http:\/\/www.maritimemeile-haren.de\/admin\/wp-content\/uploads\/2014\/05\/174_1.jpg\" alt=\"174_1\" width=\"600\" height=\"733\" srcset=\"http:\/\/www.maritimemeile-haren.de\/admin\/wp-content\/uploads\/2014\/05\/174_1.jpg 600w, http:\/\/www.maritimemeile-haren.de\/admin\/wp-content\/uploads\/2014\/05\/174_1-245x300.jpg 245w\" sizes=\"(max-width: 600px) 100vw, 600px\" \/><\/a><\/p>\n<p style=\"text-align: justify;\"><span style=\"font-size: 10pt;\">REINHOLD um 1947 (Foto: Maria Bohlen)<\/span><\/p>\n<p style=\"text-align: justify;\"><a href=\"http:\/\/www.maritimemeile-haren.de\/admin\/wp-content\/uploads\/2014\/05\/174_2.jpg\"><img loading=\"lazy\" decoding=\"async\" class=\"alignnone size-full wp-image-2645\" src=\"http:\/\/www.maritimemeile-haren.de\/admin\/wp-content\/uploads\/2014\/05\/174_2.jpg\" alt=\"174_2\" width=\"600\" height=\"322\" srcset=\"http:\/\/www.maritimemeile-haren.de\/admin\/wp-content\/uploads\/2014\/05\/174_2.jpg 600w, http:\/\/www.maritimemeile-haren.de\/admin\/wp-content\/uploads\/2014\/05\/174_2-300x161.jpg 300w\" sizes=\"(max-width: 600px) 100vw, 600px\" \/><\/a><\/p>\n<p style=\"text-align: justify;\"><span style=\"font-size: 10pt;\">REINHOLD vor dem Umbau (Foto: Maria Bohlen)<\/span><\/p>\n<p><a href=\"http:\/\/www.maritimemeile-haren.de\/admin\/wp-content\/uploads\/2014\/05\/174_7.jpg\"><img loading=\"lazy\" decoding=\"async\" class=\"alignnone size-full wp-image-2548\" src=\"http:\/\/www.maritimemeile-haren.de\/admin\/wp-content\/uploads\/2014\/05\/174_7.jpg\" alt=\"174_7\" width=\"600\" height=\"456\" srcset=\"http:\/\/www.maritimemeile-haren.de\/admin\/wp-content\/uploads\/2014\/05\/174_7.jpg 600w, http:\/\/www.maritimemeile-haren.de\/admin\/wp-content\/uploads\/2014\/05\/174_7-300x228.jpg 300w\" sizes=\"(max-width: 600px) 100vw, 600px\" \/><\/a><\/p>\n<p><span style=\"font-size: 10pt;\">REINHOLD mit liegendem Steuerrad (Foto: Maria Bohlen)<\/span><\/p>\n","protected":false},"excerpt":{"rendered":"<p>Reinhold Aus der Geschichte: Kapit\u00e4n Reinhard Wessels kaufte es 1928 als Schleppschiff und lie\u00df es in das Binnenschiffsregister Duisburg eintragen. Kurz vor dem 2.Weltkrieg wurde es auf der Werft der&hellip; <\/p>\n","protected":false},"author":1,"featured_media":0,"parent":0,"menu_order":174,"comment_status":"closed","ping_status":"closed","template":"","meta":{"footnotes":""},"_links":{"self":[{"href":"http:\/\/www.maritimemeile-haren.de\/admin\/wp-json\/wp\/v2\/pages\/249"}],"collection":[{"href":"http:\/\/www.maritimemeile-haren.de\/admin\/wp-json\/wp\/v2\/pages"}],"about":[{"href":"http:\/\/www.maritimemeile-haren.de\/admin\/wp-json\/wp\/v2\/types\/page"}],"author":[{"embeddable":true,"href":"http:\/\/www.maritimemeile-haren.de\/admin\/wp-json\/wp\/v2\/users\/1"}],"replies":[{"embeddable":true,"href":"http:\/\/www.maritimemeile-haren.de\/admin\/wp-json\/wp\/v2\/comments?post=249"}],"version-history":[{"count":6,"href":"http:\/\/www.maritimemeile-haren.de\/admin\/wp-json\/wp\/v2\/pages\/249\/revisions"}],"predecessor-version":[{"id":2647,"href":"http:\/\/www.maritimemeile-haren.de\/admin\/wp-json\/wp\/v2\/pages\/249\/revisions\/2647"}],"wp:attachment":[{"href":"http:\/\/www.maritimemeile-haren.de\/admin\/wp-json\/wp\/v2\/media?parent=249"}],"curies":[{"name":"wp","href":"https:\/\/api.w.org\/{rel}","templated":true}]}}

<p><a href="http://www.maritimemeile-haren.de/admin/wp-content/uploads/2014/05/174_tab.jpg"><img loading="lazy" decoding="async" class="alignnone size-full wp-image-1636" src="http://www.maritimemeile-haren.de/admin/wp-content/uploads/2014/05/174_tab.jpg" alt="Layout 1" width="600" height="292" srcset="http://www.maritimemeile-haren.de/admin/wp-content/uploads/2014/05/174_tab.jpg 600w, http://www.maritimemeile-haren.de/admin/wp-content/uploads/2014/05/174_tab-300x146.jpg 300w" sizes="(max-width: 600px) 100vw, 600px" /></a></p>
<p><a href="http://www.maritimemeile-haren.de/admin/wp-content/uploads/2014/05/174_Reinhold_1.jpg"><img loading="lazy" decoding="async" class="alignnone size-full wp-image-1635" src="http://www.maritimemeile-haren.de/admin/wp-content/uploads/2014/05/174_Reinhold_1.jpg" alt="174_Reinhold_1" width="600" height="400" srcset="http://www.maritimemeile-haren.de/admin/wp-content/uploads/2014/05/174_Reinhold_1.jpg 600w, http://www.maritimemeile-haren.de/admin/wp-content/uploads/2014/05/174_Reinhold_1-300x200.jpg 300w" sizes="(max-width: 600px) 100vw, 600px" /></a></p>
<p><span style="font-size: 10pt;">Reinhold</span></p>
<h5 style="text-align: justify;">Aus der Geschichte:</h5>
<p style="text-align: justify;"><span style="font-size: 12pt;">Kapitän Reinhard Wessels kaufte es 1928 als Schleppschiff und ließ es in das Binnenschiffsregister Duisburg eintragen. Kurz vor dem 2.Weltkrieg wurde es auf der Werft der Gebr.Elfring motorisiert, zu einem Wattschiff umgebaut und danach für den Transport von Kohle und Briketts zu den Ostfriesischen Inseln eingesetzt. Zeitweilig herangezogen für die ‚Organisation Todt’ überlebte das Schiff den Krieg im Hafen von Emden; Kapitän Wessels blieb in all den Wirren an Bord. Seine Familie wusste nichts vom Schicksal der „REINHOLD“ und des Vaters, bis dieser zu Fuß von Emden kommend in Haren eintraf. Bis 1946 wurde das Schiff für den Munitionstransport zur Osterems eingesetzt. Nach dem Tod von Kapitän Reinhard Wessels wurde seine Witwe Adelheid, geb. Boll 1957 Eigentümerin des Schiffes, das wieder als Binnenschiff registriert wurde. Später übernahm der Schwiegersohn Hermann Bohlen, Mühlendamm die „REINHOLD“.</span></p>
<p style="text-align: justify;"><a href="http://www.maritimemeile-haren.de/admin/wp-content/uploads/2014/05/174_1.jpg"><img loading="lazy" decoding="async" class="alignnone size-full wp-image-2644" src="http://www.maritimemeile-haren.de/admin/wp-content/uploads/2014/05/174_1.jpg" alt="174_1" width="600" height="733" srcset="http://www.maritimemeile-haren.de/admin/wp-content/uploads/2014/05/174_1.jpg 600w, http://www.maritimemeile-haren.de/admin/wp-content/uploads/2014/05/174_1-245x300.jpg 245w" sizes="(max-width: 600px) 100vw, 600px" /></a></p>
<p style="text-align: justify;"><span style="font-size: 10pt;">REINHOLD um 1947 (Foto: Maria Bohlen)</span></p>
<p style="text-align: justify;"><a href="http://www.maritimemeile-haren.de/admin/wp-content/uploads/2014/05/174_2.jpg"><img loading="lazy" decoding="async" class="alignnone size-full wp-image-2645" src="http://www.maritimemeile-haren.de/admin/wp-content/uploads/2014/05/174_2.jpg" alt="174_2" width="600" height="322" srcset="http://www.maritimemeile-haren.de/admin/wp-content/uploads/2014/05/174_2.jpg 600w, http://www.maritimemeile-haren.de/admin/wp-content/uploads/2014/05/174_2-300x161.jpg 300w" sizes="(max-width: 600px) 100vw, 600px" /></a></p>
<p style="text-align: justify;"><span style="font-size: 10pt;">REINHOLD vor dem Umbau (Foto: Maria Bohlen)</span></p>
<p><a href="http://www.maritimemeile-haren.de/admin/wp-content/uploads/2014/05/174_7.jpg"><img loading="lazy" decoding="async" class="alignnone size-full wp-image-2548" src="http://www.maritimemeile-haren.de/admin/wp-content/uploads/2014/05/174_7.jpg" alt="174_7" width="600" height="456" srcset="http://www.maritimemeile-haren.de/admin/wp-content/uploads/2014/05/174_7.jpg 600w, http://www.maritimemeile-haren.de/admin/wp-content/uploads/2014/05/174_7-300x228.jpg 300w" sizes="(max-width: 600px) 100vw, 600px" /></a></p>
<p><span style="font-size: 10pt;">REINHOLD mit liegendem Steuerrad (Foto: Maria Bohlen)</span></p>

<p>Reinhold Aus der Geschichte: Kapitän Reinhard Wessels kaufte es 1928 als Schleppschiff und ließ es in das Binnenschiffsregister Duisburg eintragen. Kurz vor dem 2.Weltkrieg wurde es auf der Werft der&hellip; </p>
