{"id":264,"date":"2014-05-20T09:10:21","date_gmt":"2014-05-20T07:10:21","guid":{"rendered":"http:\/\/www.maritimemeile-haren.de\/admin\/?page_id=264"},"modified":"2014-07-07T10:39:01","modified_gmt":"2014-07-07T08:39:01","slug":"181-navaro","status":"publish","type":"page","link":"http:\/\/www.maritimemeile-haren.de\/admin\/181-navaro\/","title":{"rendered":"181 NAVARO"},"content":{"rendered":"<p><a href=\"http:\/\/www.maritimemeile-haren.de\/admin\/wp-content\/uploads\/2014\/05\/181_tab.jpg\"><img loading=\"lazy\" decoding=\"async\" class=\"alignnone size-full wp-image-1664\" src=\"http:\/\/www.maritimemeile-haren.de\/admin\/wp-content\/uploads\/2014\/05\/181_tab.jpg\" alt=\"Layout 1\" width=\"600\" height=\"292\" srcset=\"http:\/\/www.maritimemeile-haren.de\/admin\/wp-content\/uploads\/2014\/05\/181_tab.jpg 600w, http:\/\/www.maritimemeile-haren.de\/admin\/wp-content\/uploads\/2014\/05\/181_tab-300x146.jpg 300w\" sizes=\"(max-width: 600px) 100vw, 600px\" \/><\/a><\/p>\n<p><a href=\"http:\/\/www.maritimemeile-haren.de\/admin\/wp-content\/uploads\/2014\/05\/181_Navaro_1.jpg\"><img loading=\"lazy\" decoding=\"async\" class=\"alignnone size-full wp-image-1663\" src=\"http:\/\/www.maritimemeile-haren.de\/admin\/wp-content\/uploads\/2014\/05\/181_Navaro_1.jpg\" alt=\"181_Navaro_1\" width=\"600\" height=\"336\" srcset=\"http:\/\/www.maritimemeile-haren.de\/admin\/wp-content\/uploads\/2014\/05\/181_Navaro_1.jpg 600w, http:\/\/www.maritimemeile-haren.de\/admin\/wp-content\/uploads\/2014\/05\/181_Navaro_1-300x168.jpg 300w\" sizes=\"(max-width: 600px) 100vw, 600px\" \/><\/a><\/p>\n<p><span style=\"font-size: 10pt;\">Navaro<\/span><\/p>\n<h5>Aus der Geschichte:<\/h5>\n<p style=\"text-align: justify;\"><span style=\"font-size: 12pt;\">Das Ehepaar Erna und Hubert Schepers machte sich zur Silberhochzeit ein Geschenk der besonderen Art: Am Samstag, dem 5.5.1984 um Punkt 12 Uhr taufte Tochter Elke ihr neuestes Schiff auf den Namen \u201eNAVARO\u201c. Nach der \u00dcbergabe Ende Juni ging die Reise nach Archangelsk, wo Paketholz \u00fcbernommen und in den Mittelmeerraum transportiert wurde. Das Schiff mit seinen speziell entwickelten flach gehenden zwei 8-Tonnen-Kr\u00e4nen war f\u00fcr alle Ladungen wie auch f\u00fcr Container und Schwergut, insbesondere aber f\u00fcr Holzprodukte geeignet.<\/span><\/p>\n<p style=\"text-align: justify;\"><span style=\"font-size: 12pt;\">Das Schiff ging 1993 an die Reederei Rudolf Schepers und wurde umbenannt in \u201eSVENDBORG\u201c.<\/span><\/p>\n<p><a href=\"http:\/\/www.maritimemeile-haren.de\/admin\/wp-content\/uploads\/2014\/05\/181_1.jpg\"><img loading=\"lazy\" decoding=\"async\" class=\"alignnone size-full wp-image-2673\" src=\"http:\/\/www.maritimemeile-haren.de\/admin\/wp-content\/uploads\/2014\/05\/181_1.jpg\" alt=\"181_1\" width=\"600\" height=\"374\" srcset=\"http:\/\/www.maritimemeile-haren.de\/admin\/wp-content\/uploads\/2014\/05\/181_1.jpg 600w, http:\/\/www.maritimemeile-haren.de\/admin\/wp-content\/uploads\/2014\/05\/181_1-300x187.jpg 300w\" sizes=\"(max-width: 600px) 100vw, 600px\" \/><\/a><\/p>\n<p><span style=\"font-size: 10pt;\">NAVARO (Foto: FotoFlite incorporating Skyfotos)<\/span><\/p>\n","protected":false},"excerpt":{"rendered":"<p>Navaro Aus der Geschichte: Das Ehepaar Erna und Hubert Schepers machte sich zur Silberhochzeit ein Geschenk der besonderen Art: Am Samstag, dem 5.5.1984 um Punkt 12 Uhr taufte Tochter Elke&hellip; <\/p>\n","protected":false},"author":1,"featured_media":0,"parent":0,"menu_order":181,"comment_status":"closed","ping_status":"closed","template":"","meta":{"footnotes":""},"_links":{"self":[{"href":"http:\/\/www.maritimemeile-haren.de\/admin\/wp-json\/wp\/v2\/pages\/264"}],"collection":[{"href":"http:\/\/www.maritimemeile-haren.de\/admin\/wp-json\/wp\/v2\/pages"}],"about":[{"href":"http:\/\/www.maritimemeile-haren.de\/admin\/wp-json\/wp\/v2\/types\/page"}],"author":[{"embeddable":true,"href":"http:\/\/www.maritimemeile-haren.de\/admin\/wp-json\/wp\/v2\/users\/1"}],"replies":[{"embeddable":true,"href":"http:\/\/www.maritimemeile-haren.de\/admin\/wp-json\/wp\/v2\/comments?post=264"}],"version-history":[{"count":5,"href":"http:\/\/www.maritimemeile-haren.de\/admin\/wp-json\/wp\/v2\/pages\/264\/revisions"}],"predecessor-version":[{"id":2674,"href":"http:\/\/www.maritimemeile-haren.de\/admin\/wp-json\/wp\/v2\/pages\/264\/revisions\/2674"}],"wp:attachment":[{"href":"http:\/\/www.maritimemeile-haren.de\/admin\/wp-json\/wp\/v2\/media?parent=264"}],"curies":[{"name":"wp","href":"https:\/\/api.w.org\/{rel}","templated":true}]}}

<p><a href="http://www.maritimemeile-haren.de/admin/wp-content/uploads/2014/05/181_tab.jpg"><img loading="lazy" decoding="async" class="alignnone size-full wp-image-1664" src="http://www.maritimemeile-haren.de/admin/wp-content/uploads/2014/05/181_tab.jpg" alt="Layout 1" width="600" height="292" srcset="http://www.maritimemeile-haren.de/admin/wp-content/uploads/2014/05/181_tab.jpg 600w, http://www.maritimemeile-haren.de/admin/wp-content/uploads/2014/05/181_tab-300x146.jpg 300w" sizes="(max-width: 600px) 100vw, 600px" /></a></p>
<p><a href="http://www.maritimemeile-haren.de/admin/wp-content/uploads/2014/05/181_Navaro_1.jpg"><img loading="lazy" decoding="async" class="alignnone size-full wp-image-1663" src="http://www.maritimemeile-haren.de/admin/wp-content/uploads/2014/05/181_Navaro_1.jpg" alt="181_Navaro_1" width="600" height="336" srcset="http://www.maritimemeile-haren.de/admin/wp-content/uploads/2014/05/181_Navaro_1.jpg 600w, http://www.maritimemeile-haren.de/admin/wp-content/uploads/2014/05/181_Navaro_1-300x168.jpg 300w" sizes="(max-width: 600px) 100vw, 600px" /></a></p>
<p><span style="font-size: 10pt;">Navaro</span></p>
<h5>Aus der Geschichte:</h5>
<p style="text-align: justify;"><span style="font-size: 12pt;">Das Ehepaar Erna und Hubert Schepers machte sich zur Silberhochzeit ein Geschenk der besonderen Art: Am Samstag, dem 5.5.1984 um Punkt 12 Uhr taufte Tochter Elke ihr neuestes Schiff auf den Namen „NAVARO“. Nach der Übergabe Ende Juni ging die Reise nach Archangelsk, wo Paketholz übernommen und in den Mittelmeerraum transportiert wurde. Das Schiff mit seinen speziell entwickelten flach gehenden zwei 8-Tonnen-Kränen war für alle Ladungen wie auch für Container und Schwergut, insbesondere aber für Holzprodukte geeignet.</span></p>
<p style="text-align: justify;"><span style="font-size: 12pt;">Das Schiff ging 1993 an die Reederei Rudolf Schepers und wurde umbenannt in „SVENDBORG“.</span></p>
<p><a href="http://www.maritimemeile-haren.de/admin/wp-content/uploads/2014/05/181_1.jpg"><img loading="lazy" decoding="async" class="alignnone size-full wp-image-2673" src="http://www.maritimemeile-haren.de/admin/wp-content/uploads/2014/05/181_1.jpg" alt="181_1" width="600" height="374" srcset="http://www.maritimemeile-haren.de/admin/wp-content/uploads/2014/05/181_1.jpg 600w, http://www.maritimemeile-haren.de/admin/wp-content/uploads/2014/05/181_1-300x187.jpg 300w" sizes="(max-width: 600px) 100vw, 600px" /></a></p>
<p><span style="font-size: 10pt;">NAVARO (Foto: FotoFlite incorporating Skyfotos)</span></p>
