{"id":292,"date":"2014-05-20T09:17:18","date_gmt":"2014-05-20T07:17:18","guid":{"rendered":"http:\/\/www.maritimemeile-haren.de\/admin\/?page_id=292"},"modified":"2014-07-08T10:35:35","modified_gmt":"2014-07-08T08:35:35","slug":"192-regina","status":"publish","type":"page","link":"http:\/\/www.maritimemeile-haren.de\/admin\/192-regina\/","title":{"rendered":"192 REGINA"},"content":{"rendered":"<p><a href=\"http:\/\/www.maritimemeile-haren.de\/admin\/wp-content\/uploads\/2014\/05\/192_tab.jpg\"><img loading=\"lazy\" decoding=\"async\" class=\"alignnone size-full wp-image-1748\" src=\"http:\/\/www.maritimemeile-haren.de\/admin\/wp-content\/uploads\/2014\/05\/192_tab.jpg\" alt=\"Layout 1\" width=\"600\" height=\"292\" srcset=\"http:\/\/www.maritimemeile-haren.de\/admin\/wp-content\/uploads\/2014\/05\/192_tab.jpg 600w, http:\/\/www.maritimemeile-haren.de\/admin\/wp-content\/uploads\/2014\/05\/192_tab-300x146.jpg 300w\" sizes=\"(max-width: 600px) 100vw, 600px\" \/><\/a><\/p>\n<p><a href=\"http:\/\/www.maritimemeile-haren.de\/admin\/wp-content\/uploads\/2014\/05\/192_Regina_1.jpg\"><img loading=\"lazy\" decoding=\"async\" class=\"alignnone size-full wp-image-1747\" src=\"http:\/\/www.maritimemeile-haren.de\/admin\/wp-content\/uploads\/2014\/05\/192_Regina_1.jpg\" alt=\"192_Regina_1\" width=\"600\" height=\"381\" srcset=\"http:\/\/www.maritimemeile-haren.de\/admin\/wp-content\/uploads\/2014\/05\/192_Regina_1.jpg 600w, http:\/\/www.maritimemeile-haren.de\/admin\/wp-content\/uploads\/2014\/05\/192_Regina_1-300x190.jpg 300w\" sizes=\"(max-width: 600px) 100vw, 600px\" \/><\/a><\/p>\n<p><span style=\"font-size: 10pt;\">Regina<\/span><\/p>\n<h5>Aus der Geschichte:<\/h5>\n<p style=\"text-align: justify;\"><span style=\"font-size: 12pt;\">Kapit\u00e4n Heinrich Kiepe (geb.1896) war ein Sohn des P\u00fcntkers Rudolf Kiepe, der bereits w\u00e4hrend des Baus des Dortmund-Ems-Kanals mit f\u00fcnf gemieteten P\u00fcnten in gro\u00dfen Mengen Baumaterialien f\u00fcr den Kanalbau transportierte. 1920 konnte er eine eiserne gedeckte Schute aus Hamburg erwerben. Das Schiff erhielt den Namen \u201eHELENE\u201c. Als Heinrich Kiepe 1928 wie so viele andere Harener Schiffer durch Vermittlung des Kaufmanns Hermann Elfring die Gelegenheit zum Bau eines eigenen Schiffes erhielt, verkaufte er die \u201eHELENE\u201c und lie\u00df sich in Waterhuizen die \u201eREGINA\u201c bauen.<\/span><\/p>\n<p style=\"text-align: justify;\"><a href=\"http:\/\/www.maritimemeile-haren.de\/admin\/wp-content\/uploads\/2014\/05\/192_1.jpg\"><img loading=\"lazy\" decoding=\"async\" class=\"alignnone size-full wp-image-2699\" src=\"http:\/\/www.maritimemeile-haren.de\/admin\/wp-content\/uploads\/2014\/05\/192_1.jpg\" alt=\"192_1\" width=\"600\" height=\"399\" srcset=\"http:\/\/www.maritimemeile-haren.de\/admin\/wp-content\/uploads\/2014\/05\/192_1.jpg 600w, http:\/\/www.maritimemeile-haren.de\/admin\/wp-content\/uploads\/2014\/05\/192_1-300x199.jpg 300w\" sizes=\"(max-width: 600px) 100vw, 600px\" \/><\/a><\/p>\n<p style=\"text-align: justify;\"><span style=\"font-size: 10pt;\">Motorsegler REGINA\u00a0<span style=\"font-size: 10pt;\">(Foto: Heinrich Kiepe)<\/span><\/span><\/p>\n<p style=\"text-align: justify;\"><a href=\"http:\/\/www.maritimemeile-haren.de\/admin\/wp-content\/uploads\/2014\/05\/192_2.jpg\"><img loading=\"lazy\" decoding=\"async\" class=\"alignnone size-full wp-image-2700\" src=\"http:\/\/www.maritimemeile-haren.de\/admin\/wp-content\/uploads\/2014\/05\/192_2.jpg\" alt=\"192_2\" width=\"600\" height=\"395\" srcset=\"http:\/\/www.maritimemeile-haren.de\/admin\/wp-content\/uploads\/2014\/05\/192_2.jpg 600w, http:\/\/www.maritimemeile-haren.de\/admin\/wp-content\/uploads\/2014\/05\/192_2-300x197.jpg 300w\" sizes=\"(max-width: 600px) 100vw, 600px\" \/><\/a><\/p>\n<p><span style=\"font-size: 10pt;\">REGINA als X Schiff Heinrich Kiepe mit seinem Sohn Heinrich<\/span><br \/>\n<span style=\"font-size: 10pt;\">(Foto: Heinrich Kiepe)<\/span><\/p>\n<p style=\"text-align: justify;\"><a href=\"http:\/\/www.maritimemeile-haren.de\/admin\/wp-content\/uploads\/2014\/05\/192_3.jpg\"><img loading=\"lazy\" decoding=\"async\" class=\"alignnone size-full wp-image-2701\" src=\"http:\/\/www.maritimemeile-haren.de\/admin\/wp-content\/uploads\/2014\/05\/192_3.jpg\" alt=\"192_3\" width=\"600\" height=\"399\" srcset=\"http:\/\/www.maritimemeile-haren.de\/admin\/wp-content\/uploads\/2014\/05\/192_3.jpg 600w, http:\/\/www.maritimemeile-haren.de\/admin\/wp-content\/uploads\/2014\/05\/192_3-300x199.jpg 300w\" sizes=\"(max-width: 600px) 100vw, 600px\" \/><\/a><\/p>\n<p><span style=\"font-size: 10pt;\">REGINA\u00a0 (v.l.: Heinrich und Rudolf Schepers)<\/span><br \/>\n<span style=\"font-size: 10pt;\">(Foto: Heinrich Kiepe)<\/span><\/p>\n<p style=\"text-align: justify;\"><a href=\"http:\/\/www.maritimemeile-haren.de\/admin\/wp-content\/uploads\/2014\/05\/192_4.jpg\"><img loading=\"lazy\" decoding=\"async\" class=\"alignnone size-full wp-image-2702\" src=\"http:\/\/www.maritimemeile-haren.de\/admin\/wp-content\/uploads\/2014\/05\/192_4.jpg\" alt=\"192_4\" width=\"600\" height=\"412\" srcset=\"http:\/\/www.maritimemeile-haren.de\/admin\/wp-content\/uploads\/2014\/05\/192_4.jpg 600w, http:\/\/www.maritimemeile-haren.de\/admin\/wp-content\/uploads\/2014\/05\/192_4-300x206.jpg 300w\" sizes=\"(max-width: 600px) 100vw, 600px\" \/><\/a><\/p>\n<p><span style=\"font-size: 10pt;\">REGINA in der Nordsee (Foto: Hans Thamm)<\/span><\/p>\n<p style=\"text-align: justify;\"><span style=\"font-size: 12pt;\">Das Schiff war mit einem 60 PS starken Dieselmotor ausger\u00fcstet. Am 19.06.1934 erfolgte die Eintragung ins Seeschiffsregister in Emden. Im Sommer 1941 wurde die \u201eREGINA\u201c von der Kriegsmarine beschlagnahmt und f\u00fcr das \u201e Unternehmen Seel\u00f6we\u201c in Vlissingen ausger\u00fcstet. 80 Pioniere mit den entsprechenden Schlauchbooten sollten vom Schiff aus nach England \u00fcbergesetzt werden. Der Plan wurde aber wieder verworfen, so dass die \u201eREGINA\u201c ab September 1940 wieder in freier Fahrt eingesetzt werden konnte.<\/span><\/p>\n<p style=\"text-align: justify;\"><span style=\"font-size: 12pt;\">1950 lie\u00df Heinrich Kiepe das Schiff modernisieren und einen st\u00e4rkeren Motor einbauen. Seine beiden S\u00f6hne Rudolf und Heinrich (geb.1933) erlernten auf der \u201eREGINA\u201c den Seemannsberuf und fuhren sp\u00e4ter auch als Kapit\u00e4ne auf diesem Schiff. 1969 wurde das Schiff aufgelegt und 1970 abgewrackt.<\/span><\/p>\n<p><a href=\"http:\/\/www.maritimemeile-haren.de\/admin\/wp-content\/uploads\/2014\/05\/192_8.jpg\"><img loading=\"lazy\" decoding=\"async\" class=\"alignnone size-full wp-image-2615\" src=\"http:\/\/www.maritimemeile-haren.de\/admin\/wp-content\/uploads\/2014\/05\/192_8.jpg\" alt=\"192_8\" width=\"600\" height=\"344\" srcset=\"http:\/\/www.maritimemeile-haren.de\/admin\/wp-content\/uploads\/2014\/05\/192_8.jpg 600w, http:\/\/www.maritimemeile-haren.de\/admin\/wp-content\/uploads\/2014\/05\/192_8-300x172.jpg 300w\" sizes=\"(max-width: 600px) 100vw, 600px\" \/><\/a><\/p>\n<p><span style=\"font-size: 10pt;\">REGINA (Foto: Magdalene Hanses)<\/span><br \/>\n<span style=\"font-size: 10pt;\">v.l.: Heinrich, Magdalene und Hermann Kiepe<\/span><\/p>\n<p><a href=\"http:\/\/www.maritimemeile-haren.de\/admin\/wp-content\/uploads\/2014\/05\/192_7.jpg\"><img loading=\"lazy\" decoding=\"async\" class=\"alignnone size-full wp-image-2614\" src=\"http:\/\/www.maritimemeile-haren.de\/admin\/wp-content\/uploads\/2014\/05\/192_7.jpg\" alt=\"192_7\" width=\"600\" height=\"342\" srcset=\"http:\/\/www.maritimemeile-haren.de\/admin\/wp-content\/uploads\/2014\/05\/192_7.jpg 600w, http:\/\/www.maritimemeile-haren.de\/admin\/wp-content\/uploads\/2014\/05\/192_7-300x171.jpg 300w\" sizes=\"(max-width: 600px) 100vw, 600px\" \/><\/a><\/p>\n<p><span style=\"font-size: 10pt;\">Motorsegler REGINA im Duisburger Hafen (Foto: Heinrich Kiepe)<\/span><\/p>\n","protected":false},"excerpt":{"rendered":"<p>Regina Aus der Geschichte: Kapit\u00e4n Heinrich Kiepe (geb.1896) war ein Sohn des P\u00fcntkers Rudolf Kiepe, der bereits w\u00e4hrend des Baus des Dortmund-Ems-Kanals mit f\u00fcnf gemieteten P\u00fcnten in gro\u00dfen Mengen Baumaterialien&hellip; <\/p>\n","protected":false},"author":1,"featured_media":0,"parent":0,"menu_order":192,"comment_status":"closed","ping_status":"closed","template":"","meta":{"footnotes":""},"_links":{"self":[{"href":"http:\/\/www.maritimemeile-haren.de\/admin\/wp-json\/wp\/v2\/pages\/292"}],"collection":[{"href":"http:\/\/www.maritimemeile-haren.de\/admin\/wp-json\/wp\/v2\/pages"}],"about":[{"href":"http:\/\/www.maritimemeile-haren.de\/admin\/wp-json\/wp\/v2\/types\/page"}],"author":[{"embeddable":true,"href":"http:\/\/www.maritimemeile-haren.de\/admin\/wp-json\/wp\/v2\/users\/1"}],"replies":[{"embeddable":true,"href":"http:\/\/www.maritimemeile-haren.de\/admin\/wp-json\/wp\/v2\/comments?post=292"}],"version-history":[{"count":7,"href":"http:\/\/www.maritimemeile-haren.de\/admin\/wp-json\/wp\/v2\/pages\/292\/revisions"}],"predecessor-version":[{"id":2967,"href":"http:\/\/www.maritimemeile-haren.de\/admin\/wp-json\/wp\/v2\/pages\/292\/revisions\/2967"}],"wp:attachment":[{"href":"http:\/\/www.maritimemeile-haren.de\/admin\/wp-json\/wp\/v2\/media?parent=292"}],"curies":[{"name":"wp","href":"https:\/\/api.w.org\/{rel}","templated":true}]}}

<p><a href="http://www.maritimemeile-haren.de/admin/wp-content/uploads/2014/05/192_tab.jpg"><img loading="lazy" decoding="async" class="alignnone size-full wp-image-1748" src="http://www.maritimemeile-haren.de/admin/wp-content/uploads/2014/05/192_tab.jpg" alt="Layout 1" width="600" height="292" srcset="http://www.maritimemeile-haren.de/admin/wp-content/uploads/2014/05/192_tab.jpg 600w, http://www.maritimemeile-haren.de/admin/wp-content/uploads/2014/05/192_tab-300x146.jpg 300w" sizes="(max-width: 600px) 100vw, 600px" /></a></p>
<p><a href="http://www.maritimemeile-haren.de/admin/wp-content/uploads/2014/05/192_Regina_1.jpg"><img loading="lazy" decoding="async" class="alignnone size-full wp-image-1747" src="http://www.maritimemeile-haren.de/admin/wp-content/uploads/2014/05/192_Regina_1.jpg" alt="192_Regina_1" width="600" height="381" srcset="http://www.maritimemeile-haren.de/admin/wp-content/uploads/2014/05/192_Regina_1.jpg 600w, http://www.maritimemeile-haren.de/admin/wp-content/uploads/2014/05/192_Regina_1-300x190.jpg 300w" sizes="(max-width: 600px) 100vw, 600px" /></a></p>
<p><span style="font-size: 10pt;">Regina</span></p>
<h5>Aus der Geschichte:</h5>
<p style="text-align: justify;"><span style="font-size: 12pt;">Kapitän Heinrich Kiepe (geb.1896) war ein Sohn des Püntkers Rudolf Kiepe, der bereits während des Baus des Dortmund-Ems-Kanals mit fünf gemieteten Pünten in großen Mengen Baumaterialien für den Kanalbau transportierte. 1920 konnte er eine eiserne gedeckte Schute aus Hamburg erwerben. Das Schiff erhielt den Namen „HELENE“. Als Heinrich Kiepe 1928 wie so viele andere Harener Schiffer durch Vermittlung des Kaufmanns Hermann Elfring die Gelegenheit zum Bau eines eigenen Schiffes erhielt, verkaufte er die „HELENE“ und ließ sich in Waterhuizen die „REGINA“ bauen.</span></p>
<p style="text-align: justify;"><a href="http://www.maritimemeile-haren.de/admin/wp-content/uploads/2014/05/192_1.jpg"><img loading="lazy" decoding="async" class="alignnone size-full wp-image-2699" src="http://www.maritimemeile-haren.de/admin/wp-content/uploads/2014/05/192_1.jpg" alt="192_1" width="600" height="399" srcset="http://www.maritimemeile-haren.de/admin/wp-content/uploads/2014/05/192_1.jpg 600w, http://www.maritimemeile-haren.de/admin/wp-content/uploads/2014/05/192_1-300x199.jpg 300w" sizes="(max-width: 600px) 100vw, 600px" /></a></p>
<p style="text-align: justify;"><span style="font-size: 10pt;">Motorsegler REGINA <span style="font-size: 10pt;">(Foto: Heinrich Kiepe)</span></span></p>
<p style="text-align: justify;"><a href="http://www.maritimemeile-haren.de/admin/wp-content/uploads/2014/05/192_2.jpg"><img loading="lazy" decoding="async" class="alignnone size-full wp-image-2700" src="http://www.maritimemeile-haren.de/admin/wp-content/uploads/2014/05/192_2.jpg" alt="192_2" width="600" height="395" srcset="http://www.maritimemeile-haren.de/admin/wp-content/uploads/2014/05/192_2.jpg 600w, http://www.maritimemeile-haren.de/admin/wp-content/uploads/2014/05/192_2-300x197.jpg 300w" sizes="(max-width: 600px) 100vw, 600px" /></a></p>
<p><span style="font-size: 10pt;">REGINA als X Schiff Heinrich Kiepe mit seinem Sohn Heinrich</span><br />
<span style="font-size: 10pt;">(Foto: Heinrich Kiepe)</span></p>
<p style="text-align: justify;"><a href="http://www.maritimemeile-haren.de/admin/wp-content/uploads/2014/05/192_3.jpg"><img loading="lazy" decoding="async" class="alignnone size-full wp-image-2701" src="http://www.maritimemeile-haren.de/admin/wp-content/uploads/2014/05/192_3.jpg" alt="192_3" width="600" height="399" srcset="http://www.maritimemeile-haren.de/admin/wp-content/uploads/2014/05/192_3.jpg 600w, http://www.maritimemeile-haren.de/admin/wp-content/uploads/2014/05/192_3-300x199.jpg 300w" sizes="(max-width: 600px) 100vw, 600px" /></a></p>
<p><span style="font-size: 10pt;">REGINA  (v.l.: Heinrich und Rudolf Schepers)</span><br />
<span style="font-size: 10pt;">(Foto: Heinrich Kiepe)</span></p>
<p style="text-align: justify;"><a href="http://www.maritimemeile-haren.de/admin/wp-content/uploads/2014/05/192_4.jpg"><img loading="lazy" decoding="async" class="alignnone size-full wp-image-2702" src="http://www.maritimemeile-haren.de/admin/wp-content/uploads/2014/05/192_4.jpg" alt="192_4" width="600" height="412" srcset="http://www.maritimemeile-haren.de/admin/wp-content/uploads/2014/05/192_4.jpg 600w, http://www.maritimemeile-haren.de/admin/wp-content/uploads/2014/05/192_4-300x206.jpg 300w" sizes="(max-width: 600px) 100vw, 600px" /></a></p>
<p><span style="font-size: 10pt;">REGINA in der Nordsee (Foto: Hans Thamm)</span></p>
<p style="text-align: justify;"><span style="font-size: 12pt;">Das Schiff war mit einem 60 PS starken Dieselmotor ausgerüstet. Am 19.06.1934 erfolgte die Eintragung ins Seeschiffsregister in Emden. Im Sommer 1941 wurde die „REGINA“ von der Kriegsmarine beschlagnahmt und für das „ Unternehmen Seelöwe“ in Vlissingen ausgerüstet. 80 Pioniere mit den entsprechenden Schlauchbooten sollten vom Schiff aus nach England übergesetzt werden. Der Plan wurde aber wieder verworfen, so dass die „REGINA“ ab September 1940 wieder in freier Fahrt eingesetzt werden konnte.</span></p>
<p style="text-align: justify;"><span style="font-size: 12pt;">1950 ließ Heinrich Kiepe das Schiff modernisieren und einen stärkeren Motor einbauen. Seine beiden Söhne Rudolf und Heinrich (geb.1933) erlernten auf der „REGINA“ den Seemannsberuf und fuhren später auch als Kapitäne auf diesem Schiff. 1969 wurde das Schiff aufgelegt und 1970 abgewrackt.</span></p>
<p><a href="http://www.maritimemeile-haren.de/admin/wp-content/uploads/2014/05/192_8.jpg"><img loading="lazy" decoding="async" class="alignnone size-full wp-image-2615" src="http://www.maritimemeile-haren.de/admin/wp-content/uploads/2014/05/192_8.jpg" alt="192_8" width="600" height="344" srcset="http://www.maritimemeile-haren.de/admin/wp-content/uploads/2014/05/192_8.jpg 600w, http://www.maritimemeile-haren.de/admin/wp-content/uploads/2014/05/192_8-300x172.jpg 300w" sizes="(max-width: 600px) 100vw, 600px" /></a></p>
<p><span style="font-size: 10pt;">REGINA (Foto: Magdalene Hanses)</span><br />
<span style="font-size: 10pt;">v.l.: Heinrich, Magdalene und Hermann Kiepe</span></p>
<p><a href="http://www.maritimemeile-haren.de/admin/wp-content/uploads/2014/05/192_7.jpg"><img loading="lazy" decoding="async" class="alignnone size-full wp-image-2614" src="http://www.maritimemeile-haren.de/admin/wp-content/uploads/2014/05/192_7.jpg" alt="192_7" width="600" height="342" srcset="http://www.maritimemeile-haren.de/admin/wp-content/uploads/2014/05/192_7.jpg 600w, http://www.maritimemeile-haren.de/admin/wp-content/uploads/2014/05/192_7-300x171.jpg 300w" sizes="(max-width: 600px) 100vw, 600px" /></a></p>
<p><span style="font-size: 10pt;">Motorsegler REGINA im Duisburger Hafen (Foto: Heinrich Kiepe)</span></p>

<p>Regina Aus der Geschichte: Kapitän Heinrich Kiepe (geb.1896) war ein Sohn des Püntkers Rudolf Kiepe, der bereits während des Baus des Dortmund-Ems-Kanals mit fünf gemieteten Pünten in großen Mengen Baumaterialien&hellip; </p>
