{"id":294,"date":"2014-05-20T09:18:04","date_gmt":"2014-05-20T07:18:04","guid":{"rendered":"http:\/\/www.maritimemeile-haren.de\/admin\/?page_id=294"},"modified":"2014-10-30T12:01:11","modified_gmt":"2014-10-30T10:01:11","slug":"193-reederei-franz-husmann","status":"publish","type":"page","link":"http:\/\/www.maritimemeile-haren.de\/admin\/193-reederei-franz-husmann\/","title":{"rendered":"193 REEDEREI FRANZ HUSMANN"},"content":{"rendered":"<p><a href=\"http:\/\/www.maritimemeile-haren.de\/admin\/wp-content\/uploads\/2014\/05\/193_tab1.jpg\"><img loading=\"lazy\" decoding=\"async\" class=\"alignnone wp-image-4543 size-full\" src=\"http:\/\/www.maritimemeile-haren.de\/admin\/wp-content\/uploads\/2014\/05\/193_tab1.jpg\" alt=\"\" width=\"600\" height=\"292\" srcset=\"http:\/\/www.maritimemeile-haren.de\/admin\/wp-content\/uploads\/2014\/05\/193_tab1.jpg 600w, http:\/\/www.maritimemeile-haren.de\/admin\/wp-content\/uploads\/2014\/05\/193_tab1-300x146.jpg 300w\" sizes=\"(max-width: 600px) 100vw, 600px\" \/><\/a><\/p>\n<p><a href=\"http:\/\/www.maritimemeile-haren.de\/admin\/wp-content\/uploads\/2014\/05\/193_Reederei-Franz-Husmann_1.jpg\"><img loading=\"lazy\" decoding=\"async\" class=\"alignnone size-full wp-image-1750\" src=\"http:\/\/www.maritimemeile-haren.de\/admin\/wp-content\/uploads\/2014\/05\/193_Reederei-Franz-Husmann_1.jpg\" alt=\"193_Reederei Franz Husmann_1\" width=\"600\" height=\"358\" srcset=\"http:\/\/www.maritimemeile-haren.de\/admin\/wp-content\/uploads\/2014\/05\/193_Reederei-Franz-Husmann_1.jpg 600w, http:\/\/www.maritimemeile-haren.de\/admin\/wp-content\/uploads\/2014\/05\/193_Reederei-Franz-Husmann_1-300x179.jpg 300w\" sizes=\"(max-width: 600px) 100vw, 600px\" \/><\/a><\/p>\n<p><span style=\"font-size: 10pt;\">Helena Husmann<\/span><\/p>\n<p><a href=\"http:\/\/www.maritimemeile-haren.de\/admin\/wp-content\/uploads\/2014\/05\/193_2.jpg\"><img loading=\"lazy\" decoding=\"async\" class=\"alignnone size-full wp-image-2725\" src=\"http:\/\/www.maritimemeile-haren.de\/admin\/wp-content\/uploads\/2014\/05\/193_2.jpg\" alt=\"193_2\" width=\"600\" height=\"362\" srcset=\"http:\/\/www.maritimemeile-haren.de\/admin\/wp-content\/uploads\/2014\/05\/193_2.jpg 600w, http:\/\/www.maritimemeile-haren.de\/admin\/wp-content\/uploads\/2014\/05\/193_2-300x181.jpg 300w\" sizes=\"(max-width: 600px) 100vw, 600px\" \/><\/a><\/p>\n<p><span style=\"font-size: 10pt;\">ELISABETH BOLL und K\u00c4TE BOLL (Foto: K\u00e4the Husmann)<\/span><\/p>\n<h5>Aus der Geschichte:<\/h5>\n<p style=\"text-align: justify;\"><span style=\"font-size: 12pt;\">Kapit\u00e4n Franz Husmann war der \u00e4lteste Sohn des Kapit\u00e4ns Heinrich Husmann, Lange Stra\u00dfe 37. Er begann seine Ausbildung zum Seemannsberuf auf der \u201eFRANZ\u201c, die seinem Onkel Gerhard Husmann geh\u00f6rte. Nach dem Erwerb des Kapit\u00e4nspatentes A 4 fuhr er auf verschiedenen Harener K\u00fcstenmotorschiffen, zuletzt auf der \u201eK\u00c4TE BOLL\u201c seines Schwiegervaters Josef Boll. Im Jahre 1959 wurde Franz Husmann selbstst\u00e4ndiger Reeder. Er erwarb aus Holland die \u201eHENRICA B\u201c, die als \u201eFIVEL\u201c f\u00fcr J. Bont aus Loppersum (NL) gebaut worden war. Kapit\u00e4n Husmann nannte das Schiff \u201eHELENA HUSMANN\u201c. <\/span><\/p>\n<p style=\"text-align: justify;\"><span style=\"font-size: 12pt;\">1960 wurde es um 6,5 Meter verl\u00e4ngert, nun 500 tdw. Gleichzeitig musste auch ein neuer Motor von 295 PS eingebaut werden. 1965 an Kapt. Albert Zohr, Duisburg-Ruhrort, umbenannt in \u201eALBERT ZOHR\u201c. <\/span><\/p>\n<p style=\"text-align: justify;\"><span style=\"font-size: 12pt;\">Nach einer Kollision im Kielkanal sank das Schiff und wurde 1969 in Deutschland abgebrochen.<\/span><\/p>\n<p style=\"text-align: justify;\"><span style=\"font-size: 12pt;\">Kapit\u00e4n Franz Husmann gab 1965 einen modernen Shelterdecker bei der Werft Meyer in Auftrag. \u00dcber den Stapellauf berichtete die \u00f6rtliche Presse: \u201eAls letztes einer Serie von vier Schiffen machte die HELENA HUSMANN beim Stapellauf zum ersten Mal Bekanntschaft mit dem nassen Element. Die Gattin des Eigners, Frau K\u00e4the Husmann, nahm die Taufe des Schiffes vor.\u201c<\/span><\/p>\n<p style=\"text-align: justify;\"><span style=\"font-size: 12pt;\">Auch die Probefahrt erl\u00e4uterte die Meppener Tagespost unter der \u00dcberschrift &#8218;HELENA HUSMANN auf Nordsee-G\u00e4stefahrt&#8216;:<\/span><\/p>\n<p style=\"text-align: justify;\"><span style=\"font-size: 12pt;\">\u201eWie schon \u00f6fter in den letzten Monaten kann die junge Stadt Haren auch im Januar 1966 wieder mit einem neu in Dienst gestellten K\u00fcstenmotorschiff aufwarten. Um die Bedeutung des Neubaus der HELENA HUSMANN aufzuzeigen, darf es nicht unerw\u00e4hnt bleiben, das auch G\u00e4ste aus den Niederlanden, aus D\u00e4nemark und Schweden an der Fahrt teilnahmen als Vertreter der Firmen, die f\u00fcr die Befrachtung des Schiff sorgen werden. Auch Generaldirektor Tenberken und der Chef der Seeabteilung Rhein-Maas, Stomberg aus Duisburg, waren unter den Fahrtteilnehmern&#8230; .<\/span><\/p>\n<p style=\"text-align: justify;\"><span style=\"font-size: 12pt;\">Als die HELENA HUSMANN die offene See bei Borkum erreicht hatte, wurden verschiedene Man\u00f6ver durchgef\u00fchrt, die zur vollsten Zufriedenheit aller Beteiligten \u00adverliefen.\u201c Die erste Reise des Schiffes f\u00fchrte mit 1120 Tonnen Eisen nach Uddevalla und G\u00f6teborg in Schweden. <\/span><br \/>\n<span style=\"font-size: 12pt;\">1977 an das Befrachtungskontor W. Baum, Nordenham, umbenannt in \u201eWHESTGATE\u201c. 1978 in Panama registriert, sp\u00e4ter nach Honduras und Antigua ausgeflaggt. 1995 in Fahrt.<br \/>\n<\/span><\/p>\n<p style=\"text-align: justify;\"><a href=\"http:\/\/www.maritimemeile-haren.de\/admin\/wp-content\/uploads\/2014\/05\/193_3.jpg\"><img loading=\"lazy\" decoding=\"async\" class=\"alignnone size-full wp-image-2726\" src=\"http:\/\/www.maritimemeile-haren.de\/admin\/wp-content\/uploads\/2014\/05\/193_3.jpg\" alt=\"193_3\" width=\"600\" height=\"449\" srcset=\"http:\/\/www.maritimemeile-haren.de\/admin\/wp-content\/uploads\/2014\/05\/193_3.jpg 600w, http:\/\/www.maritimemeile-haren.de\/admin\/wp-content\/uploads\/2014\/05\/193_3-300x224.jpg 300w\" sizes=\"(max-width: 600px) 100vw, 600px\" \/><\/a><\/p>\n<p style=\"text-align: justify;\"><span style=\"font-size: 10pt;\">PINGUIN eines der ersten f\u00fcr Container geeignete Harener Schiff<\/span><br \/>\n<span style=\"font-size: 10pt;\"> (Foto: Franz Husmann)<\/span><\/p>\n","protected":false},"excerpt":{"rendered":"<p>Helena Husmann ELISABETH BOLL und K\u00c4TE BOLL (Foto: K\u00e4the Husmann) Aus der Geschichte: Kapit\u00e4n Franz Husmann war der \u00e4lteste Sohn des Kapit\u00e4ns Heinrich Husmann, Lange Stra\u00dfe 37. Er begann seine&hellip; <\/p>\n","protected":false},"author":1,"featured_media":0,"parent":0,"menu_order":193,"comment_status":"closed","ping_status":"closed","template":"","meta":{"footnotes":""},"_links":{"self":[{"href":"http:\/\/www.maritimemeile-haren.de\/admin\/wp-json\/wp\/v2\/pages\/294"}],"collection":[{"href":"http:\/\/www.maritimemeile-haren.de\/admin\/wp-json\/wp\/v2\/pages"}],"about":[{"href":"http:\/\/www.maritimemeile-haren.de\/admin\/wp-json\/wp\/v2\/types\/page"}],"author":[{"embeddable":true,"href":"http:\/\/www.maritimemeile-haren.de\/admin\/wp-json\/wp\/v2\/users\/1"}],"replies":[{"embeddable":true,"href":"http:\/\/www.maritimemeile-haren.de\/admin\/wp-json\/wp\/v2\/comments?post=294"}],"version-history":[{"count":14,"href":"http:\/\/www.maritimemeile-haren.de\/admin\/wp-json\/wp\/v2\/pages\/294\/revisions"}],"predecessor-version":[{"id":4544,"href":"http:\/\/www.maritimemeile-haren.de\/admin\/wp-json\/wp\/v2\/pages\/294\/revisions\/4544"}],"wp:attachment":[{"href":"http:\/\/www.maritimemeile-haren.de\/admin\/wp-json\/wp\/v2\/media?parent=294"}],"curies":[{"name":"wp","href":"https:\/\/api.w.org\/{rel}","templated":true}]}}

<p><a href="http://www.maritimemeile-haren.de/admin/wp-content/uploads/2014/05/193_tab1.jpg"><img loading="lazy" decoding="async" class="alignnone wp-image-4543 size-full" src="http://www.maritimemeile-haren.de/admin/wp-content/uploads/2014/05/193_tab1.jpg" alt="" width="600" height="292" srcset="http://www.maritimemeile-haren.de/admin/wp-content/uploads/2014/05/193_tab1.jpg 600w, http://www.maritimemeile-haren.de/admin/wp-content/uploads/2014/05/193_tab1-300x146.jpg 300w" sizes="(max-width: 600px) 100vw, 600px" /></a></p>
<p><a href="http://www.maritimemeile-haren.de/admin/wp-content/uploads/2014/05/193_Reederei-Franz-Husmann_1.jpg"><img loading="lazy" decoding="async" class="alignnone size-full wp-image-1750" src="http://www.maritimemeile-haren.de/admin/wp-content/uploads/2014/05/193_Reederei-Franz-Husmann_1.jpg" alt="193_Reederei Franz Husmann_1" width="600" height="358" srcset="http://www.maritimemeile-haren.de/admin/wp-content/uploads/2014/05/193_Reederei-Franz-Husmann_1.jpg 600w, http://www.maritimemeile-haren.de/admin/wp-content/uploads/2014/05/193_Reederei-Franz-Husmann_1-300x179.jpg 300w" sizes="(max-width: 600px) 100vw, 600px" /></a></p>
<p><span style="font-size: 10pt;">Helena Husmann</span></p>
<p><a href="http://www.maritimemeile-haren.de/admin/wp-content/uploads/2014/05/193_2.jpg"><img loading="lazy" decoding="async" class="alignnone size-full wp-image-2725" src="http://www.maritimemeile-haren.de/admin/wp-content/uploads/2014/05/193_2.jpg" alt="193_2" width="600" height="362" srcset="http://www.maritimemeile-haren.de/admin/wp-content/uploads/2014/05/193_2.jpg 600w, http://www.maritimemeile-haren.de/admin/wp-content/uploads/2014/05/193_2-300x181.jpg 300w" sizes="(max-width: 600px) 100vw, 600px" /></a></p>
<p><span style="font-size: 10pt;">ELISABETH BOLL und KÄTE BOLL (Foto: Käthe Husmann)</span></p>
<h5>Aus der Geschichte:</h5>
<p style="text-align: justify;"><span style="font-size: 12pt;">Kapitän Franz Husmann war der älteste Sohn des Kapitäns Heinrich Husmann, Lange Straße 37. Er begann seine Ausbildung zum Seemannsberuf auf der „FRANZ“, die seinem Onkel Gerhard Husmann gehörte. Nach dem Erwerb des Kapitänspatentes A 4 fuhr er auf verschiedenen Harener Küstenmotorschiffen, zuletzt auf der „KÄTE BOLL“ seines Schwiegervaters Josef Boll. Im Jahre 1959 wurde Franz Husmann selbstständiger Reeder. Er erwarb aus Holland die „HENRICA B“, die als „FIVEL“ für J. Bont aus Loppersum (NL) gebaut worden war. Kapitän Husmann nannte das Schiff „HELENA HUSMANN“. </span></p>
<p style="text-align: justify;"><span style="font-size: 12pt;">1960 wurde es um 6,5 Meter verlängert, nun 500 tdw. Gleichzeitig musste auch ein neuer Motor von 295 PS eingebaut werden. 1965 an Kapt. Albert Zohr, Duisburg-Ruhrort, umbenannt in „ALBERT ZOHR“. </span></p>
<p style="text-align: justify;"><span style="font-size: 12pt;">Nach einer Kollision im Kielkanal sank das Schiff und wurde 1969 in Deutschland abgebrochen.</span></p>
<p style="text-align: justify;"><span style="font-size: 12pt;">Kapitän Franz Husmann gab 1965 einen modernen Shelterdecker bei der Werft Meyer in Auftrag. Über den Stapellauf berichtete die örtliche Presse: „Als letztes einer Serie von vier Schiffen machte die HELENA HUSMANN beim Stapellauf zum ersten Mal Bekanntschaft mit dem nassen Element. Die Gattin des Eigners, Frau Käthe Husmann, nahm die Taufe des Schiffes vor.“</span></p>
<p style="text-align: justify;"><span style="font-size: 12pt;">Auch die Probefahrt erläuterte die Meppener Tagespost unter der Überschrift &#8218;HELENA HUSMANN auf Nordsee-Gästefahrt&#8216;:</span></p>
<p style="text-align: justify;"><span style="font-size: 12pt;">„Wie schon öfter in den letzten Monaten kann die junge Stadt Haren auch im Januar 1966 wieder mit einem neu in Dienst gestellten Küstenmotorschiff aufwarten. Um die Bedeutung des Neubaus der HELENA HUSMANN aufzuzeigen, darf es nicht unerwähnt bleiben, das auch Gäste aus den Niederlanden, aus Dänemark und Schweden an der Fahrt teilnahmen als Vertreter der Firmen, die für die Befrachtung des Schiff sorgen werden. Auch Generaldirektor Tenberken und der Chef der Seeabteilung Rhein-Maas, Stomberg aus Duisburg, waren unter den Fahrtteilnehmern&#8230; .</span></p>
<p style="text-align: justify;"><span style="font-size: 12pt;">Als die HELENA HUSMANN die offene See bei Borkum erreicht hatte, wurden verschiedene Manöver durchgeführt, die zur vollsten Zufriedenheit aller Beteiligten ­verliefen.“ Die erste Reise des Schiffes führte mit 1120 Tonnen Eisen nach Uddevalla und Göteborg in Schweden. </span><br />
<span style="font-size: 12pt;">1977 an das Befrachtungskontor W. Baum, Nordenham, umbenannt in „WHESTGATE“. 1978 in Panama registriert, später nach Honduras und Antigua ausgeflaggt. 1995 in Fahrt.<br />
</span></p>
<p style="text-align: justify;"><a href="http://www.maritimemeile-haren.de/admin/wp-content/uploads/2014/05/193_3.jpg"><img loading="lazy" decoding="async" class="alignnone size-full wp-image-2726" src="http://www.maritimemeile-haren.de/admin/wp-content/uploads/2014/05/193_3.jpg" alt="193_3" width="600" height="449" srcset="http://www.maritimemeile-haren.de/admin/wp-content/uploads/2014/05/193_3.jpg 600w, http://www.maritimemeile-haren.de/admin/wp-content/uploads/2014/05/193_3-300x224.jpg 300w" sizes="(max-width: 600px) 100vw, 600px" /></a></p>
<p style="text-align: justify;"><span style="font-size: 10pt;">PINGUIN eines der ersten für Container geeignete Harener Schiff</span><br />
<span style="font-size: 10pt;"> (Foto: Franz Husmann)</span></p>

<p>Helena Husmann ELISABETH BOLL und KÄTE BOLL (Foto: Käthe Husmann) Aus der Geschichte: Kapitän Franz Husmann war der älteste Sohn des Kapitäns Heinrich Husmann, Lange Straße 37. Er begann seine&hellip; </p>
