{"id":297,"date":"2014-05-20T09:18:22","date_gmt":"2014-05-20T07:18:22","guid":{"rendered":"http:\/\/www.maritimemeile-haren.de\/admin\/?page_id=297"},"modified":"2014-08-28T14:31:41","modified_gmt":"2014-08-28T12:31:41","slug":"194-santa-maria-ex-miranda","status":"publish","type":"page","link":"http:\/\/www.maritimemeile-haren.de\/admin\/194-santa-maria-ex-miranda\/","title":{"rendered":"194 SANTA MARIA"},"content":{"rendered":"<p><a href=\"http:\/\/www.maritimemeile-haren.de\/admin\/wp-content\/uploads\/2014\/05\/194_tab.jpg\"><img loading=\"lazy\" decoding=\"async\" class=\"alignnone size-full wp-image-1755\" src=\"http:\/\/www.maritimemeile-haren.de\/admin\/wp-content\/uploads\/2014\/05\/194_tab.jpg\" alt=\"Layout 1\" width=\"600\" height=\"292\" srcset=\"http:\/\/www.maritimemeile-haren.de\/admin\/wp-content\/uploads\/2014\/05\/194_tab.jpg 600w, http:\/\/www.maritimemeile-haren.de\/admin\/wp-content\/uploads\/2014\/05\/194_tab-300x146.jpg 300w\" sizes=\"(max-width: 600px) 100vw, 600px\" \/><\/a><\/p>\n<p><a href=\"http:\/\/www.maritimemeile-haren.de\/admin\/wp-content\/uploads\/2014\/05\/194_Santa-Maria_1.jpg\"><img loading=\"lazy\" decoding=\"async\" class=\"alignnone size-full wp-image-1754\" src=\"http:\/\/www.maritimemeile-haren.de\/admin\/wp-content\/uploads\/2014\/05\/194_Santa-Maria_1.jpg\" alt=\"194_Santa Maria_1\" width=\"600\" height=\"364\" srcset=\"http:\/\/www.maritimemeile-haren.de\/admin\/wp-content\/uploads\/2014\/05\/194_Santa-Maria_1.jpg 600w, http:\/\/www.maritimemeile-haren.de\/admin\/wp-content\/uploads\/2014\/05\/194_Santa-Maria_1-300x182.jpg 300w\" sizes=\"(max-width: 600px) 100vw, 600px\" \/><\/a><\/p>\n<p><span style=\"font-size: 10pt;\">Santa Maria<\/span><\/p>\n<h5>Zur Geschichte:<\/h5>\n<p><strong><span style=\"font-size: 12pt;\">1982-1994: <\/span><\/strong><span style=\"font-size: 12pt;\">Angestellter Firma R\u00fcckwarth<\/span><br \/>\n<span style=\"font-size: 12pt;\"><strong>1995-2007:<\/strong> Eigent\u00fcmer der ersten Santa Maria (85m x 9,50m ; 1391t)<\/span><br \/>\n<span style=\"font-size: 12pt;\"><strong>Seit 2007:<\/strong> Eigent\u00fcmer der aktuellen Santa Maria (110m x 10,54m ; 2836t)<\/span><\/p>\n<p style=\"text-align: justify;\"><a href=\"http:\/\/www.maritimemeile-haren.de\/admin\/wp-content\/uploads\/2014\/05\/193_30.jpg\"><img loading=\"lazy\" decoding=\"async\" class=\"alignnone size-full wp-image-4134\" src=\"http:\/\/www.maritimemeile-haren.de\/admin\/wp-content\/uploads\/2014\/05\/193_30.jpg\" alt=\"193_30\" width=\"600\" height=\"273\" srcset=\"http:\/\/www.maritimemeile-haren.de\/admin\/wp-content\/uploads\/2014\/05\/193_30.jpg 600w, http:\/\/www.maritimemeile-haren.de\/admin\/wp-content\/uploads\/2014\/05\/193_30-300x136.jpg 300w\" sizes=\"(max-width: 600px) 100vw, 600px\" \/><\/a><\/p>\n<p style=\"text-align: justify;\"><a href=\"http:\/\/www.maritimemeile-haren.de\/admin\/wp-content\/uploads\/2014\/05\/193_31.jpg\"><img loading=\"lazy\" decoding=\"async\" class=\"alignnone size-full wp-image-4135\" src=\"http:\/\/www.maritimemeile-haren.de\/admin\/wp-content\/uploads\/2014\/05\/193_31.jpg\" alt=\"193_31\" width=\"600\" height=\"389\" srcset=\"http:\/\/www.maritimemeile-haren.de\/admin\/wp-content\/uploads\/2014\/05\/193_31.jpg 600w, http:\/\/www.maritimemeile-haren.de\/admin\/wp-content\/uploads\/2014\/05\/193_31-300x194.jpg 300w\" sizes=\"(max-width: 600px) 100vw, 600px\" \/><\/a><\/p>\n<p style=\"text-align: justify;\"><a href=\"http:\/\/www.maritimemeile-haren.de\/admin\/wp-content\/uploads\/2014\/05\/193_32.jpg\"><img loading=\"lazy\" decoding=\"async\" class=\"alignnone size-full wp-image-4136\" src=\"http:\/\/www.maritimemeile-haren.de\/admin\/wp-content\/uploads\/2014\/05\/193_32.jpg\" alt=\"193_32\" width=\"600\" height=\"354\" srcset=\"http:\/\/www.maritimemeile-haren.de\/admin\/wp-content\/uploads\/2014\/05\/193_32.jpg 600w, http:\/\/www.maritimemeile-haren.de\/admin\/wp-content\/uploads\/2014\/05\/193_32-300x177.jpg 300w\" sizes=\"(max-width: 600px) 100vw, 600px\" \/><\/a><\/p>\n","protected":false},"excerpt":{"rendered":"<p>Santa Maria Zur Geschichte: 1982-1994: Angestellter Firma R\u00fcckwarth 1995-2007: Eigent\u00fcmer der ersten Santa Maria (85m x 9,50m ; 1391t) Seit 2007: Eigent\u00fcmer der aktuellen Santa Maria (110m x 10,54m ;&hellip; <\/p>\n","protected":false},"author":1,"featured_media":0,"parent":0,"menu_order":194,"comment_status":"closed","ping_status":"closed","template":"","meta":{"footnotes":""},"_links":{"self":[{"href":"http:\/\/www.maritimemeile-haren.de\/admin\/wp-json\/wp\/v2\/pages\/297"}],"collection":[{"href":"http:\/\/www.maritimemeile-haren.de\/admin\/wp-json\/wp\/v2\/pages"}],"about":[{"href":"http:\/\/www.maritimemeile-haren.de\/admin\/wp-json\/wp\/v2\/types\/page"}],"author":[{"embeddable":true,"href":"http:\/\/www.maritimemeile-haren.de\/admin\/wp-json\/wp\/v2\/users\/1"}],"replies":[{"embeddable":true,"href":"http:\/\/www.maritimemeile-haren.de\/admin\/wp-json\/wp\/v2\/comments?post=297"}],"version-history":[{"count":6,"href":"http:\/\/www.maritimemeile-haren.de\/admin\/wp-json\/wp\/v2\/pages\/297\/revisions"}],"predecessor-version":[{"id":4288,"href":"http:\/\/www.maritimemeile-haren.de\/admin\/wp-json\/wp\/v2\/pages\/297\/revisions\/4288"}],"wp:attachment":[{"href":"http:\/\/www.maritimemeile-haren.de\/admin\/wp-json\/wp\/v2\/media?parent=297"}],"curies":[{"name":"wp","href":"https:\/\/api.w.org\/{rel}","templated":true}]}}

<p><a href="http://www.maritimemeile-haren.de/admin/wp-content/uploads/2014/05/194_tab.jpg"><img loading="lazy" decoding="async" class="alignnone size-full wp-image-1755" src="http://www.maritimemeile-haren.de/admin/wp-content/uploads/2014/05/194_tab.jpg" alt="Layout 1" width="600" height="292" srcset="http://www.maritimemeile-haren.de/admin/wp-content/uploads/2014/05/194_tab.jpg 600w, http://www.maritimemeile-haren.de/admin/wp-content/uploads/2014/05/194_tab-300x146.jpg 300w" sizes="(max-width: 600px) 100vw, 600px" /></a></p>
<p><a href="http://www.maritimemeile-haren.de/admin/wp-content/uploads/2014/05/194_Santa-Maria_1.jpg"><img loading="lazy" decoding="async" class="alignnone size-full wp-image-1754" src="http://www.maritimemeile-haren.de/admin/wp-content/uploads/2014/05/194_Santa-Maria_1.jpg" alt="194_Santa Maria_1" width="600" height="364" srcset="http://www.maritimemeile-haren.de/admin/wp-content/uploads/2014/05/194_Santa-Maria_1.jpg 600w, http://www.maritimemeile-haren.de/admin/wp-content/uploads/2014/05/194_Santa-Maria_1-300x182.jpg 300w" sizes="(max-width: 600px) 100vw, 600px" /></a></p>
<p><span style="font-size: 10pt;">Santa Maria</span></p>
<h5>Zur Geschichte:</h5>
<p><strong><span style="font-size: 12pt;">1982-1994: </span></strong><span style="font-size: 12pt;">Angestellter Firma Rückwarth</span><br />
<span style="font-size: 12pt;"><strong>1995-2007:</strong> Eigentümer der ersten Santa Maria (85m x 9,50m ; 1391t)</span><br />
<span style="font-size: 12pt;"><strong>Seit 2007:</strong> Eigentümer der aktuellen Santa Maria (110m x 10,54m ; 2836t)</span></p>
<p style="text-align: justify;"><a href="http://www.maritimemeile-haren.de/admin/wp-content/uploads/2014/05/193_30.jpg"><img loading="lazy" decoding="async" class="alignnone size-full wp-image-4134" src="http://www.maritimemeile-haren.de/admin/wp-content/uploads/2014/05/193_30.jpg" alt="193_30" width="600" height="273" srcset="http://www.maritimemeile-haren.de/admin/wp-content/uploads/2014/05/193_30.jpg 600w, http://www.maritimemeile-haren.de/admin/wp-content/uploads/2014/05/193_30-300x136.jpg 300w" sizes="(max-width: 600px) 100vw, 600px" /></a></p>
<p style="text-align: justify;"><a href="http://www.maritimemeile-haren.de/admin/wp-content/uploads/2014/05/193_31.jpg"><img loading="lazy" decoding="async" class="alignnone size-full wp-image-4135" src="http://www.maritimemeile-haren.de/admin/wp-content/uploads/2014/05/193_31.jpg" alt="193_31" width="600" height="389" srcset="http://www.maritimemeile-haren.de/admin/wp-content/uploads/2014/05/193_31.jpg 600w, http://www.maritimemeile-haren.de/admin/wp-content/uploads/2014/05/193_31-300x194.jpg 300w" sizes="(max-width: 600px) 100vw, 600px" /></a></p>
<p style="text-align: justify;"><a href="http://www.maritimemeile-haren.de/admin/wp-content/uploads/2014/05/193_32.jpg"><img loading="lazy" decoding="async" class="alignnone size-full wp-image-4136" src="http://www.maritimemeile-haren.de/admin/wp-content/uploads/2014/05/193_32.jpg" alt="193_32" width="600" height="354" srcset="http://www.maritimemeile-haren.de/admin/wp-content/uploads/2014/05/193_32.jpg 600w, http://www.maritimemeile-haren.de/admin/wp-content/uploads/2014/05/193_32-300x177.jpg 300w" sizes="(max-width: 600px) 100vw, 600px" /></a></p>

<p>Santa Maria Zur Geschichte: 1982-1994: Angestellter Firma Rückwarth 1995-2007: Eigentümer der ersten Santa Maria (85m x 9,50m ; 1391t) Seit 2007: Eigentümer der aktuellen Santa Maria (110m x 10,54m ;&hellip; </p>
