{"id":303,"date":"2014-05-20T09:19:47","date_gmt":"2014-05-20T07:19:47","guid":{"rendered":"http:\/\/www.maritimemeile-haren.de\/admin\/?page_id=303"},"modified":"2014-07-31T13:17:37","modified_gmt":"2014-07-31T11:17:37","slug":"197-margaretha","status":"publish","type":"page","link":"http:\/\/www.maritimemeile-haren.de\/admin\/197-margaretha\/","title":{"rendered":"197 MARGARETHA"},"content":{"rendered":"<p><a href=\"http:\/\/www.maritimemeile-haren.de\/admin\/wp-content\/uploads\/2014\/05\/197_tab.jpg\"><img loading=\"lazy\" decoding=\"async\" class=\"alignnone size-full wp-image-1765\" src=\"http:\/\/www.maritimemeile-haren.de\/admin\/wp-content\/uploads\/2014\/05\/197_tab.jpg\" alt=\"Layout 1\" width=\"600\" height=\"292\" srcset=\"http:\/\/www.maritimemeile-haren.de\/admin\/wp-content\/uploads\/2014\/05\/197_tab.jpg 600w, http:\/\/www.maritimemeile-haren.de\/admin\/wp-content\/uploads\/2014\/05\/197_tab-300x146.jpg 300w\" sizes=\"(max-width: 600px) 100vw, 600px\" \/><\/a><\/p>\n<p><a href=\"http:\/\/www.maritimemeile-haren.de\/admin\/wp-content\/uploads\/2014\/05\/197_Marghareta.jpg\"><img loading=\"lazy\" decoding=\"async\" class=\"alignnone size-full wp-image-1764\" src=\"http:\/\/www.maritimemeile-haren.de\/admin\/wp-content\/uploads\/2014\/05\/197_Marghareta.jpg\" alt=\"197_Marghareta\" width=\"600\" height=\"336\" srcset=\"http:\/\/www.maritimemeile-haren.de\/admin\/wp-content\/uploads\/2014\/05\/197_Marghareta.jpg 600w, http:\/\/www.maritimemeile-haren.de\/admin\/wp-content\/uploads\/2014\/05\/197_Marghareta-300x168.jpg 300w\" sizes=\"(max-width: 600px) 100vw, 600px\" \/><\/a><\/p>\n<p><span style=\"font-size: 10pt;\">Margaretha<\/span><\/p>\n<p><a href=\"http:\/\/www.maritimemeile-haren.de\/admin\/wp-content\/uploads\/2014\/05\/197_500.jpg\"><img loading=\"lazy\" decoding=\"async\" class=\"alignnone size-full wp-image-3958\" src=\"http:\/\/www.maritimemeile-haren.de\/admin\/wp-content\/uploads\/2014\/05\/197_500.jpg\" alt=\"197_500\" width=\"600\" height=\"390\" srcset=\"http:\/\/www.maritimemeile-haren.de\/admin\/wp-content\/uploads\/2014\/05\/197_500.jpg 600w, http:\/\/www.maritimemeile-haren.de\/admin\/wp-content\/uploads\/2014\/05\/197_500-300x195.jpg 300w\" sizes=\"(max-width: 600px) 100vw, 600px\" \/><\/a><\/p>\n<p><span style=\"font-size: 10pt;\">Motorsegler MARGARETHA\u00a0 (Bauj. 1929, 220 tdw), Kapit\u00e4n Johann Held, \u00d6lbild 90 x 60 cm<\/span><br \/>\n<span style=\"font-size: 10pt;\">Signatur: Clemens Barenbr\u00fcgge 1941<\/span><br \/>\n<span style=\"font-size: 10pt;\">Bildvorlage: Laurenz Held<\/span><\/p>\n<h5>Aus der Geschichte:<\/h5>\n<p style=\"text-align: justify;\"><span style=\"font-size: 12pt;\">Kapit\u00e4n Johann Held (geb.1896) war der dritt\u00e4lteste Sohn des Schiffers Laurenz Held (geb.1857), der mit Margarethe Schepers (\u201eArnoldsin\u201c) verheiratet war. Im Jahre 1929 gab Johann Held zusammen mit seinem Schwager Reinhard Wessels die \u201eMARGARETHA\u201c bei der Werft van Diepen in Auftrag. Das Schiff wurde mit einem kompressorlosen 3-Zylinder Deutz-Diesel-Motor von 80 PS ausger\u00fcstet.<\/span><\/p>\n<p style=\"text-align: justify;\"><span style=\"font-size: 12pt;\">Am 6.10.1934 wurde die \u201eMARGARETHA\u201c in das Seeschiffsregister in Emden eingetragen. Gleichzeitig wurde eine st\u00e4rkere Maschine von 120 PS installiert. Vorwiegend St\u00fcckg\u00fcter und Holz aus Skandinavien wurden transportiert. Am 2.12.1941 kaufte Johann Held den halben Part von Kapit\u00e4n Reinhard Wessels und wurde Alleineigent\u00fcmer. Im Jahre 1946 wurde die \u201eMARGARETHA\u201c wieder in Fahrt gesetzt. 30.09.1965 an Rolf Gerdes Rohden, Gro\u00dfwolde, umbenannt in \u201eKORSIKA\u201c. 11.07.1973 in Elsfleth durch Feuer schwer besch\u00e4digt und zum Totalverlust erkl\u00e4rt. 1982 erfolgte der Abbruch in Leer. Kapit\u00e4n Laurenz Held gr\u00fcndete nach dem Verkauf der \u201eMARGARETHA\u201c im Jahre 1965 die Laurenz Held KG und lie\u00df in Leer das Frachtmotorschiff \u201eJAN LAURENZ\u201c bauen.<\/span><\/p>\n<p style=\"text-align: justify;\"><a href=\"http:\/\/www.maritimemeile-haren.de\/admin\/wp-content\/uploads\/2014\/05\/197_1.jpg\"><img loading=\"lazy\" decoding=\"async\" class=\"alignnone size-full wp-image-2743\" src=\"http:\/\/www.maritimemeile-haren.de\/admin\/wp-content\/uploads\/2014\/05\/197_1.jpg\" alt=\"197_1\" width=\"600\" height=\"363\" srcset=\"http:\/\/www.maritimemeile-haren.de\/admin\/wp-content\/uploads\/2014\/05\/197_1.jpg 600w, http:\/\/www.maritimemeile-haren.de\/admin\/wp-content\/uploads\/2014\/05\/197_1-300x181.jpg 300w\" sizes=\"(max-width: 600px) 100vw, 600px\" \/><\/a><\/p>\n<p style=\"text-align: justify;\"><span style=\"font-size: 10pt;\">Motorsegler MARGARETHA<br \/>\n(Foto: Laurenz Held)<\/span><\/p>\n<p style=\"text-align: justify;\"><a href=\"http:\/\/www.maritimemeile-haren.de\/admin\/wp-content\/uploads\/2014\/05\/197_2.jpg\"><img loading=\"lazy\" decoding=\"async\" class=\"alignnone size-full wp-image-2744\" src=\"http:\/\/www.maritimemeile-haren.de\/admin\/wp-content\/uploads\/2014\/05\/197_2.jpg\" alt=\"197_2\" width=\"600\" height=\"384\" srcset=\"http:\/\/www.maritimemeile-haren.de\/admin\/wp-content\/uploads\/2014\/05\/197_2.jpg 600w, http:\/\/www.maritimemeile-haren.de\/admin\/wp-content\/uploads\/2014\/05\/197_2-300x192.jpg 300w\" sizes=\"(max-width: 600px) 100vw, 600px\" \/><\/a><\/p>\n<p style=\"text-align: justify;\"><span style=\"font-size: 10pt;\">MARGARETHA<br \/>\n(Foto: Margret Riddering)<\/span><\/p>\n<p style=\"text-align: justify;\"><a href=\"http:\/\/www.maritimemeile-haren.de\/admin\/wp-content\/uploads\/2014\/05\/197_3.jpg\"><img loading=\"lazy\" decoding=\"async\" class=\"alignnone size-full wp-image-2745\" src=\"http:\/\/www.maritimemeile-haren.de\/admin\/wp-content\/uploads\/2014\/05\/197_3.jpg\" alt=\"197_3\" width=\"600\" height=\"443\" srcset=\"http:\/\/www.maritimemeile-haren.de\/admin\/wp-content\/uploads\/2014\/05\/197_3.jpg 600w, http:\/\/www.maritimemeile-haren.de\/admin\/wp-content\/uploads\/2014\/05\/197_3-300x221.jpg 300w\" sizes=\"(max-width: 600px) 100vw, 600px\" \/><\/a><\/p>\n<p><span style=\"font-size: 10pt;\">Motorsegler MARGARETHA in der Nordsee<\/span><br \/>\n<span style=\"font-size: 10pt;\">(Foto: Laurenz Held)<\/span><\/p>\n<p><a href=\"http:\/\/www.maritimemeile-haren.de\/admin\/wp-content\/uploads\/2014\/05\/197_71.jpg\"><img loading=\"lazy\" decoding=\"async\" class=\"alignnone wp-image-2735 size-full\" src=\"http:\/\/www.maritimemeile-haren.de\/admin\/wp-content\/uploads\/2014\/05\/197_71.jpg\" alt=\"\" width=\"600\" height=\"466\" srcset=\"http:\/\/www.maritimemeile-haren.de\/admin\/wp-content\/uploads\/2014\/05\/197_71.jpg 600w, http:\/\/www.maritimemeile-haren.de\/admin\/wp-content\/uploads\/2014\/05\/197_71-300x233.jpg 300w\" sizes=\"(max-width: 600px) 100vw, 600px\" \/><\/a><\/p>\n<p><span style=\"font-size: 10pt;\">MARGARETHA<br \/>\n(Foto: Schifffahrtsmuseum Motorsegler)<br \/>\n<\/span><\/p>\n<p><a href=\"http:\/\/www.maritimemeile-haren.de\/admin\/wp-content\/uploads\/2014\/05\/197_81.jpg\"><img loading=\"lazy\" decoding=\"async\" class=\"alignnone wp-image-2736 size-full\" src=\"http:\/\/www.maritimemeile-haren.de\/admin\/wp-content\/uploads\/2014\/05\/197_81.jpg\" alt=\"\" width=\"600\" height=\"352\" srcset=\"http:\/\/www.maritimemeile-haren.de\/admin\/wp-content\/uploads\/2014\/05\/197_81.jpg 600w, http:\/\/www.maritimemeile-haren.de\/admin\/wp-content\/uploads\/2014\/05\/197_81-300x176.jpg 300w\" sizes=\"(max-width: 600px) 100vw, 600px\" \/><\/a><\/p>\n<p><span style=\"font-size: 10pt;\">MARGARETHA, Haren; rechts: HANS JOSEF<br \/>\n(Foto: Fotostudio Mecklenborg)<\/span><\/p>\n","protected":false},"excerpt":{"rendered":"<p>Margaretha Motorsegler MARGARETHA\u00a0 (Bauj. 1929, 220 tdw), Kapit\u00e4n Johann Held, \u00d6lbild 90 x 60 cm Signatur: Clemens Barenbr\u00fcgge 1941 Bildvorlage: Laurenz Held Aus der Geschichte: Kapit\u00e4n Johann Held (geb.1896) war&hellip; <\/p>\n","protected":false},"author":1,"featured_media":0,"parent":0,"menu_order":197,"comment_status":"closed","ping_status":"closed","template":"","meta":{"footnotes":""},"_links":{"self":[{"href":"http:\/\/www.maritimemeile-haren.de\/admin\/wp-json\/wp\/v2\/pages\/303"}],"collection":[{"href":"http:\/\/www.maritimemeile-haren.de\/admin\/wp-json\/wp\/v2\/pages"}],"about":[{"href":"http:\/\/www.maritimemeile-haren.de\/admin\/wp-json\/wp\/v2\/types\/page"}],"author":[{"embeddable":true,"href":"http:\/\/www.maritimemeile-haren.de\/admin\/wp-json\/wp\/v2\/users\/1"}],"replies":[{"embeddable":true,"href":"http:\/\/www.maritimemeile-haren.de\/admin\/wp-json\/wp\/v2\/comments?post=303"}],"version-history":[{"count":13,"href":"http:\/\/www.maritimemeile-haren.de\/admin\/wp-json\/wp\/v2\/pages\/303\/revisions"}],"predecessor-version":[{"id":3959,"href":"http:\/\/www.maritimemeile-haren.de\/admin\/wp-json\/wp\/v2\/pages\/303\/revisions\/3959"}],"wp:attachment":[{"href":"http:\/\/www.maritimemeile-haren.de\/admin\/wp-json\/wp\/v2\/media?parent=303"}],"curies":[{"name":"wp","href":"https:\/\/api.w.org\/{rel}","templated":true}]}}

<p><a href="http://www.maritimemeile-haren.de/admin/wp-content/uploads/2014/05/197_tab.jpg"><img loading="lazy" decoding="async" class="alignnone size-full wp-image-1765" src="http://www.maritimemeile-haren.de/admin/wp-content/uploads/2014/05/197_tab.jpg" alt="Layout 1" width="600" height="292" srcset="http://www.maritimemeile-haren.de/admin/wp-content/uploads/2014/05/197_tab.jpg 600w, http://www.maritimemeile-haren.de/admin/wp-content/uploads/2014/05/197_tab-300x146.jpg 300w" sizes="(max-width: 600px) 100vw, 600px" /></a></p>
<p><a href="http://www.maritimemeile-haren.de/admin/wp-content/uploads/2014/05/197_Marghareta.jpg"><img loading="lazy" decoding="async" class="alignnone size-full wp-image-1764" src="http://www.maritimemeile-haren.de/admin/wp-content/uploads/2014/05/197_Marghareta.jpg" alt="197_Marghareta" width="600" height="336" srcset="http://www.maritimemeile-haren.de/admin/wp-content/uploads/2014/05/197_Marghareta.jpg 600w, http://www.maritimemeile-haren.de/admin/wp-content/uploads/2014/05/197_Marghareta-300x168.jpg 300w" sizes="(max-width: 600px) 100vw, 600px" /></a></p>
<p><span style="font-size: 10pt;">Margaretha</span></p>
<p><a href="http://www.maritimemeile-haren.de/admin/wp-content/uploads/2014/05/197_500.jpg"><img loading="lazy" decoding="async" class="alignnone size-full wp-image-3958" src="http://www.maritimemeile-haren.de/admin/wp-content/uploads/2014/05/197_500.jpg" alt="197_500" width="600" height="390" srcset="http://www.maritimemeile-haren.de/admin/wp-content/uploads/2014/05/197_500.jpg 600w, http://www.maritimemeile-haren.de/admin/wp-content/uploads/2014/05/197_500-300x195.jpg 300w" sizes="(max-width: 600px) 100vw, 600px" /></a></p>
<p><span style="font-size: 10pt;">Motorsegler MARGARETHA  (Bauj. 1929, 220 tdw), Kapitän Johann Held, Ölbild 90 x 60 cm</span><br />
<span style="font-size: 10pt;">Signatur: Clemens Barenbrügge 1941</span><br />
<span style="font-size: 10pt;">Bildvorlage: Laurenz Held</span></p>
<h5>Aus der Geschichte:</h5>
<p style="text-align: justify;"><span style="font-size: 12pt;">Kapitän Johann Held (geb.1896) war der drittälteste Sohn des Schiffers Laurenz Held (geb.1857), der mit Margarethe Schepers („Arnoldsin“) verheiratet war. Im Jahre 1929 gab Johann Held zusammen mit seinem Schwager Reinhard Wessels die „MARGARETHA“ bei der Werft van Diepen in Auftrag. Das Schiff wurde mit einem kompressorlosen 3-Zylinder Deutz-Diesel-Motor von 80 PS ausgerüstet.</span></p>
<p style="text-align: justify;"><span style="font-size: 12pt;">Am 6.10.1934 wurde die „MARGARETHA“ in das Seeschiffsregister in Emden eingetragen. Gleichzeitig wurde eine stärkere Maschine von 120 PS installiert. Vorwiegend Stückgüter und Holz aus Skandinavien wurden transportiert. Am 2.12.1941 kaufte Johann Held den halben Part von Kapitän Reinhard Wessels und wurde Alleineigentümer. Im Jahre 1946 wurde die „MARGARETHA“ wieder in Fahrt gesetzt. 30.09.1965 an Rolf Gerdes Rohden, Großwolde, umbenannt in „KORSIKA“. 11.07.1973 in Elsfleth durch Feuer schwer beschädigt und zum Totalverlust erklärt. 1982 erfolgte der Abbruch in Leer. Kapitän Laurenz Held gründete nach dem Verkauf der „MARGARETHA“ im Jahre 1965 die Laurenz Held KG und ließ in Leer das Frachtmotorschiff „JAN LAURENZ“ bauen.</span></p>
<p style="text-align: justify;"><a href="http://www.maritimemeile-haren.de/admin/wp-content/uploads/2014/05/197_1.jpg"><img loading="lazy" decoding="async" class="alignnone size-full wp-image-2743" src="http://www.maritimemeile-haren.de/admin/wp-content/uploads/2014/05/197_1.jpg" alt="197_1" width="600" height="363" srcset="http://www.maritimemeile-haren.de/admin/wp-content/uploads/2014/05/197_1.jpg 600w, http://www.maritimemeile-haren.de/admin/wp-content/uploads/2014/05/197_1-300x181.jpg 300w" sizes="(max-width: 600px) 100vw, 600px" /></a></p>
<p style="text-align: justify;"><span style="font-size: 10pt;">Motorsegler MARGARETHA<br />
(Foto: Laurenz Held)</span></p>
<p style="text-align: justify;"><a href="http://www.maritimemeile-haren.de/admin/wp-content/uploads/2014/05/197_2.jpg"><img loading="lazy" decoding="async" class="alignnone size-full wp-image-2744" src="http://www.maritimemeile-haren.de/admin/wp-content/uploads/2014/05/197_2.jpg" alt="197_2" width="600" height="384" srcset="http://www.maritimemeile-haren.de/admin/wp-content/uploads/2014/05/197_2.jpg 600w, http://www.maritimemeile-haren.de/admin/wp-content/uploads/2014/05/197_2-300x192.jpg 300w" sizes="(max-width: 600px) 100vw, 600px" /></a></p>
<p style="text-align: justify;"><span style="font-size: 10pt;">MARGARETHA<br />
(Foto: Margret Riddering)</span></p>
<p style="text-align: justify;"><a href="http://www.maritimemeile-haren.de/admin/wp-content/uploads/2014/05/197_3.jpg"><img loading="lazy" decoding="async" class="alignnone size-full wp-image-2745" src="http://www.maritimemeile-haren.de/admin/wp-content/uploads/2014/05/197_3.jpg" alt="197_3" width="600" height="443" srcset="http://www.maritimemeile-haren.de/admin/wp-content/uploads/2014/05/197_3.jpg 600w, http://www.maritimemeile-haren.de/admin/wp-content/uploads/2014/05/197_3-300x221.jpg 300w" sizes="(max-width: 600px) 100vw, 600px" /></a></p>
<p><span style="font-size: 10pt;">Motorsegler MARGARETHA in der Nordsee</span><br />
<span style="font-size: 10pt;">(Foto: Laurenz Held)</span></p>
<p><a href="http://www.maritimemeile-haren.de/admin/wp-content/uploads/2014/05/197_71.jpg"><img loading="lazy" decoding="async" class="alignnone wp-image-2735 size-full" src="http://www.maritimemeile-haren.de/admin/wp-content/uploads/2014/05/197_71.jpg" alt="" width="600" height="466" srcset="http://www.maritimemeile-haren.de/admin/wp-content/uploads/2014/05/197_71.jpg 600w, http://www.maritimemeile-haren.de/admin/wp-content/uploads/2014/05/197_71-300x233.jpg 300w" sizes="(max-width: 600px) 100vw, 600px" /></a></p>
<p><span style="font-size: 10pt;">MARGARETHA<br />
(Foto: Schifffahrtsmuseum Motorsegler)<br />
</span></p>
<p><a href="http://www.maritimemeile-haren.de/admin/wp-content/uploads/2014/05/197_81.jpg"><img loading="lazy" decoding="async" class="alignnone wp-image-2736 size-full" src="http://www.maritimemeile-haren.de/admin/wp-content/uploads/2014/05/197_81.jpg" alt="" width="600" height="352" srcset="http://www.maritimemeile-haren.de/admin/wp-content/uploads/2014/05/197_81.jpg 600w, http://www.maritimemeile-haren.de/admin/wp-content/uploads/2014/05/197_81-300x176.jpg 300w" sizes="(max-width: 600px) 100vw, 600px" /></a></p>
<p><span style="font-size: 10pt;">MARGARETHA, Haren; rechts: HANS JOSEF<br />
(Foto: Fotostudio Mecklenborg)</span></p>

<p>Margaretha Motorsegler MARGARETHA  (Bauj. 1929, 220 tdw), Kapitän Johann Held, Ölbild 90 x 60 cm Signatur: Clemens Barenbrügge 1941 Bildvorlage: Laurenz Held Aus der Geschichte: Kapitän Johann Held (geb.1896) war&hellip; </p>
