{"id":305,"date":"2014-05-20T09:20:03","date_gmt":"2014-05-20T07:20:03","guid":{"rendered":"http:\/\/www.maritimemeile-haren.de\/admin\/?page_id=305"},"modified":"2014-07-11T09:55:18","modified_gmt":"2014-07-11T07:55:18","slug":"198-stefan","status":"publish","type":"page","link":"http:\/\/www.maritimemeile-haren.de\/admin\/198-stefan\/","title":{"rendered":"198 STEPHAN"},"content":{"rendered":"<p><a href=\"http:\/\/www.maritimemeile-haren.de\/admin\/wp-content\/uploads\/2014\/05\/198_tab.jpg\"><img loading=\"lazy\" decoding=\"async\" class=\"alignnone size-full wp-image-1768\" src=\"http:\/\/www.maritimemeile-haren.de\/admin\/wp-content\/uploads\/2014\/05\/198_tab.jpg\" alt=\"Layout 1\" width=\"600\" height=\"292\" srcset=\"http:\/\/www.maritimemeile-haren.de\/admin\/wp-content\/uploads\/2014\/05\/198_tab.jpg 600w, http:\/\/www.maritimemeile-haren.de\/admin\/wp-content\/uploads\/2014\/05\/198_tab-300x146.jpg 300w\" sizes=\"(max-width: 600px) 100vw, 600px\" \/><\/a><\/p>\n<p><a href=\"http:\/\/www.maritimemeile-haren.de\/admin\/wp-content\/uploads\/2014\/05\/198_Stephan_1.jpg\"><img loading=\"lazy\" decoding=\"async\" class=\"alignnone size-full wp-image-1767\" src=\"http:\/\/www.maritimemeile-haren.de\/admin\/wp-content\/uploads\/2014\/05\/198_Stephan_1.jpg\" alt=\"198_Stephan_1\" width=\"600\" height=\"353\" srcset=\"http:\/\/www.maritimemeile-haren.de\/admin\/wp-content\/uploads\/2014\/05\/198_Stephan_1.jpg 600w, http:\/\/www.maritimemeile-haren.de\/admin\/wp-content\/uploads\/2014\/05\/198_Stephan_1-300x176.jpg 300w\" sizes=\"(max-width: 600px) 100vw, 600px\" \/><\/a><\/p>\n<p><span style=\"font-size: 10pt;\">Stephan<\/span><\/p>\n<h5>Aus der Geschichte:<\/h5>\n<p style=\"text-align: justify;\"><span style=\"font-size: 12pt;\">Am 26.11.1966 lief das erste in Haren gebaute eiserne K\u00fcstenmotorschiff bei der K\u00f6tter Werft vom Stapel. Auftraggeber des Neubaus unter dem Namen \u201eSTEPHAN\u201c war Kapit\u00e4n Bernhard Lohmann. Die \u00f6rtliche Presse vom 28.11.1966 berichtete unter der \u00dcberschrift &#8218;Unter Sirenenkl\u00e4ngen glitt die STEPHAN zum ersten Mal in sein nasses Element&#8216;: \u201eWerftbesitzer Adolf K\u00f6tter begr\u00fc\u00dfte in einer Feierstunde neben den vielen G\u00e4sten und Schaulustigen besonders die Familie Lohmann. Er machte deutlich, dass man beim Bau dieser neuen Werft vor vier Jahren nicht daran gedacht hatte, jemals Schiffe mit solch einem Ausma\u00df hier bauen zu k\u00f6nnen. Zu Lohmann gewandt erkl\u00e4rte K\u00f6tter: \u201eDir , lieber Bernd, w\u00fcnsche ich alles Gute und viel Gl\u00fcck. M\u00f6gest du mit deinem Schiff stets den Bestimmungshafen sicher erreichen!\u201c Bernhard Lohmann bedankte sich bei den Mitarbeitern der Werft f\u00fcr solide Arbeit, dann taufte seine Frau Liesel das Schiff auf den Namen STEPHAN.\u201c Das Schiff fuhr sp\u00e4ter mehrere Jahre im Linienverkehr in der Irischen See und im \u00c4rmelkanal. 1977 erfolgte der Verkauf an R. Boese &amp; Co., Duisburg, umbenannt in \u201eKAISERBERG\u201c. 1990 an Wagenborg Shipping BV. Am 9.12.1992 lief das Schiff im Hafen von Berwick upon Tweed auf und erlitt einen schweren Schaden am Schiffsk\u00f6rper. Es wurde 1993 an Fasse Zandhandel BV als Totalverlust verkauft. Kapit\u00e4n Bernhard Lohmann gr\u00fcndete 1977 zusammen mit den Kapit\u00e4nen Laurenz Held und Heinrich Schepers die Ems-Trans Schifffahrtsgesellschaft.<\/span><\/p>\n<p><a href=\"http:\/\/www.maritimemeile-haren.de\/admin\/wp-content\/uploads\/2014\/05\/198_7.jpg\"><img loading=\"lazy\" decoding=\"async\" class=\"alignnone size-full wp-image-2632\" src=\"http:\/\/www.maritimemeile-haren.de\/admin\/wp-content\/uploads\/2014\/05\/198_7.jpg\" alt=\"198_7\" width=\"600\" height=\"413\" srcset=\"http:\/\/www.maritimemeile-haren.de\/admin\/wp-content\/uploads\/2014\/05\/198_7.jpg 600w, http:\/\/www.maritimemeile-haren.de\/admin\/wp-content\/uploads\/2014\/05\/198_7-300x206.jpg 300w\" sizes=\"(max-width: 600px) 100vw, 600px\" \/><\/a><\/p>\n<p><span style=\"font-size: 10pt;\">STEPHAN (Bauj. 1966. 865 tdw, Ablieferung am 29.01.1967) (Foto: Adolf K\u00f6tter)<\/span><\/p>\n<p><a href=\"http:\/\/www.maritimemeile-haren.de\/admin\/wp-content\/uploads\/2014\/05\/198_8.jpg\"><img loading=\"lazy\" decoding=\"async\" class=\"alignnone size-full wp-image-2633\" src=\"http:\/\/www.maritimemeile-haren.de\/admin\/wp-content\/uploads\/2014\/05\/198_8.jpg\" alt=\"198_8\" width=\"600\" height=\"297\" srcset=\"http:\/\/www.maritimemeile-haren.de\/admin\/wp-content\/uploads\/2014\/05\/198_8.jpg 600w, http:\/\/www.maritimemeile-haren.de\/admin\/wp-content\/uploads\/2014\/05\/198_8-300x148.jpg 300w\" sizes=\"(max-width: 600px) 100vw, 600px\" \/><\/a><\/p>\n<p><span style=\"font-size: 10pt;\">STEPHAN in Jersey (Foto: Dave Hocquard, Jersey)<\/span><\/p>\n","protected":false},"excerpt":{"rendered":"<p>Stephan Aus der Geschichte: Am 26.11.1966 lief das erste in Haren gebaute eiserne K\u00fcstenmotorschiff bei der K\u00f6tter Werft vom Stapel. Auftraggeber des Neubaus unter dem Namen \u201eSTEPHAN\u201c war Kapit\u00e4n Bernhard&hellip; <\/p>\n","protected":false},"author":1,"featured_media":0,"parent":0,"menu_order":198,"comment_status":"closed","ping_status":"closed","template":"","meta":{"footnotes":""},"_links":{"self":[{"href":"http:\/\/www.maritimemeile-haren.de\/admin\/wp-json\/wp\/v2\/pages\/305"}],"collection":[{"href":"http:\/\/www.maritimemeile-haren.de\/admin\/wp-json\/wp\/v2\/pages"}],"about":[{"href":"http:\/\/www.maritimemeile-haren.de\/admin\/wp-json\/wp\/v2\/types\/page"}],"author":[{"embeddable":true,"href":"http:\/\/www.maritimemeile-haren.de\/admin\/wp-json\/wp\/v2\/users\/1"}],"replies":[{"embeddable":true,"href":"http:\/\/www.maritimemeile-haren.de\/admin\/wp-json\/wp\/v2\/comments?post=305"}],"version-history":[{"count":5,"href":"http:\/\/www.maritimemeile-haren.de\/admin\/wp-json\/wp\/v2\/pages\/305\/revisions"}],"predecessor-version":[{"id":3508,"href":"http:\/\/www.maritimemeile-haren.de\/admin\/wp-json\/wp\/v2\/pages\/305\/revisions\/3508"}],"wp:attachment":[{"href":"http:\/\/www.maritimemeile-haren.de\/admin\/wp-json\/wp\/v2\/media?parent=305"}],"curies":[{"name":"wp","href":"https:\/\/api.w.org\/{rel}","templated":true}]}}