{"id":334,"date":"2014-05-20T09:28:36","date_gmt":"2014-05-20T07:28:36","guid":{"rendered":"http:\/\/www.maritimemeile-haren.de\/admin\/?page_id=334"},"modified":"2014-07-10T13:45:50","modified_gmt":"2014-07-10T11:45:50","slug":"209-rudolf-schepers","status":"publish","type":"page","link":"http:\/\/www.maritimemeile-haren.de\/admin\/209-rudolf-schepers\/","title":{"rendered":"209 RUDOLF SCHEPERS"},"content":{"rendered":"<p><a href=\"http:\/\/www.maritimemeile-haren.de\/admin\/wp-content\/uploads\/2014\/05\/209_tab.jpg\"><img loading=\"lazy\" decoding=\"async\" class=\"alignnone size-full wp-image-1804\" src=\"http:\/\/www.maritimemeile-haren.de\/admin\/wp-content\/uploads\/2014\/05\/209_tab.jpg\" alt=\"Layout 1\" width=\"600\" height=\"292\" srcset=\"http:\/\/www.maritimemeile-haren.de\/admin\/wp-content\/uploads\/2014\/05\/209_tab.jpg 600w, http:\/\/www.maritimemeile-haren.de\/admin\/wp-content\/uploads\/2014\/05\/209_tab-300x146.jpg 300w\" sizes=\"(max-width: 600px) 100vw, 600px\" \/><\/a><\/p>\n<p><a href=\"http:\/\/www.maritimemeile-haren.de\/admin\/wp-content\/uploads\/2014\/05\/209_Rudolf-Schepers_1.jpg\"><img loading=\"lazy\" decoding=\"async\" class=\"alignnone size-full wp-image-1803\" src=\"http:\/\/www.maritimemeile-haren.de\/admin\/wp-content\/uploads\/2014\/05\/209_Rudolf-Schepers_1.jpg\" alt=\"209_Rudolf Schepers_1\" width=\"600\" height=\"359\" srcset=\"http:\/\/www.maritimemeile-haren.de\/admin\/wp-content\/uploads\/2014\/05\/209_Rudolf-Schepers_1.jpg 600w, http:\/\/www.maritimemeile-haren.de\/admin\/wp-content\/uploads\/2014\/05\/209_Rudolf-Schepers_1-300x179.jpg 300w\" sizes=\"(max-width: 600px) 100vw, 600px\" \/><\/a><\/p>\n<p><span style=\"font-size: 10pt;\">Rudolf Schepers<\/span><\/p>\n<h5>Aus der Geschichte:<\/h5>\n<p style=\"text-align: justify;\"><span style=\"font-size: 12pt;\">Gebaut f\u00fcr R. Schepers. Im April 1965 um 7 m verl\u00e4ngert, nun 499 tdw. 1969 an Thekla Schepers KG, umbenannt in \u201eMARUS\u201c. 1977 an die Nautical Shipping (Tortula), umbenannt in \u201eROAMIN-BRIO&#8220;, 1979 an W. H. Randall. 1980 unter amerikanischer Flagge. Sp\u00e4ter wurde es als Lotsenschiff in chilenischen Gew\u00e4ssern eingesetzt und dort auf den Klippen von einem Harener Kapit\u00e4n gesichtet.<\/span><\/p>\n<p><a href=\"http:\/\/www.maritimemeile-haren.de\/admin\/wp-content\/uploads\/2014\/05\/209_7.jpg\"><img loading=\"lazy\" decoding=\"async\" class=\"alignnone size-full wp-image-2681\" src=\"http:\/\/www.maritimemeile-haren.de\/admin\/wp-content\/uploads\/2014\/05\/209_7.jpg\" alt=\"209_7\" width=\"600\" height=\"309\" srcset=\"http:\/\/www.maritimemeile-haren.de\/admin\/wp-content\/uploads\/2014\/05\/209_7.jpg 600w, http:\/\/www.maritimemeile-haren.de\/admin\/wp-content\/uploads\/2014\/05\/209_7-300x154.jpg 300w\" sizes=\"(max-width: 600px) 100vw, 600px\" \/><\/a><\/p>\n<p>&nbsp;<\/p>\n<p><a href=\"http:\/\/www.maritimemeile-haren.de\/admin\/wp-content\/uploads\/2014\/05\/209_8.jpg\"><img loading=\"lazy\" decoding=\"async\" class=\"alignnone size-full wp-image-2682\" src=\"http:\/\/www.maritimemeile-haren.de\/admin\/wp-content\/uploads\/2014\/05\/209_8.jpg\" alt=\"209_8\" width=\"600\" height=\"409\" srcset=\"http:\/\/www.maritimemeile-haren.de\/admin\/wp-content\/uploads\/2014\/05\/209_8.jpg 600w, http:\/\/www.maritimemeile-haren.de\/admin\/wp-content\/uploads\/2014\/05\/209_8-300x204.jpg 300w\" sizes=\"(max-width: 600px) 100vw, 600px\" \/><\/a><\/p>\n<p><span style=\"font-size: 10pt;\">RUDOLF SCHEPERS w\u00e4hrend der Probefahrt<\/span><\/p>\n","protected":false},"excerpt":{"rendered":"<p>Rudolf Schepers Aus der Geschichte: Gebaut f\u00fcr R. Schepers. Im April 1965 um 7 m verl\u00e4ngert, nun 499 tdw. 1969 an Thekla Schepers KG, umbenannt in \u201eMARUS\u201c. 1977 an die&hellip; <\/p>\n","protected":false},"author":1,"featured_media":0,"parent":0,"menu_order":209,"comment_status":"closed","ping_status":"closed","template":"","meta":{"footnotes":""},"_links":{"self":[{"href":"http:\/\/www.maritimemeile-haren.de\/admin\/wp-json\/wp\/v2\/pages\/334"}],"collection":[{"href":"http:\/\/www.maritimemeile-haren.de\/admin\/wp-json\/wp\/v2\/pages"}],"about":[{"href":"http:\/\/www.maritimemeile-haren.de\/admin\/wp-json\/wp\/v2\/types\/page"}],"author":[{"embeddable":true,"href":"http:\/\/www.maritimemeile-haren.de\/admin\/wp-json\/wp\/v2\/users\/1"}],"replies":[{"embeddable":true,"href":"http:\/\/www.maritimemeile-haren.de\/admin\/wp-json\/wp\/v2\/comments?post=334"}],"version-history":[{"count":6,"href":"http:\/\/www.maritimemeile-haren.de\/admin\/wp-json\/wp\/v2\/pages\/334\/revisions"}],"predecessor-version":[{"id":3393,"href":"http:\/\/www.maritimemeile-haren.de\/admin\/wp-json\/wp\/v2\/pages\/334\/revisions\/3393"}],"wp:attachment":[{"href":"http:\/\/www.maritimemeile-haren.de\/admin\/wp-json\/wp\/v2\/media?parent=334"}],"curies":[{"name":"wp","href":"https:\/\/api.w.org\/{rel}","templated":true}]}}

<p><a href="http://www.maritimemeile-haren.de/admin/wp-content/uploads/2014/05/209_tab.jpg"><img loading="lazy" decoding="async" class="alignnone size-full wp-image-1804" src="http://www.maritimemeile-haren.de/admin/wp-content/uploads/2014/05/209_tab.jpg" alt="Layout 1" width="600" height="292" srcset="http://www.maritimemeile-haren.de/admin/wp-content/uploads/2014/05/209_tab.jpg 600w, http://www.maritimemeile-haren.de/admin/wp-content/uploads/2014/05/209_tab-300x146.jpg 300w" sizes="(max-width: 600px) 100vw, 600px" /></a></p>
<p><a href="http://www.maritimemeile-haren.de/admin/wp-content/uploads/2014/05/209_Rudolf-Schepers_1.jpg"><img loading="lazy" decoding="async" class="alignnone size-full wp-image-1803" src="http://www.maritimemeile-haren.de/admin/wp-content/uploads/2014/05/209_Rudolf-Schepers_1.jpg" alt="209_Rudolf Schepers_1" width="600" height="359" srcset="http://www.maritimemeile-haren.de/admin/wp-content/uploads/2014/05/209_Rudolf-Schepers_1.jpg 600w, http://www.maritimemeile-haren.de/admin/wp-content/uploads/2014/05/209_Rudolf-Schepers_1-300x179.jpg 300w" sizes="(max-width: 600px) 100vw, 600px" /></a></p>
<p><span style="font-size: 10pt;">Rudolf Schepers</span></p>
<h5>Aus der Geschichte:</h5>
<p style="text-align: justify;"><span style="font-size: 12pt;">Gebaut für R. Schepers. Im April 1965 um 7 m verlängert, nun 499 tdw. 1969 an Thekla Schepers KG, umbenannt in „MARUS“. 1977 an die Nautical Shipping (Tortula), umbenannt in „ROAMIN-BRIO&#8220;, 1979 an W. H. Randall. 1980 unter amerikanischer Flagge. Später wurde es als Lotsenschiff in chilenischen Gewässern eingesetzt und dort auf den Klippen von einem Harener Kapitän gesichtet.</span></p>
<p><a href="http://www.maritimemeile-haren.de/admin/wp-content/uploads/2014/05/209_7.jpg"><img loading="lazy" decoding="async" class="alignnone size-full wp-image-2681" src="http://www.maritimemeile-haren.de/admin/wp-content/uploads/2014/05/209_7.jpg" alt="209_7" width="600" height="309" srcset="http://www.maritimemeile-haren.de/admin/wp-content/uploads/2014/05/209_7.jpg 600w, http://www.maritimemeile-haren.de/admin/wp-content/uploads/2014/05/209_7-300x154.jpg 300w" sizes="(max-width: 600px) 100vw, 600px" /></a></p>
<p>&nbsp;</p>
<p><a href="http://www.maritimemeile-haren.de/admin/wp-content/uploads/2014/05/209_8.jpg"><img loading="lazy" decoding="async" class="alignnone size-full wp-image-2682" src="http://www.maritimemeile-haren.de/admin/wp-content/uploads/2014/05/209_8.jpg" alt="209_8" width="600" height="409" srcset="http://www.maritimemeile-haren.de/admin/wp-content/uploads/2014/05/209_8.jpg 600w, http://www.maritimemeile-haren.de/admin/wp-content/uploads/2014/05/209_8-300x204.jpg 300w" sizes="(max-width: 600px) 100vw, 600px" /></a></p>
<p><span style="font-size: 10pt;">RUDOLF SCHEPERS während der Probefahrt</span></p>

<p>Rudolf Schepers Aus der Geschichte: Gebaut für R. Schepers. Im April 1965 um 7 m verlängert, nun 499 tdw. 1969 an Thekla Schepers KG, umbenannt in „MARUS“. 1977 an die&hellip; </p>
