{"id":340,"date":"2014-05-20T09:31:18","date_gmt":"2014-05-20T07:31:18","guid":{"rendered":"http:\/\/www.maritimemeile-haren.de\/admin\/?page_id=340"},"modified":"2014-11-05T14:44:15","modified_gmt":"2014-11-05T12:44:15","slug":"212-schiffswerft-gebr-elfring","status":"publish","type":"page","link":"http:\/\/www.maritimemeile-haren.de\/admin\/212-schiffswerft-gebr-elfring\/","title":{"rendered":"212 SCHIFFSWERFT GEBR. ELFRING"},"content":{"rendered":"<p><a href=\"http:\/\/www.maritimemeile-haren.de\/admin\/wp-content\/uploads\/2014\/05\/212_tab1.jpg\"><img loading=\"lazy\" decoding=\"async\" class=\"alignnone size-full wp-image-4902\" src=\"http:\/\/www.maritimemeile-haren.de\/admin\/wp-content\/uploads\/2014\/05\/212_tab1.jpg\" alt=\"Layout 1\" width=\"600\" height=\"292\" srcset=\"http:\/\/www.maritimemeile-haren.de\/admin\/wp-content\/uploads\/2014\/05\/212_tab1.jpg 600w, http:\/\/www.maritimemeile-haren.de\/admin\/wp-content\/uploads\/2014\/05\/212_tab1-300x146.jpg 300w\" sizes=\"(max-width: 600px) 100vw, 600px\" \/><\/a><\/p>\n<p><a href=\"http:\/\/www.maritimemeile-haren.de\/admin\/wp-content\/uploads\/2014\/05\/212_Schiffswerk-Elfring_1.jpg\"><img loading=\"lazy\" decoding=\"async\" class=\"alignnone size-full wp-image-1813\" src=\"http:\/\/www.maritimemeile-haren.de\/admin\/wp-content\/uploads\/2014\/05\/212_Schiffswerk-Elfring_1.jpg\" alt=\"212_Schiffswerk Elfring_1\" width=\"600\" height=\"373\" srcset=\"http:\/\/www.maritimemeile-haren.de\/admin\/wp-content\/uploads\/2014\/05\/212_Schiffswerk-Elfring_1.jpg 600w, http:\/\/www.maritimemeile-haren.de\/admin\/wp-content\/uploads\/2014\/05\/212_Schiffswerk-Elfring_1-300x186.jpg 300w\" sizes=\"(max-width: 600px) 100vw, 600px\" \/><\/a><\/p>\n<p><span style=\"font-size: 10pt;\">Schiffswerft Geb. Elfring<\/span><\/p>\n<h5>Aus der Geschichte:<\/h5>\n<p style=\"text-align: justify;\"><span style=\"font-size: 12pt;\">Der Erste Weltkrieg verursachte einen tiefen Einschnitt in die Schifffahrt an unserer K\u00fcste. Waren die vorher gebauten Schiffe im Wesentlichen reine Segler und Schleppfahrzeuge gewesen, b\u00fcrgerte sich die Verwendung von Hilfsmotoren in der Harener Schifffahrt langsam mehr und mehr ein.<\/span><\/p>\n<p style=\"text-align: justify;\"><span style=\"font-size: 12pt;\">Zum Favoriten f\u00fcr die Harener Partikuliere entwickelte sich der Gl\u00fchkopfmotor. Er verdr\u00e4ngte den Petroleummotor, der im Unterhalt zu teuer war. Wegen seiner robusten Bauweise erwiesen sich die Motoren als sehr langlebig und waren auch von technisch nicht versierten Schiffern sicher zu bedienen. Der Gl\u00fchkopf musste erst 15 Minuten vor Inbetriebnahme der Maschine mit einer L\u00f6tlampe erhitzt werden. Bald wurden auch Dieselmotoren mit zwei Zylindern in der St\u00e4rke von 70 PS verwendet. Auf der Werft Gebr. Elfring wurde zahlreiche ehemalige Schleppschiffe mit diesen Motoren ausger\u00fcstet. Viele Fahrzeuge wurden verl\u00e4ngert, erh\u00f6ht und den Erfordernissen der Zeit angepasst.<\/span><\/p>\n<p style=\"text-align: justify;\"><a href=\"http:\/\/www.maritimemeile-haren.de\/admin\/wp-content\/uploads\/2014\/05\/212_3.jpg\"><img loading=\"lazy\" decoding=\"async\" class=\"alignnone size-full wp-image-3260\" src=\"http:\/\/www.maritimemeile-haren.de\/admin\/wp-content\/uploads\/2014\/05\/212_3.jpg\" alt=\"212_3\" width=\"600\" height=\"431\" srcset=\"http:\/\/www.maritimemeile-haren.de\/admin\/wp-content\/uploads\/2014\/05\/212_3.jpg 600w, http:\/\/www.maritimemeile-haren.de\/admin\/wp-content\/uploads\/2014\/05\/212_3-300x215.jpg 300w\" sizes=\"(max-width: 600px) 100vw, 600px\" \/><\/a><\/p>\n<p><span style=\"font-size: 10pt;\">Werft Gebr. Elfring\u00a0\u00a0\u00a0 (Foto: Annegret Elfring)<\/span><\/p>\n<p style=\"text-align: justify;\"><a href=\"http:\/\/www.maritimemeile-haren.de\/admin\/wp-content\/uploads\/2014\/05\/212_2.jpg\"><img loading=\"lazy\" decoding=\"async\" class=\"alignnone size-full wp-image-3261\" src=\"http:\/\/www.maritimemeile-haren.de\/admin\/wp-content\/uploads\/2014\/05\/212_2.jpg\" alt=\"212_2\" width=\"600\" height=\"415\" srcset=\"http:\/\/www.maritimemeile-haren.de\/admin\/wp-content\/uploads\/2014\/05\/212_2.jpg 600w, http:\/\/www.maritimemeile-haren.de\/admin\/wp-content\/uploads\/2014\/05\/212_2-300x207.jpg 300w\" sizes=\"(max-width: 600px) 100vw, 600px\" \/><\/a><\/p>\n<p><span style=\"font-size: 10pt;\">Werft Gebr. Elfring um 1930<\/span><br \/>\n<span style=\"font-size: 10pt;\">(Foto: Frau Wermes)<\/span><\/p>\n<p><!--more--><!--nextpage--><\/p>\n<h5 style=\"text-align: justify;\">Auszug aus Band II<\/h5>\n<p style=\"text-align: justify;\"><span style=\"font-size: 12pt;\">Die Elfring Werft<\/span><\/p>\n<p style=\"text-align: justify;\"><span style=\"font-size: 12pt;\">Der Anfang dieser Werft am Haren-R\u00fctenbrock-Kanal, kurz hinter der Kanalbr\u00fccke nach Altharen, war ein baracken\u00e4hnliches Geb\u00e4ude, in dem der Schlossermeister Gerhard Elfring und sein Bruder Hermann am 1. Mai 1920 eine Schiffs- und Motorenreparaturwerkstatt er\u00f6ffneten. Im Jahre 1927 erwarben sie das Gel\u00e4nde und die Anlagen der Sch\u00f6ning \/ Schepers \/ Sibum &#8211; Werkstatt. (Heute befindet sich dort das Geb\u00e4ude der Freiwilligen Feuerwehr Haren und die Motorenhalle des Schifffahrtsmuseums.) In den folgenden Jahren wurden hier viele Schiffe repariert, umgebaut und motorisiert.<\/span><\/p>\n<p style=\"text-align: justify;\"><a href=\"http:\/\/www.maritimemeile-haren.de\/admin\/wp-content\/uploads\/2014\/05\/212_500.jpg\"><img loading=\"lazy\" decoding=\"async\" class=\"alignnone size-full wp-image-3962\" src=\"http:\/\/www.maritimemeile-haren.de\/admin\/wp-content\/uploads\/2014\/05\/212_500.jpg\" alt=\"212_500\" width=\"600\" height=\"240\" srcset=\"http:\/\/www.maritimemeile-haren.de\/admin\/wp-content\/uploads\/2014\/05\/212_500.jpg 600w, http:\/\/www.maritimemeile-haren.de\/admin\/wp-content\/uploads\/2014\/05\/212_500-300x120.jpg 300w\" sizes=\"(max-width: 600px) 100vw, 600px\" \/><\/a><\/p>\n<p><span style=\"font-size: 10pt;\">Elfring-Werft\u00a0 am Haren-R\u00fctenbrock-Kanal<\/span><br \/>\n<span style=\"font-size: 10pt;\">(Foto: Angelika K\u00f6tter)<\/span><\/p>\n<p style=\"text-align: justify;\"><span style=\"font-size: 12pt;\">1948 trennte sich Hermann Elfring von seinem Bruder Gerhard und gr\u00fcndete am alten Hafen eine Motorenwerft. Nach dem Krieg war die Nachfrage nach neuen Schiffen gro\u00df; die Werft ging mit der Zeit und legte 1958 auf eigene Rechnung die &#8222;FAVORIT&#8220; auf Kiel. Es folgten weitere Neubauten, die von der eigenen Reederei (ELKA) betreut wurden und an ihrem Schornsteinenblem (die Zahl 11 in einem Kreis) gut zu erkennen waren. Ende der 50er und Anfang der 60er Jahre stellte sich <\/span><span style=\"font-size: 12pt;\">jedoch heraus, dass der Markt nach immer gr\u00f6\u00dferen Schiffen verlangte. Die Ma\u00dfe der Schleuse des Haren-R\u00fctenbrock- Kanals setzten Grenzen, die den Anforderungen nicht mehr gerecht wurden. Unter der Regie von Schiffbauingenieur Heinz Elfring, dem Sohn des Firmengr\u00fcnders, wurden im Kanal neue Schiffe in zwei Sektionen gebaut und auf einem Montageplatz an der &#8218;Blauen Donau&#8216;, einem alten Emsarm in Haren-Raken, zusammengef\u00fcgt. Nach der Errichtung der Montagehallen und des B\u00fcrogeb\u00e4udes auf diesem neuen Werksgel\u00e4nde im Jahre 1969\/70 war die M\u00f6glichkeit gegeben immer gr\u00f6\u00dfere Einheiten zu fertigen. Nach dem mehrfach gebauten &#8222;Johann Welker-Typ&#8220; (80&#215;9,50&#215;2,70 m &#8211; 1.470t) steigerte die Werft die Abmessungen weiter.<\/span><\/p>\n<p style=\"text-align: justify;\"><a href=\"http:\/\/www.maritimemeile-haren.de\/admin\/wp-content\/uploads\/2014\/05\/212_501.jpg\"><img loading=\"lazy\" decoding=\"async\" class=\"alignnone size-full wp-image-3963\" src=\"http:\/\/www.maritimemeile-haren.de\/admin\/wp-content\/uploads\/2014\/05\/212_501.jpg\" alt=\"212_501\" width=\"600\" height=\"431\" srcset=\"http:\/\/www.maritimemeile-haren.de\/admin\/wp-content\/uploads\/2014\/05\/212_501.jpg 600w, http:\/\/www.maritimemeile-haren.de\/admin\/wp-content\/uploads\/2014\/05\/212_501-300x215.jpg 300w\" sizes=\"(max-width: 600px) 100vw, 600px\" \/><\/a><\/p>\n<p><span style=\"font-size: 10pt;\">ADELGUNDE\u00a0 auf der Elfring-Werft<\/span><br \/>\n<span style=\"font-size: 10pt;\">(Foto:\u00a0 Annegret Elfring)<\/span><\/p>\n<p style=\"text-align: justify;\"><span style=\"font-size: 12pt;\">1972\/73 lief mit der &#8222;JUMBO&#8220; das damals gr\u00f6\u00dfte Binnenschiff Europas vom Stapel; es war 125 m lang, 11,75 m breit, hatte einen Tiefgang von 4,75 m und eine Tragf\u00e4higkeit von 5.058 t. Auf dem Gel\u00e4nde der Werft, die 1977 ihre Tore schloss, befindet sich heute ein Yachthafen mit den f\u00fcr diesen Betrieb erforderlichen Anlagen zur Wartung und Reparatur der Boote.<\/span><\/p>\n<p style=\"text-align: justify;\"><a href=\"http:\/\/www.maritimemeile-haren.de\/admin\/wp-content\/uploads\/2014\/05\/212_502.jpg\"><img loading=\"lazy\" decoding=\"async\" class=\"alignnone size-full wp-image-3964\" src=\"http:\/\/www.maritimemeile-haren.de\/admin\/wp-content\/uploads\/2014\/05\/212_502.jpg\" alt=\"212_502\" width=\"600\" height=\"407\" srcset=\"http:\/\/www.maritimemeile-haren.de\/admin\/wp-content\/uploads\/2014\/05\/212_502.jpg 600w, http:\/\/www.maritimemeile-haren.de\/admin\/wp-content\/uploads\/2014\/05\/212_502-300x203.jpg 300w\" sizes=\"(max-width: 600px) 100vw, 600px\" \/><\/a><\/p>\n<p style=\"text-align: justify;\"><span style=\"font-size: 10pt;\">Elfring-Werft\u00a0\u00a0 Stapellauf\u00a0 &#8222;JUMBO&#8220; \u00a0<\/span><br \/>\n<span style=\"font-size: 10pt;\">(Foto: Annegret Elfring)<\/span><\/p>\n<p style=\"text-align: justify;\"><a href=\"http:\/\/www.maritimemeile-haren.de\/admin\/wp-content\/uploads\/2014\/05\/212_30.jpg\"><img loading=\"lazy\" decoding=\"async\" class=\"alignnone size-full wp-image-4143\" src=\"http:\/\/www.maritimemeile-haren.de\/admin\/wp-content\/uploads\/2014\/05\/212_30.jpg\" alt=\"212_30\" width=\"600\" height=\"379\" srcset=\"http:\/\/www.maritimemeile-haren.de\/admin\/wp-content\/uploads\/2014\/05\/212_30.jpg 600w, http:\/\/www.maritimemeile-haren.de\/admin\/wp-content\/uploads\/2014\/05\/212_30-300x189.jpg 300w\" sizes=\"(max-width: 600px) 100vw, 600px\" \/><\/a><\/p>\n","protected":false},"excerpt":{"rendered":"<p>Schiffswerft Geb. Elfring Aus der Geschichte: Der Erste Weltkrieg verursachte einen tiefen Einschnitt in die Schifffahrt an unserer K\u00fcste. Waren die vorher gebauten Schiffe im Wesentlichen reine Segler und Schleppfahrzeuge&hellip; <\/p>\n","protected":false},"author":1,"featured_media":0,"parent":0,"menu_order":212,"comment_status":"closed","ping_status":"closed","template":"","meta":{"footnotes":""},"_links":{"self":[{"href":"http:\/\/www.maritimemeile-haren.de\/admin\/wp-json\/wp\/v2\/pages\/340"}],"collection":[{"href":"http:\/\/www.maritimemeile-haren.de\/admin\/wp-json\/wp\/v2\/pages"}],"about":[{"href":"http:\/\/www.maritimemeile-haren.de\/admin\/wp-json\/wp\/v2\/types\/page"}],"author":[{"embeddable":true,"href":"http:\/\/www.maritimemeile-haren.de\/admin\/wp-json\/wp\/v2\/users\/1"}],"replies":[{"embeddable":true,"href":"http:\/\/www.maritimemeile-haren.de\/admin\/wp-json\/wp\/v2\/comments?post=340"}],"version-history":[{"count":14,"href":"http:\/\/www.maritimemeile-haren.de\/admin\/wp-json\/wp\/v2\/pages\/340\/revisions"}],"predecessor-version":[{"id":4903,"href":"http:\/\/www.maritimemeile-haren.de\/admin\/wp-json\/wp\/v2\/pages\/340\/revisions\/4903"}],"wp:attachment":[{"href":"http:\/\/www.maritimemeile-haren.de\/admin\/wp-json\/wp\/v2\/media?parent=340"}],"curies":[{"name":"wp","href":"https:\/\/api.w.org\/{rel}","templated":true}]}}

<p><a href="http://www.maritimemeile-haren.de/admin/wp-content/uploads/2014/05/212_tab1.jpg"><img loading="lazy" decoding="async" class="alignnone size-full wp-image-4902" src="http://www.maritimemeile-haren.de/admin/wp-content/uploads/2014/05/212_tab1.jpg" alt="Layout 1" width="600" height="292" srcset="http://www.maritimemeile-haren.de/admin/wp-content/uploads/2014/05/212_tab1.jpg 600w, http://www.maritimemeile-haren.de/admin/wp-content/uploads/2014/05/212_tab1-300x146.jpg 300w" sizes="(max-width: 600px) 100vw, 600px" /></a></p>
<p><a href="http://www.maritimemeile-haren.de/admin/wp-content/uploads/2014/05/212_Schiffswerk-Elfring_1.jpg"><img loading="lazy" decoding="async" class="alignnone size-full wp-image-1813" src="http://www.maritimemeile-haren.de/admin/wp-content/uploads/2014/05/212_Schiffswerk-Elfring_1.jpg" alt="212_Schiffswerk Elfring_1" width="600" height="373" srcset="http://www.maritimemeile-haren.de/admin/wp-content/uploads/2014/05/212_Schiffswerk-Elfring_1.jpg 600w, http://www.maritimemeile-haren.de/admin/wp-content/uploads/2014/05/212_Schiffswerk-Elfring_1-300x186.jpg 300w" sizes="(max-width: 600px) 100vw, 600px" /></a></p>
<p><span style="font-size: 10pt;">Schiffswerft Geb. Elfring</span></p>
<h5>Aus der Geschichte:</h5>
<p style="text-align: justify;"><span style="font-size: 12pt;">Der Erste Weltkrieg verursachte einen tiefen Einschnitt in die Schifffahrt an unserer Küste. Waren die vorher gebauten Schiffe im Wesentlichen reine Segler und Schleppfahrzeuge gewesen, bürgerte sich die Verwendung von Hilfsmotoren in der Harener Schifffahrt langsam mehr und mehr ein.</span></p>
<p style="text-align: justify;"><span style="font-size: 12pt;">Zum Favoriten für die Harener Partikuliere entwickelte sich der Glühkopfmotor. Er verdrängte den Petroleummotor, der im Unterhalt zu teuer war. Wegen seiner robusten Bauweise erwiesen sich die Motoren als sehr langlebig und waren auch von technisch nicht versierten Schiffern sicher zu bedienen. Der Glühkopf musste erst 15 Minuten vor Inbetriebnahme der Maschine mit einer Lötlampe erhitzt werden. Bald wurden auch Dieselmotoren mit zwei Zylindern in der Stärke von 70 PS verwendet. Auf der Werft Gebr. Elfring wurde zahlreiche ehemalige Schleppschiffe mit diesen Motoren ausgerüstet. Viele Fahrzeuge wurden verlängert, erhöht und den Erfordernissen der Zeit angepasst.</span></p>
<p style="text-align: justify;"><a href="http://www.maritimemeile-haren.de/admin/wp-content/uploads/2014/05/212_3.jpg"><img loading="lazy" decoding="async" class="alignnone size-full wp-image-3260" src="http://www.maritimemeile-haren.de/admin/wp-content/uploads/2014/05/212_3.jpg" alt="212_3" width="600" height="431" srcset="http://www.maritimemeile-haren.de/admin/wp-content/uploads/2014/05/212_3.jpg 600w, http://www.maritimemeile-haren.de/admin/wp-content/uploads/2014/05/212_3-300x215.jpg 300w" sizes="(max-width: 600px) 100vw, 600px" /></a></p>
<p><span style="font-size: 10pt;">Werft Gebr. Elfring    (Foto: Annegret Elfring)</span></p>
<p style="text-align: justify;"><a href="http://www.maritimemeile-haren.de/admin/wp-content/uploads/2014/05/212_2.jpg"><img loading="lazy" decoding="async" class="alignnone size-full wp-image-3261" src="http://www.maritimemeile-haren.de/admin/wp-content/uploads/2014/05/212_2.jpg" alt="212_2" width="600" height="415" srcset="http://www.maritimemeile-haren.de/admin/wp-content/uploads/2014/05/212_2.jpg 600w, http://www.maritimemeile-haren.de/admin/wp-content/uploads/2014/05/212_2-300x207.jpg 300w" sizes="(max-width: 600px) 100vw, 600px" /></a></p>
<p><span style="font-size: 10pt;">Werft Gebr. Elfring um 1930</span><br />
<span style="font-size: 10pt;">(Foto: Frau Wermes)</span></p>
<p><!--more--><!--nextpage--></p>
<h5 style="text-align: justify;">Auszug aus Band II</h5>
<p style="text-align: justify;"><span style="font-size: 12pt;">Die Elfring Werft</span></p>
<p style="text-align: justify;"><span style="font-size: 12pt;">Der Anfang dieser Werft am Haren-Rütenbrock-Kanal, kurz hinter der Kanalbrücke nach Altharen, war ein barackenähnliches Gebäude, in dem der Schlossermeister Gerhard Elfring und sein Bruder Hermann am 1. Mai 1920 eine Schiffs- und Motorenreparaturwerkstatt eröffneten. Im Jahre 1927 erwarben sie das Gelände und die Anlagen der Schöning / Schepers / Sibum &#8211; Werkstatt. (Heute befindet sich dort das Gebäude der Freiwilligen Feuerwehr Haren und die Motorenhalle des Schifffahrtsmuseums.) In den folgenden Jahren wurden hier viele Schiffe repariert, umgebaut und motorisiert.</span></p>
<p style="text-align: justify;"><a href="http://www.maritimemeile-haren.de/admin/wp-content/uploads/2014/05/212_500.jpg"><img loading="lazy" decoding="async" class="alignnone size-full wp-image-3962" src="http://www.maritimemeile-haren.de/admin/wp-content/uploads/2014/05/212_500.jpg" alt="212_500" width="600" height="240" srcset="http://www.maritimemeile-haren.de/admin/wp-content/uploads/2014/05/212_500.jpg 600w, http://www.maritimemeile-haren.de/admin/wp-content/uploads/2014/05/212_500-300x120.jpg 300w" sizes="(max-width: 600px) 100vw, 600px" /></a></p>
<p><span style="font-size: 10pt;">Elfring-Werft  am Haren-Rütenbrock-Kanal</span><br />
<span style="font-size: 10pt;">(Foto: Angelika Kötter)</span></p>
<p style="text-align: justify;"><span style="font-size: 12pt;">1948 trennte sich Hermann Elfring von seinem Bruder Gerhard und gründete am alten Hafen eine Motorenwerft. Nach dem Krieg war die Nachfrage nach neuen Schiffen groß; die Werft ging mit der Zeit und legte 1958 auf eigene Rechnung die &#8222;FAVORIT&#8220; auf Kiel. Es folgten weitere Neubauten, die von der eigenen Reederei (ELKA) betreut wurden und an ihrem Schornsteinenblem (die Zahl 11 in einem Kreis) gut zu erkennen waren. Ende der 50er und Anfang der 60er Jahre stellte sich </span><span style="font-size: 12pt;">jedoch heraus, dass der Markt nach immer größeren Schiffen verlangte. Die Maße der Schleuse des Haren-Rütenbrock- Kanals setzten Grenzen, die den Anforderungen nicht mehr gerecht wurden. Unter der Regie von Schiffbauingenieur Heinz Elfring, dem Sohn des Firmengründers, wurden im Kanal neue Schiffe in zwei Sektionen gebaut und auf einem Montageplatz an der &#8218;Blauen Donau&#8216;, einem alten Emsarm in Haren-Raken, zusammengefügt. Nach der Errichtung der Montagehallen und des Bürogebäudes auf diesem neuen Werksgelände im Jahre 1969/70 war die Möglichkeit gegeben immer größere Einheiten zu fertigen. Nach dem mehrfach gebauten &#8222;Johann Welker-Typ&#8220; (80&#215;9,50&#215;2,70 m &#8211; 1.470t) steigerte die Werft die Abmessungen weiter.</span></p>
<p style="text-align: justify;"><a href="http://www.maritimemeile-haren.de/admin/wp-content/uploads/2014/05/212_501.jpg"><img loading="lazy" decoding="async" class="alignnone size-full wp-image-3963" src="http://www.maritimemeile-haren.de/admin/wp-content/uploads/2014/05/212_501.jpg" alt="212_501" width="600" height="431" srcset="http://www.maritimemeile-haren.de/admin/wp-content/uploads/2014/05/212_501.jpg 600w, http://www.maritimemeile-haren.de/admin/wp-content/uploads/2014/05/212_501-300x215.jpg 300w" sizes="(max-width: 600px) 100vw, 600px" /></a></p>
<p><span style="font-size: 10pt;">ADELGUNDE  auf der Elfring-Werft</span><br />
<span style="font-size: 10pt;">(Foto:  Annegret Elfring)</span></p>
<p style="text-align: justify;"><span style="font-size: 12pt;">1972/73 lief mit der &#8222;JUMBO&#8220; das damals größte Binnenschiff Europas vom Stapel; es war 125 m lang, 11,75 m breit, hatte einen Tiefgang von 4,75 m und eine Tragfähigkeit von 5.058 t. Auf dem Gelände der Werft, die 1977 ihre Tore schloss, befindet sich heute ein Yachthafen mit den für diesen Betrieb erforderlichen Anlagen zur Wartung und Reparatur der Boote.</span></p>
<p style="text-align: justify;"><a href="http://www.maritimemeile-haren.de/admin/wp-content/uploads/2014/05/212_502.jpg"><img loading="lazy" decoding="async" class="alignnone size-full wp-image-3964" src="http://www.maritimemeile-haren.de/admin/wp-content/uploads/2014/05/212_502.jpg" alt="212_502" width="600" height="407" srcset="http://www.maritimemeile-haren.de/admin/wp-content/uploads/2014/05/212_502.jpg 600w, http://www.maritimemeile-haren.de/admin/wp-content/uploads/2014/05/212_502-300x203.jpg 300w" sizes="(max-width: 600px) 100vw, 600px" /></a></p>
<p style="text-align: justify;"><span style="font-size: 10pt;">Elfring-Werft   Stapellauf  &#8222;JUMBO&#8220;  </span><br />
<span style="font-size: 10pt;">(Foto: Annegret Elfring)</span></p>
<p style="text-align: justify;"><a href="http://www.maritimemeile-haren.de/admin/wp-content/uploads/2014/05/212_30.jpg"><img loading="lazy" decoding="async" class="alignnone size-full wp-image-4143" src="http://www.maritimemeile-haren.de/admin/wp-content/uploads/2014/05/212_30.jpg" alt="212_30" width="600" height="379" srcset="http://www.maritimemeile-haren.de/admin/wp-content/uploads/2014/05/212_30.jpg 600w, http://www.maritimemeile-haren.de/admin/wp-content/uploads/2014/05/212_30-300x189.jpg 300w" sizes="(max-width: 600px) 100vw, 600px" /></a></p>

<p>Schiffswerft Geb. Elfring Aus der Geschichte: Der Erste Weltkrieg verursachte einen tiefen Einschnitt in die Schifffahrt an unserer Küste. Waren die vorher gebauten Schiffe im Wesentlichen reine Segler und Schleppfahrzeuge&hellip; </p>
