{"id":342,"date":"2014-05-20T09:31:46","date_gmt":"2014-05-20T07:31:46","guid":{"rendered":"http:\/\/www.maritimemeile-haren.de\/admin\/?page_id=342"},"modified":"2014-07-10T08:48:35","modified_gmt":"2014-07-10T06:48:35","slug":"213-brandaris","status":"publish","type":"page","link":"http:\/\/www.maritimemeile-haren.de\/admin\/213-brandaris\/","title":{"rendered":"213 BRANDARIS"},"content":{"rendered":"<p><a href=\"http:\/\/www.maritimemeile-haren.de\/admin\/wp-content\/uploads\/2014\/05\/213_tab.jpg\"><img loading=\"lazy\" decoding=\"async\" class=\"alignnone size-full wp-image-1820\" src=\"http:\/\/www.maritimemeile-haren.de\/admin\/wp-content\/uploads\/2014\/05\/213_tab.jpg\" alt=\"Layout 1\" width=\"600\" height=\"292\" srcset=\"http:\/\/www.maritimemeile-haren.de\/admin\/wp-content\/uploads\/2014\/05\/213_tab.jpg 600w, http:\/\/www.maritimemeile-haren.de\/admin\/wp-content\/uploads\/2014\/05\/213_tab-300x146.jpg 300w\" sizes=\"(max-width: 600px) 100vw, 600px\" \/><\/a><\/p>\n<p><a href=\"http:\/\/www.maritimemeile-haren.de\/admin\/wp-content\/uploads\/2014\/05\/213_Brandaris_1.jpg\"><img loading=\"lazy\" decoding=\"async\" class=\"alignnone size-full wp-image-1819\" src=\"http:\/\/www.maritimemeile-haren.de\/admin\/wp-content\/uploads\/2014\/05\/213_Brandaris_1.jpg\" alt=\"213_Brandaris_1\" width=\"600\" height=\"364\" srcset=\"http:\/\/www.maritimemeile-haren.de\/admin\/wp-content\/uploads\/2014\/05\/213_Brandaris_1.jpg 600w, http:\/\/www.maritimemeile-haren.de\/admin\/wp-content\/uploads\/2014\/05\/213_Brandaris_1-300x182.jpg 300w\" sizes=\"(max-width: 600px) 100vw, 600px\" \/><\/a><\/p>\n<p><span style=\"font-size: 10pt;\">Brandaris<\/span><\/p>\n<h5>Aus der Geschichte:<\/h5>\n<p style=\"text-align: justify;\"><span style=\"font-size: 12pt;\">In der Meppener Tagespost vom 14. Januar 1986 stand zu lesen:<\/span><br \/>\n<span style=\"font-size: 12pt;\">\u201eMit der BRANDARIS stellt die Hegemann Werft einen neuen Schiffstyp vor, der speziell f\u00fcr die Containerfahrt entwickelt und ausger\u00fcstet wurde. Der eisverst\u00e4rkte Neubau ist aber nicht ein reines Containerschiff; als Einraum-Doppelh\u00fcllen-Schiff kann es mit St\u00fcck- und Sch\u00fcttg\u00fctern aller Art beladen werden und ist f\u00fcr die Mittlere Fahrt klassifiziert. Es soll vorwiegend zwischen den Rheinh\u00e4fen und Gro\u00dfbritannien verkehren.\u201c<\/span><\/p>\n<p><span style=\"font-size: 12pt;\">Kurzzeitig umbenannt in \u201eRMS MERCATOR\u201c f\u00e4hrt das Schiff jetzt wieder unter seinem urspr\u00fcnglichen Namen.<\/span><\/p>\n","protected":false},"excerpt":{"rendered":"<p>Brandaris Aus der Geschichte: In der Meppener Tagespost vom 14. Januar 1986 stand zu lesen: \u201eMit der BRANDARIS stellt die Hegemann Werft einen neuen Schiffstyp vor, der speziell f\u00fcr die&hellip; <\/p>\n","protected":false},"author":1,"featured_media":0,"parent":0,"menu_order":213,"comment_status":"closed","ping_status":"closed","template":"","meta":{"footnotes":""},"_links":{"self":[{"href":"http:\/\/www.maritimemeile-haren.de\/admin\/wp-json\/wp\/v2\/pages\/342"}],"collection":[{"href":"http:\/\/www.maritimemeile-haren.de\/admin\/wp-json\/wp\/v2\/pages"}],"about":[{"href":"http:\/\/www.maritimemeile-haren.de\/admin\/wp-json\/wp\/v2\/types\/page"}],"author":[{"embeddable":true,"href":"http:\/\/www.maritimemeile-haren.de\/admin\/wp-json\/wp\/v2\/users\/1"}],"replies":[{"embeddable":true,"href":"http:\/\/www.maritimemeile-haren.de\/admin\/wp-json\/wp\/v2\/comments?post=342"}],"version-history":[{"count":3,"href":"http:\/\/www.maritimemeile-haren.de\/admin\/wp-json\/wp\/v2\/pages\/342\/revisions"}],"predecessor-version":[{"id":3263,"href":"http:\/\/www.maritimemeile-haren.de\/admin\/wp-json\/wp\/v2\/pages\/342\/revisions\/3263"}],"wp:attachment":[{"href":"http:\/\/www.maritimemeile-haren.de\/admin\/wp-json\/wp\/v2\/media?parent=342"}],"curies":[{"name":"wp","href":"https:\/\/api.w.org\/{rel}","templated":true}]}}

<p><a href="http://www.maritimemeile-haren.de/admin/wp-content/uploads/2014/05/213_tab.jpg"><img loading="lazy" decoding="async" class="alignnone size-full wp-image-1820" src="http://www.maritimemeile-haren.de/admin/wp-content/uploads/2014/05/213_tab.jpg" alt="Layout 1" width="600" height="292" srcset="http://www.maritimemeile-haren.de/admin/wp-content/uploads/2014/05/213_tab.jpg 600w, http://www.maritimemeile-haren.de/admin/wp-content/uploads/2014/05/213_tab-300x146.jpg 300w" sizes="(max-width: 600px) 100vw, 600px" /></a></p>
<p><a href="http://www.maritimemeile-haren.de/admin/wp-content/uploads/2014/05/213_Brandaris_1.jpg"><img loading="lazy" decoding="async" class="alignnone size-full wp-image-1819" src="http://www.maritimemeile-haren.de/admin/wp-content/uploads/2014/05/213_Brandaris_1.jpg" alt="213_Brandaris_1" width="600" height="364" srcset="http://www.maritimemeile-haren.de/admin/wp-content/uploads/2014/05/213_Brandaris_1.jpg 600w, http://www.maritimemeile-haren.de/admin/wp-content/uploads/2014/05/213_Brandaris_1-300x182.jpg 300w" sizes="(max-width: 600px) 100vw, 600px" /></a></p>
<p><span style="font-size: 10pt;">Brandaris</span></p>
<h5>Aus der Geschichte:</h5>
<p style="text-align: justify;"><span style="font-size: 12pt;">In der Meppener Tagespost vom 14. Januar 1986 stand zu lesen:</span><br />
<span style="font-size: 12pt;">„Mit der BRANDARIS stellt die Hegemann Werft einen neuen Schiffstyp vor, der speziell für die Containerfahrt entwickelt und ausgerüstet wurde. Der eisverstärkte Neubau ist aber nicht ein reines Containerschiff; als Einraum-Doppelhüllen-Schiff kann es mit Stück- und Schüttgütern aller Art beladen werden und ist für die Mittlere Fahrt klassifiziert. Es soll vorwiegend zwischen den Rheinhäfen und Großbritannien verkehren.“</span></p>
<p><span style="font-size: 12pt;">Kurzzeitig umbenannt in „RMS MERCATOR“ fährt das Schiff jetzt wieder unter seinem ursprünglichen Namen.</span></p>

<p>Brandaris Aus der Geschichte: In der Meppener Tagespost vom 14. Januar 1986 stand zu lesen: „Mit der BRANDARIS stellt die Hegemann Werft einen neuen Schiffstyp vor, der speziell für die&hellip; </p>
