{"id":372,"date":"2014-05-20T09:43:19","date_gmt":"2014-05-20T07:43:19","guid":{"rendered":"http:\/\/www.maritimemeile-haren.de\/admin\/?page_id=372"},"modified":"2014-07-10T09:16:44","modified_gmt":"2014-07-10T07:16:44","slug":"226-majo","status":"publish","type":"page","link":"http:\/\/www.maritimemeile-haren.de\/admin\/226-majo\/","title":{"rendered":"227 MAJO"},"content":{"rendered":"<p><a href=\"http:\/\/www.maritimemeile-haren.de\/admin\/wp-content\/uploads\/2014\/05\/227_tab.jpg\"><img loading=\"lazy\" decoding=\"async\" class=\"alignnone size-full wp-image-1866\" src=\"http:\/\/www.maritimemeile-haren.de\/admin\/wp-content\/uploads\/2014\/05\/227_tab.jpg\" alt=\"Layout 1\" width=\"600\" height=\"292\" srcset=\"http:\/\/www.maritimemeile-haren.de\/admin\/wp-content\/uploads\/2014\/05\/227_tab.jpg 600w, http:\/\/www.maritimemeile-haren.de\/admin\/wp-content\/uploads\/2014\/05\/227_tab-300x146.jpg 300w\" sizes=\"(max-width: 600px) 100vw, 600px\" \/><\/a><\/p>\n<p><a href=\"http:\/\/www.maritimemeile-haren.de\/admin\/wp-content\/uploads\/2014\/05\/227_Majo-1.jpg\"><img loading=\"lazy\" decoding=\"async\" class=\"alignnone size-full wp-image-1865\" src=\"http:\/\/www.maritimemeile-haren.de\/admin\/wp-content\/uploads\/2014\/05\/227_Majo-1.jpg\" alt=\"227_Majo-1\" width=\"600\" height=\"339\" srcset=\"http:\/\/www.maritimemeile-haren.de\/admin\/wp-content\/uploads\/2014\/05\/227_Majo-1.jpg 600w, http:\/\/www.maritimemeile-haren.de\/admin\/wp-content\/uploads\/2014\/05\/227_Majo-1-300x169.jpg 300w\" sizes=\"(max-width: 600px) 100vw, 600px\" \/><\/a><\/p>\n<p><span style=\"font-size: 10pt;\">Majo<\/span><\/p>\n<h5>Aus der Geschichte:<\/h5>\n<p style=\"text-align: justify;\"><span style=\"font-size: 12pt;\">Kapit\u00e4n Alois Held gab 1965 bei der Martin Jansen Werft in Leer ein neues Schiff in Auftrag. Die \u00f6rtliche Presse berichtete \u00fcber den Stapellauf vom 16.09.1965: \u201eDat Beste foer MS MAJO! war der aufrichtige Wunsch von Werftbesitzer Martin Jansen im historischen &#8218;blauen Zimmer der Gr\u00e4fin Anna&#8216; in der &#8218;Waage&#8216; zu Leer. Und viele Ehreng\u00e4ste schlossen sich diesem Wunsche nicht minder herzlich an. Kapit\u00e4n Alois Held strahlte und erkl\u00e4rte, dass zu Ehren der Eltern Maria und Johann das neue Schiff den Namen MAJO tragen sollte.\u201c \u00dcber die Probefahrt vom 23.11.1965 vermeldeten die &#8218;Emsland Nachrichten&#8216; unter der \u00dcberschrift &#8218;MS MAJO bestand Probe mit Bravour&#8216;: \u201eVolle Kraft voraus! Kapit\u00e4n J\u00fcrgensen, Navigationslehrer der Leeraner Seefahrtsschule, gab das Kommando. Langsam glitt die MAJO aus der Seeschleuse in Leer. Kraftvoll stampften die Maschinen. \u00dcber die Toppen geflaggt schob sich das stolze Schiff durch die Eisschollen ins freie Fahrwasser der Leda. Auf der H\u00f6he von Delfzijl, in hoheitsfreiem Gew\u00e4sser, bestand die MAJO alle Anforderungen mit Bravour. Das Telefon an Bord wurde f\u00fcr das erste Gespr\u00e4ch von Alois Held benutzt. \u00dcber Norddeich Radio lie\u00df er sich mit seiner Mutter in Haren verbinden und \u00fcbermittelte ihr die herzlichsten Gr\u00fc\u00dfe und W\u00fcnsche. Der Neubau ist mit allen modernen navigatorischen Hilfsmitteln ausgestattet, wie Radar, Autopilot, Echolot, Funksprech und Funkpeiler. Noch heute l\u00e4uft die MAJO mit einer Ladung Koks von Emden nach Finnland aus.\u201c 1972 an J. R. Rix &amp; Sons Ltd., Hull, umbenannt in \u201eTIMRIX\u201c. Am 16.11.1977 sank das Schiff bei schwerem Wetter 12 Meilen n\u00f6rdlich von Cape Cornwall\/St. Ives.<\/span><\/p>\n<p style=\"text-align: justify;\"><a href=\"http:\/\/www.maritimemeile-haren.de\/admin\/wp-content\/uploads\/2014\/05\/227_3.jpg\"><img loading=\"lazy\" decoding=\"async\" class=\"alignnone size-full wp-image-3283\" src=\"http:\/\/www.maritimemeile-haren.de\/admin\/wp-content\/uploads\/2014\/05\/227_3.jpg\" alt=\"227_3\" width=\"300\" height=\"442\" srcset=\"http:\/\/www.maritimemeile-haren.de\/admin\/wp-content\/uploads\/2014\/05\/227_3.jpg 300w, http:\/\/www.maritimemeile-haren.de\/admin\/wp-content\/uploads\/2014\/05\/227_3-203x300.jpg 203w\" sizes=\"(max-width: 300px) 100vw, 300px\" \/><\/a><\/p>\n<p><span style=\"font-size: 10pt;\">MAJO\u00a0\u00a0\u00a0 (Foto: Alois Held)<\/span><\/p>\n<p><a href=\"http:\/\/www.maritimemeile-haren.de\/admin\/wp-content\/uploads\/2014\/05\/227_8.jpg\"><img loading=\"lazy\" decoding=\"async\" class=\"alignnone size-full wp-image-2752\" src=\"http:\/\/www.maritimemeile-haren.de\/admin\/wp-content\/uploads\/2014\/05\/227_8.jpg\" alt=\"227_8\" width=\"600\" height=\"263\" srcset=\"http:\/\/www.maritimemeile-haren.de\/admin\/wp-content\/uploads\/2014\/05\/227_8.jpg 600w, http:\/\/www.maritimemeile-haren.de\/admin\/wp-content\/uploads\/2014\/05\/227_8-300x131.jpg 300w\" sizes=\"(max-width: 600px) 100vw, 600px\" \/><\/a><\/p>\n<p><span style=\"font-size: 10pt;\">MAJO (Foto: Rudi Kleijn, Rozenburg)<\/span><\/p>\n","protected":false},"excerpt":{"rendered":"<p>Majo Aus der Geschichte: Kapit\u00e4n Alois Held gab 1965 bei der Martin Jansen Werft in Leer ein neues Schiff in Auftrag. Die \u00f6rtliche Presse berichtete \u00fcber den Stapellauf vom 16.09.1965:&hellip; <\/p>\n","protected":false},"author":1,"featured_media":0,"parent":0,"menu_order":227,"comment_status":"closed","ping_status":"closed","template":"","meta":{"footnotes":""},"_links":{"self":[{"href":"http:\/\/www.maritimemeile-haren.de\/admin\/wp-json\/wp\/v2\/pages\/372"}],"collection":[{"href":"http:\/\/www.maritimemeile-haren.de\/admin\/wp-json\/wp\/v2\/pages"}],"about":[{"href":"http:\/\/www.maritimemeile-haren.de\/admin\/wp-json\/wp\/v2\/types\/page"}],"author":[{"embeddable":true,"href":"http:\/\/www.maritimemeile-haren.de\/admin\/wp-json\/wp\/v2\/users\/1"}],"replies":[{"embeddable":true,"href":"http:\/\/www.maritimemeile-haren.de\/admin\/wp-json\/wp\/v2\/comments?post=372"}],"version-history":[{"count":6,"href":"http:\/\/www.maritimemeile-haren.de\/admin\/wp-json\/wp\/v2\/pages\/372\/revisions"}],"predecessor-version":[{"id":3284,"href":"http:\/\/www.maritimemeile-haren.de\/admin\/wp-json\/wp\/v2\/pages\/372\/revisions\/3284"}],"wp:attachment":[{"href":"http:\/\/www.maritimemeile-haren.de\/admin\/wp-json\/wp\/v2\/media?parent=372"}],"curies":[{"name":"wp","href":"https:\/\/api.w.org\/{rel}","templated":true}]}}

<p><a href="http://www.maritimemeile-haren.de/admin/wp-content/uploads/2014/05/227_tab.jpg"><img loading="lazy" decoding="async" class="alignnone size-full wp-image-1866" src="http://www.maritimemeile-haren.de/admin/wp-content/uploads/2014/05/227_tab.jpg" alt="Layout 1" width="600" height="292" srcset="http://www.maritimemeile-haren.de/admin/wp-content/uploads/2014/05/227_tab.jpg 600w, http://www.maritimemeile-haren.de/admin/wp-content/uploads/2014/05/227_tab-300x146.jpg 300w" sizes="(max-width: 600px) 100vw, 600px" /></a></p>
<p><a href="http://www.maritimemeile-haren.de/admin/wp-content/uploads/2014/05/227_Majo-1.jpg"><img loading="lazy" decoding="async" class="alignnone size-full wp-image-1865" src="http://www.maritimemeile-haren.de/admin/wp-content/uploads/2014/05/227_Majo-1.jpg" alt="227_Majo-1" width="600" height="339" srcset="http://www.maritimemeile-haren.de/admin/wp-content/uploads/2014/05/227_Majo-1.jpg 600w, http://www.maritimemeile-haren.de/admin/wp-content/uploads/2014/05/227_Majo-1-300x169.jpg 300w" sizes="(max-width: 600px) 100vw, 600px" /></a></p>
<p><span style="font-size: 10pt;">Majo</span></p>
<h5>Aus der Geschichte:</h5>
<p style="text-align: justify;"><span style="font-size: 12pt;">Kapitän Alois Held gab 1965 bei der Martin Jansen Werft in Leer ein neues Schiff in Auftrag. Die örtliche Presse berichtete über den Stapellauf vom 16.09.1965: „Dat Beste foer MS MAJO! war der aufrichtige Wunsch von Werftbesitzer Martin Jansen im historischen &#8218;blauen Zimmer der Gräfin Anna&#8216; in der &#8218;Waage&#8216; zu Leer. Und viele Ehrengäste schlossen sich diesem Wunsche nicht minder herzlich an. Kapitän Alois Held strahlte und erklärte, dass zu Ehren der Eltern Maria und Johann das neue Schiff den Namen MAJO tragen sollte.“ Über die Probefahrt vom 23.11.1965 vermeldeten die &#8218;Emsland Nachrichten&#8216; unter der Überschrift &#8218;MS MAJO bestand Probe mit Bravour&#8216;: „Volle Kraft voraus! Kapitän Jürgensen, Navigationslehrer der Leeraner Seefahrtsschule, gab das Kommando. Langsam glitt die MAJO aus der Seeschleuse in Leer. Kraftvoll stampften die Maschinen. Über die Toppen geflaggt schob sich das stolze Schiff durch die Eisschollen ins freie Fahrwasser der Leda. Auf der Höhe von Delfzijl, in hoheitsfreiem Gewässer, bestand die MAJO alle Anforderungen mit Bravour. Das Telefon an Bord wurde für das erste Gespräch von Alois Held benutzt. Über Norddeich Radio ließ er sich mit seiner Mutter in Haren verbinden und übermittelte ihr die herzlichsten Grüße und Wünsche. Der Neubau ist mit allen modernen navigatorischen Hilfsmitteln ausgestattet, wie Radar, Autopilot, Echolot, Funksprech und Funkpeiler. Noch heute läuft die MAJO mit einer Ladung Koks von Emden nach Finnland aus.“ 1972 an J. R. Rix &amp; Sons Ltd., Hull, umbenannt in „TIMRIX“. Am 16.11.1977 sank das Schiff bei schwerem Wetter 12 Meilen nördlich von Cape Cornwall/St. Ives.</span></p>
<p style="text-align: justify;"><a href="http://www.maritimemeile-haren.de/admin/wp-content/uploads/2014/05/227_3.jpg"><img loading="lazy" decoding="async" class="alignnone size-full wp-image-3283" src="http://www.maritimemeile-haren.de/admin/wp-content/uploads/2014/05/227_3.jpg" alt="227_3" width="300" height="442" srcset="http://www.maritimemeile-haren.de/admin/wp-content/uploads/2014/05/227_3.jpg 300w, http://www.maritimemeile-haren.de/admin/wp-content/uploads/2014/05/227_3-203x300.jpg 203w" sizes="(max-width: 300px) 100vw, 300px" /></a></p>
<p><span style="font-size: 10pt;">MAJO    (Foto: Alois Held)</span></p>
<p><a href="http://www.maritimemeile-haren.de/admin/wp-content/uploads/2014/05/227_8.jpg"><img loading="lazy" decoding="async" class="alignnone size-full wp-image-2752" src="http://www.maritimemeile-haren.de/admin/wp-content/uploads/2014/05/227_8.jpg" alt="227_8" width="600" height="263" srcset="http://www.maritimemeile-haren.de/admin/wp-content/uploads/2014/05/227_8.jpg 600w, http://www.maritimemeile-haren.de/admin/wp-content/uploads/2014/05/227_8-300x131.jpg 300w" sizes="(max-width: 600px) 100vw, 600px" /></a></p>
<p><span style="font-size: 10pt;">MAJO (Foto: Rudi Kleijn, Rozenburg)</span></p>

<p>Majo Aus der Geschichte: Kapitän Alois Held gab 1965 bei der Martin Jansen Werft in Leer ein neues Schiff in Auftrag. Die örtliche Presse berichtete über den Stapellauf vom 16.09.1965:&hellip; </p>
