{"id":391,"date":"2014-05-20T09:50:30","date_gmt":"2014-05-20T07:50:30","guid":{"rendered":"http:\/\/www.maritimemeile-haren.de\/admin\/?page_id=391"},"modified":"2014-07-10T09:34:25","modified_gmt":"2014-07-10T07:34:25","slug":"234-gesine","status":"publish","type":"page","link":"http:\/\/www.maritimemeile-haren.de\/admin\/234-gesine\/","title":{"rendered":"234 GESINE"},"content":{"rendered":"<p><a href=\"http:\/\/www.maritimemeile-haren.de\/admin\/wp-content\/uploads\/2014\/05\/234_tab.jpg\"><img loading=\"lazy\" decoding=\"async\" class=\"alignnone size-full wp-image-1891\" src=\"http:\/\/www.maritimemeile-haren.de\/admin\/wp-content\/uploads\/2014\/05\/234_tab.jpg\" alt=\"Layout 1\" width=\"600\" height=\"292\" srcset=\"http:\/\/www.maritimemeile-haren.de\/admin\/wp-content\/uploads\/2014\/05\/234_tab.jpg 600w, http:\/\/www.maritimemeile-haren.de\/admin\/wp-content\/uploads\/2014\/05\/234_tab-300x146.jpg 300w\" sizes=\"(max-width: 600px) 100vw, 600px\" \/><\/a><\/p>\n<p><a href=\"http:\/\/www.maritimemeile-haren.de\/admin\/wp-content\/uploads\/2014\/05\/234_Gesine_1.jpg\"><img loading=\"lazy\" decoding=\"async\" class=\"alignnone size-full wp-image-1890\" src=\"http:\/\/www.maritimemeile-haren.de\/admin\/wp-content\/uploads\/2014\/05\/234_Gesine_1.jpg\" alt=\"234_Gesine_1\" width=\"600\" height=\"335\" srcset=\"http:\/\/www.maritimemeile-haren.de\/admin\/wp-content\/uploads\/2014\/05\/234_Gesine_1.jpg 600w, http:\/\/www.maritimemeile-haren.de\/admin\/wp-content\/uploads\/2014\/05\/234_Gesine_1-300x167.jpg 300w\" sizes=\"(max-width: 600px) 100vw, 600px\" \/><\/a><\/p>\n<p><span style=\"font-size: 10pt;\">Gesine<\/span><\/p>\n<h5>Aus der Geschichte:<\/h5>\n<p style=\"text-align: justify;\"><span style=\"font-size: 12pt;\">Das Schiff wurde am 15.11.1937 ins Seeschiffsregister in Emden eingetragen und verkehrte im Nord- und Ostseeraum. W\u00e4hrend des Krieges wurde die \u201eGESINE\u201c be\u00adschlag\u00adnahmt, in Sektionen zerschnitten und auf Tiefladern nach Regensburg gebracht. Dort wurde das Schiff wieder zusammengesetzt und \u00fcber die Donau zum Schwarzen Meer \u00fcberf\u00fchrt, wo es als Vorpostenboot im Krieg gegen Russland eingesetzt wurde. Am 15.10.1944 versank die \u201eGESINE\u201c bei Saloniki. Nach dem Krieg wurde sie wieder gehoben und in Fahrt gebracht.<\/span><\/p>\n<p style=\"text-align: justify;\">\n<p><a href=\"http:\/\/www.maritimemeile-haren.de\/admin\/wp-content\/uploads\/2014\/05\/267_7.jpg\"><img loading=\"lazy\" decoding=\"async\" class=\"alignnone size-full wp-image-2764\" src=\"http:\/\/www.maritimemeile-haren.de\/admin\/wp-content\/uploads\/2014\/05\/267_7.jpg\" alt=\"267_7\" width=\"600\" height=\"734\" srcset=\"http:\/\/www.maritimemeile-haren.de\/admin\/wp-content\/uploads\/2014\/05\/267_7.jpg 600w, http:\/\/www.maritimemeile-haren.de\/admin\/wp-content\/uploads\/2014\/05\/267_7-245x300.jpg 245w\" sizes=\"(max-width: 600px) 100vw, 600px\" \/><\/a><\/p>\n<p><span style=\"font-size: 10pt;\">Probefahrt der GESINE in K\u00f6ln <\/span><br \/>\n<span style=\"font-size: 10pt;\"> v.l.: Thea Kiepe, Rudolf Schepers, Anni Hanses<\/span><br \/>\n<span style=\"font-size: 10pt;\">(Foto: Thea Kiepe)<br \/>\n<\/span><\/p>\n<p><a href=\"http:\/\/www.maritimemeile-haren.de\/admin\/wp-content\/uploads\/2014\/05\/232_8.jpg\"><img loading=\"lazy\" decoding=\"async\" class=\"alignnone size-full wp-image-2766\" src=\"http:\/\/www.maritimemeile-haren.de\/admin\/wp-content\/uploads\/2014\/05\/232_8.jpg\" alt=\"232_8\" width=\"600\" height=\"207\" srcset=\"http:\/\/www.maritimemeile-haren.de\/admin\/wp-content\/uploads\/2014\/05\/232_8.jpg 600w, http:\/\/www.maritimemeile-haren.de\/admin\/wp-content\/uploads\/2014\/05\/232_8-300x103.jpg 300w\" sizes=\"(max-width: 600px) 100vw, 600px\" \/><\/a><\/p>\n<p><span style=\"font-size: 10pt;\">Demontage der GESINE<\/span><br \/>\n<span style=\"font-size: 10pt;\"> Die Sektionen wurden auf Tiefladern zur Donau transportiert.<\/span><br \/>\n<span style=\"font-size: 10pt;\">(Foto: Gisa Busse)<br \/>\n<\/span><\/p>\n","protected":false},"excerpt":{"rendered":"<p>Gesine Aus der Geschichte: Das Schiff wurde am 15.11.1937 ins Seeschiffsregister in Emden eingetragen und verkehrte im Nord- und Ostseeraum. W\u00e4hrend des Krieges wurde die \u201eGESINE\u201c be\u00adschlag\u00adnahmt, in Sektionen zerschnitten&hellip; <\/p>\n","protected":false},"author":1,"featured_media":0,"parent":0,"menu_order":234,"comment_status":"closed","ping_status":"closed","template":"","meta":{"footnotes":""},"_links":{"self":[{"href":"http:\/\/www.maritimemeile-haren.de\/admin\/wp-json\/wp\/v2\/pages\/391"}],"collection":[{"href":"http:\/\/www.maritimemeile-haren.de\/admin\/wp-json\/wp\/v2\/pages"}],"about":[{"href":"http:\/\/www.maritimemeile-haren.de\/admin\/wp-json\/wp\/v2\/types\/page"}],"author":[{"embeddable":true,"href":"http:\/\/www.maritimemeile-haren.de\/admin\/wp-json\/wp\/v2\/users\/1"}],"replies":[{"embeddable":true,"href":"http:\/\/www.maritimemeile-haren.de\/admin\/wp-json\/wp\/v2\/comments?post=391"}],"version-history":[{"count":6,"href":"http:\/\/www.maritimemeile-haren.de\/admin\/wp-json\/wp\/v2\/pages\/391\/revisions"}],"predecessor-version":[{"id":3294,"href":"http:\/\/www.maritimemeile-haren.de\/admin\/wp-json\/wp\/v2\/pages\/391\/revisions\/3294"}],"wp:attachment":[{"href":"http:\/\/www.maritimemeile-haren.de\/admin\/wp-json\/wp\/v2\/media?parent=391"}],"curies":[{"name":"wp","href":"https:\/\/api.w.org\/{rel}","templated":true}]}}

<p><a href="http://www.maritimemeile-haren.de/admin/wp-content/uploads/2014/05/234_tab.jpg"><img loading="lazy" decoding="async" class="alignnone size-full wp-image-1891" src="http://www.maritimemeile-haren.de/admin/wp-content/uploads/2014/05/234_tab.jpg" alt="Layout 1" width="600" height="292" srcset="http://www.maritimemeile-haren.de/admin/wp-content/uploads/2014/05/234_tab.jpg 600w, http://www.maritimemeile-haren.de/admin/wp-content/uploads/2014/05/234_tab-300x146.jpg 300w" sizes="(max-width: 600px) 100vw, 600px" /></a></p>
<p><a href="http://www.maritimemeile-haren.de/admin/wp-content/uploads/2014/05/234_Gesine_1.jpg"><img loading="lazy" decoding="async" class="alignnone size-full wp-image-1890" src="http://www.maritimemeile-haren.de/admin/wp-content/uploads/2014/05/234_Gesine_1.jpg" alt="234_Gesine_1" width="600" height="335" srcset="http://www.maritimemeile-haren.de/admin/wp-content/uploads/2014/05/234_Gesine_1.jpg 600w, http://www.maritimemeile-haren.de/admin/wp-content/uploads/2014/05/234_Gesine_1-300x167.jpg 300w" sizes="(max-width: 600px) 100vw, 600px" /></a></p>
<p><span style="font-size: 10pt;">Gesine</span></p>
<h5>Aus der Geschichte:</h5>
<p style="text-align: justify;"><span style="font-size: 12pt;">Das Schiff wurde am 15.11.1937 ins Seeschiffsregister in Emden eingetragen und verkehrte im Nord- und Ostseeraum. Während des Krieges wurde die „GESINE“ be­schlag­nahmt, in Sektionen zerschnitten und auf Tiefladern nach Regensburg gebracht. Dort wurde das Schiff wieder zusammengesetzt und über die Donau zum Schwarzen Meer überführt, wo es als Vorpostenboot im Krieg gegen Russland eingesetzt wurde. Am 15.10.1944 versank die „GESINE“ bei Saloniki. Nach dem Krieg wurde sie wieder gehoben und in Fahrt gebracht.</span></p>
<p style="text-align: justify;">
<p><a href="http://www.maritimemeile-haren.de/admin/wp-content/uploads/2014/05/267_7.jpg"><img loading="lazy" decoding="async" class="alignnone size-full wp-image-2764" src="http://www.maritimemeile-haren.de/admin/wp-content/uploads/2014/05/267_7.jpg" alt="267_7" width="600" height="734" srcset="http://www.maritimemeile-haren.de/admin/wp-content/uploads/2014/05/267_7.jpg 600w, http://www.maritimemeile-haren.de/admin/wp-content/uploads/2014/05/267_7-245x300.jpg 245w" sizes="(max-width: 600px) 100vw, 600px" /></a></p>
<p><span style="font-size: 10pt;">Probefahrt der GESINE in Köln </span><br />
<span style="font-size: 10pt;"> v.l.: Thea Kiepe, Rudolf Schepers, Anni Hanses</span><br />
<span style="font-size: 10pt;">(Foto: Thea Kiepe)<br />
</span></p>
<p><a href="http://www.maritimemeile-haren.de/admin/wp-content/uploads/2014/05/232_8.jpg"><img loading="lazy" decoding="async" class="alignnone size-full wp-image-2766" src="http://www.maritimemeile-haren.de/admin/wp-content/uploads/2014/05/232_8.jpg" alt="232_8" width="600" height="207" srcset="http://www.maritimemeile-haren.de/admin/wp-content/uploads/2014/05/232_8.jpg 600w, http://www.maritimemeile-haren.de/admin/wp-content/uploads/2014/05/232_8-300x103.jpg 300w" sizes="(max-width: 600px) 100vw, 600px" /></a></p>
<p><span style="font-size: 10pt;">Demontage der GESINE</span><br />
<span style="font-size: 10pt;"> Die Sektionen wurden auf Tiefladern zur Donau transportiert.</span><br />
<span style="font-size: 10pt;">(Foto: Gisa Busse)<br />
</span></p>

<p>Gesine Aus der Geschichte: Das Schiff wurde am 15.11.1937 ins Seeschiffsregister in Emden eingetragen und verkehrte im Nord- und Ostseeraum. Während des Krieges wurde die „GESINE“ be­schlag­nahmt, in Sektionen zerschnitten&hellip; </p>
