{"id":4325,"date":"2014-10-22T09:36:34","date_gmt":"2014-10-22T07:36:34","guid":{"rendered":"http:\/\/www.maritimemeile-haren.de\/admin\/?page_id=4325"},"modified":"2014-11-03T15:07:51","modified_gmt":"2014-11-03T13:07:51","slug":"die-idee","status":"publish","type":"page","link":"http:\/\/www.maritimemeile-haren.de\/admin\/die-idee\/","title":{"rendered":"Die Idee"},"content":{"rendered":"<h4>Die Maritime Meile in Haren (Ems)<\/h4>\n<p style=\"text-align: justify;\"><span style=\"font-size: 12pt;\">Jeder gro\u00dfe Handelsweg hatte fr\u00fcher seine \u201eMeilensteine\u201c. Es waren Markierungspunkte, die der Orientierung dienten und auf denen der Reisende die Entfernung ablesen konnte, die noch vor ihm lag oder bereits bew\u00e4ltigt wurde.<\/span><\/p>\n<p style=\"text-align: justify;\"><span style=\"font-size: 12pt;\">Von einem \u201eMeilenstein\u201c spricht man auch, wenn wieder einmal ein neues Stadium in der Entwicklung der Menschheit erreicht wurde, wobei die Zeitabst\u00e4nde des Fortschritts immer k\u00fcrzer werden.<\/span><\/p>\n<p style=\"text-align: justify;\"><a href=\"http:\/\/www.maritimemeile-haren.de\/admin\/wp-content\/uploads\/2014\/05\/IMG_3782_kl.jpg\"><img loading=\"lazy\" decoding=\"async\" src=\"http:\/\/www.maritimemeile-haren.de\/admin\/wp-content\/uploads\/2014\/05\/IMG_3782_kl.jpg\" alt=\"IMG_3782_kl\" width=\"600\" height=\"400\" \/><\/a><\/p>\n<p style=\"text-align: justify;\"><span style=\"font-size: 12pt;\">\u201eMeilensteine\u201c sind Denkm\u00e4ler, die an die Geschichte erinnern und bei deren Betrachtung wir in unserer schnelllebigen Zeit ein wenig zur Ruhe und Besinnung kommen k\u00f6nnen.<\/span><\/p>\n<p style=\"text-align: justify;\"><!--nextpage--><\/p>\n<p style=\"text-align: justify;\"><span style=\"font-size: 12pt;\"><strong>\u201eBei einer Tasse Tee entstand die Idee.\u201c<\/strong><\/span><\/p>\n<p style=\"text-align: justify;\"><span style=\"font-size: 12pt;\">Aufgrund dieser Anregung entwickelte der Heimatverein Haren mit der finanziellen Unterst\u00fctzung seitens interessierter B\u00fcrger und der Sparkasse Emsland die \u201eMaritime Meile in Haren (Ems)\u201c und realisierte diese unter Mithilfe der Stadt Haren.<\/span><\/p>\n<p style=\"text-align: justify;\"><span style=\"font-size: 12pt;\">Eine Dokumentation, die ihren Besuchern auf \u201ealten\u201c Stra\u00dfen aufschlussreiche Einblicke in die \u201eMeilensteine\u201c der Harener Schifffahrtsgeschichte gibt. Sie zeigt die besondere Verbundenheit unserer Gemeinde mit der Schifffahrt von fr\u00fcher und heute und dient dazu, die Tradition zu erhalten und sie den B\u00fcrgern, insbesondere den j\u00fcngeren, sowie den vielen ausw\u00e4rtigen G\u00e4sten n\u00e4her zu bringen.<\/span><\/p>\n<p style=\"text-align: justify;\"><a href=\"http:\/\/www.maritimemeile-haren.de\/admin\/wp-content\/uploads\/2014\/05\/DSCN6611_kl.jpg\"><img loading=\"lazy\" decoding=\"async\" class=\"alignnone size-full wp-image-667\" src=\"http:\/\/www.maritimemeile-haren.de\/admin\/wp-content\/uploads\/2014\/05\/DSCN6611_kl.jpg\" alt=\"DSCN6611_kl\" width=\"600\" height=\"450\" srcset=\"http:\/\/www.maritimemeile-haren.de\/admin\/wp-content\/uploads\/2014\/05\/DSCN6611_kl.jpg 600w, http:\/\/www.maritimemeile-haren.de\/admin\/wp-content\/uploads\/2014\/05\/DSCN6611_kl-300x225.jpg 300w\" sizes=\"(max-width: 600px) 100vw, 600px\" \/><\/a><\/p>\n<p style=\"text-align: justify;\"><a href=\"http:\/\/www.maritimemeile-haren.de\/admin\/wp-content\/uploads\/2014\/05\/DSCN6633.jpg\"><img loading=\"lazy\" decoding=\"async\" class=\"alignnone size-full wp-image-668\" src=\"http:\/\/www.maritimemeile-haren.de\/admin\/wp-content\/uploads\/2014\/05\/DSCN6633.jpg\" alt=\"DSCN6633\" width=\"600\" height=\"450\" srcset=\"http:\/\/www.maritimemeile-haren.de\/admin\/wp-content\/uploads\/2014\/05\/DSCN6633.jpg 600w, http:\/\/www.maritimemeile-haren.de\/admin\/wp-content\/uploads\/2014\/05\/DSCN6633-300x225.jpg 300w\" sizes=\"(max-width: 600px) 100vw, 600px\" \/><\/a><\/p>\n<p style=\"text-align: justify;\"><span style=\"font-size: 12pt;\">In das Pflaster der Gehwege und an bestimmten Pl\u00e4tzen sind in regelm\u00e4\u00dfigen Abst\u00e4nden nummerierte und beschriftete Tafeln aus Stahl eingearbeitet. Anhand dieser Nummern findet man in einer begleitenden Brosch\u00fcre Fotos und n\u00e4here Informationen \u00fcber die verschiedensten Harener Schiffe, Reedereien, Schifffahrtsfamilien und -verb\u00e4nde. Jeder dieser \u201eSteine\u201c steht somit f\u00fcr seine eigene, kleine Geschichte.<\/span><\/p>\n","protected":false},"excerpt":{"rendered":"<p>Die Maritime Meile in Haren (Ems) Jeder gro\u00dfe Handelsweg hatte fr\u00fcher seine \u201eMeilensteine\u201c. Es waren Markierungspunkte, die der Orientierung dienten und auf denen der Reisende die Entfernung ablesen konnte, die&hellip; <\/p>\n","protected":false},"author":1,"featured_media":0,"parent":0,"menu_order":0,"comment_status":"closed","ping_status":"closed","template":"","meta":{"footnotes":""},"_links":{"self":[{"href":"http:\/\/www.maritimemeile-haren.de\/admin\/wp-json\/wp\/v2\/pages\/4325"}],"collection":[{"href":"http:\/\/www.maritimemeile-haren.de\/admin\/wp-json\/wp\/v2\/pages"}],"about":[{"href":"http:\/\/www.maritimemeile-haren.de\/admin\/wp-json\/wp\/v2\/types\/page"}],"author":[{"embeddable":true,"href":"http:\/\/www.maritimemeile-haren.de\/admin\/wp-json\/wp\/v2\/users\/1"}],"replies":[{"embeddable":true,"href":"http:\/\/www.maritimemeile-haren.de\/admin\/wp-json\/wp\/v2\/comments?post=4325"}],"version-history":[{"count":2,"href":"http:\/\/www.maritimemeile-haren.de\/admin\/wp-json\/wp\/v2\/pages\/4325\/revisions"}],"predecessor-version":[{"id":4611,"href":"http:\/\/www.maritimemeile-haren.de\/admin\/wp-json\/wp\/v2\/pages\/4325\/revisions\/4611"}],"wp:attachment":[{"href":"http:\/\/www.maritimemeile-haren.de\/admin\/wp-json\/wp\/v2\/media?parent=4325"}],"curies":[{"name":"wp","href":"https:\/\/api.w.org\/{rel}","templated":true}]}}

<h4>Die Maritime Meile in Haren (Ems)</h4>
<p style="text-align: justify;"><span style="font-size: 12pt;">Jeder große Handelsweg hatte früher seine „Meilensteine“. Es waren Markierungspunkte, die der Orientierung dienten und auf denen der Reisende die Entfernung ablesen konnte, die noch vor ihm lag oder bereits bewältigt wurde.</span></p>
<p style="text-align: justify;"><span style="font-size: 12pt;">Von einem „Meilenstein“ spricht man auch, wenn wieder einmal ein neues Stadium in der Entwicklung der Menschheit erreicht wurde, wobei die Zeitabstände des Fortschritts immer kürzer werden.</span></p>
<p style="text-align: justify;"><a href="http://www.maritimemeile-haren.de/admin/wp-content/uploads/2014/05/IMG_3782_kl.jpg"><img loading="lazy" decoding="async" src="http://www.maritimemeile-haren.de/admin/wp-content/uploads/2014/05/IMG_3782_kl.jpg" alt="IMG_3782_kl" width="600" height="400" /></a></p>
<p style="text-align: justify;"><span style="font-size: 12pt;">„Meilensteine“ sind Denkmäler, die an die Geschichte erinnern und bei deren Betrachtung wir in unserer schnelllebigen Zeit ein wenig zur Ruhe und Besinnung kommen können.</span></p>
<p style="text-align: justify;"><!--nextpage--></p>
<p style="text-align: justify;"><span style="font-size: 12pt;"><strong>„Bei einer Tasse Tee entstand die Idee.“</strong></span></p>
<p style="text-align: justify;"><span style="font-size: 12pt;">Aufgrund dieser Anregung entwickelte der Heimatverein Haren mit der finanziellen Unterstützung seitens interessierter Bürger und der Sparkasse Emsland die „Maritime Meile in Haren (Ems)“ und realisierte diese unter Mithilfe der Stadt Haren.</span></p>
<p style="text-align: justify;"><span style="font-size: 12pt;">Eine Dokumentation, die ihren Besuchern auf „alten“ Straßen aufschlussreiche Einblicke in die „Meilensteine“ der Harener Schifffahrtsgeschichte gibt. Sie zeigt die besondere Verbundenheit unserer Gemeinde mit der Schifffahrt von früher und heute und dient dazu, die Tradition zu erhalten und sie den Bürgern, insbesondere den jüngeren, sowie den vielen auswärtigen Gästen näher zu bringen.</span></p>
<p style="text-align: justify;"><a href="http://www.maritimemeile-haren.de/admin/wp-content/uploads/2014/05/DSCN6611_kl.jpg"><img loading="lazy" decoding="async" class="alignnone size-full wp-image-667" src="http://www.maritimemeile-haren.de/admin/wp-content/uploads/2014/05/DSCN6611_kl.jpg" alt="DSCN6611_kl" width="600" height="450" srcset="http://www.maritimemeile-haren.de/admin/wp-content/uploads/2014/05/DSCN6611_kl.jpg 600w, http://www.maritimemeile-haren.de/admin/wp-content/uploads/2014/05/DSCN6611_kl-300x225.jpg 300w" sizes="(max-width: 600px) 100vw, 600px" /></a></p>
<p style="text-align: justify;"><a href="http://www.maritimemeile-haren.de/admin/wp-content/uploads/2014/05/DSCN6633.jpg"><img loading="lazy" decoding="async" class="alignnone size-full wp-image-668" src="http://www.maritimemeile-haren.de/admin/wp-content/uploads/2014/05/DSCN6633.jpg" alt="DSCN6633" width="600" height="450" srcset="http://www.maritimemeile-haren.de/admin/wp-content/uploads/2014/05/DSCN6633.jpg 600w, http://www.maritimemeile-haren.de/admin/wp-content/uploads/2014/05/DSCN6633-300x225.jpg 300w" sizes="(max-width: 600px) 100vw, 600px" /></a></p>
<p style="text-align: justify;"><span style="font-size: 12pt;">In das Pflaster der Gehwege und an bestimmten Plätzen sind in regelmäßigen Abständen nummerierte und beschriftete Tafeln aus Stahl eingearbeitet. Anhand dieser Nummern findet man in einer begleitenden Broschüre Fotos und nähere Informationen über die verschiedensten Harener Schiffe, Reedereien, Schifffahrtsfamilien und -verbände. Jeder dieser „Steine“ steht somit für seine eigene, kleine Geschichte.</span></p>

<p>Die Maritime Meile in Haren (Ems) Jeder große Handelsweg hatte früher seine „Meilensteine“. Es waren Markierungspunkte, die der Orientierung dienten und auf denen der Reisende die Entfernung ablesen konnte, die&hellip; </p>
