{"id":433,"date":"2014-05-20T10:25:29","date_gmt":"2014-05-20T08:25:29","guid":{"rendered":"http:\/\/www.maritimemeile-haren.de\/admin\/?page_id=433"},"modified":"2014-07-10T11:08:05","modified_gmt":"2014-07-10T09:08:05","slug":"255-bernhardus","status":"publish","type":"page","link":"http:\/\/www.maritimemeile-haren.de\/admin\/255-bernhardus\/","title":{"rendered":"255 BERNHARDUS"},"content":{"rendered":"<p><a href=\"http:\/\/www.maritimemeile-haren.de\/admin\/wp-content\/uploads\/2014\/05\/255_tab.jpg\"><img loading=\"lazy\" decoding=\"async\" class=\"alignnone size-full wp-image-1959\" src=\"http:\/\/www.maritimemeile-haren.de\/admin\/wp-content\/uploads\/2014\/05\/255_tab.jpg\" alt=\"Layout 1\" width=\"600\" height=\"292\" srcset=\"http:\/\/www.maritimemeile-haren.de\/admin\/wp-content\/uploads\/2014\/05\/255_tab.jpg 600w, http:\/\/www.maritimemeile-haren.de\/admin\/wp-content\/uploads\/2014\/05\/255_tab-300x146.jpg 300w\" sizes=\"(max-width: 600px) 100vw, 600px\" \/><\/a><\/p>\n<p><a href=\"http:\/\/www.maritimemeile-haren.de\/admin\/wp-content\/uploads\/2014\/05\/255_Bernhardus_1.jpg\"><img loading=\"lazy\" decoding=\"async\" class=\"alignnone size-full wp-image-1958\" src=\"http:\/\/www.maritimemeile-haren.de\/admin\/wp-content\/uploads\/2014\/05\/255_Bernhardus_1.jpg\" alt=\"255_Bernhardus_1\" width=\"600\" height=\"372\" srcset=\"http:\/\/www.maritimemeile-haren.de\/admin\/wp-content\/uploads\/2014\/05\/255_Bernhardus_1.jpg 600w, http:\/\/www.maritimemeile-haren.de\/admin\/wp-content\/uploads\/2014\/05\/255_Bernhardus_1-300x186.jpg 300w\" sizes=\"(max-width: 600px) 100vw, 600px\" \/><\/a><\/p>\n<p><span style=\"font-size: 10pt;\">Bernhardus<\/span><\/p>\n<h5>Aus der Geschichte:<\/h5>\n<p style=\"text-align: justify;\"><span style=\"font-size: 12pt;\">Bernhard Meentken (*1880) stammt aus der Harener P\u00fcntkerfamilie Meentken, deren Name schon in alten Urkunden \u00fcber die Emsschifffahrt immer wieder erw\u00e4hnt wird. Nach Beendigung seiner Schulzeit fuhr er auf verschiedenen Harener P\u00fcnten und war sp\u00e4ter bei den staatlichen Schleppbetrieben, dem\u00a0 sog. \u201aMonopol\u2019 besch\u00e4ftigt. 1930 kaufte er von der N.V. Brouwers Scheepsvaart Maatschappij Rotterdam das eiserne Schleppschiff, das unter der Nr.412 in das Schiffsregister des Amtgerichts Meppen eingetragen wurde und fast ausschlie\u00dflich Kohle aus dem Ruhrgebiet nach Holland transportierte. Ende 1937 wurde die \u201eBERNHARDUS\u201c auf der Werft J.Diedrich in Oldersum umgebaut, erhielt einen Motor mit 50 PS und wurde als Seeschiff registriert, aber vorwiegend in der Wattfahrt eingesetzt. Im Zusammenhang mit der Aktion \u201aSeel\u00f6we\u2019, der geplanten Invasion in England, wurde es f\u00fcr kurze Zeit von der Marinedienststelle Bremen beschlagnahmt und in Wilhelmshaven stationiert. Nach dem Krieg wurde das Schiff bei der Versenkung von Munition in der Osterems eingesetzt. Im Mai 1955 wurde die \u201eBERNHARDUS\u201c mit einem neuen Motor ausgestattet. 1964 ging es an Wilhelm Schepers und wurde in \u201eWILLENA\u201c umbenannt.<\/span><\/p>\n<p><a href=\"http:\/\/www.maritimemeile-haren.de\/admin\/wp-content\/uploads\/2014\/05\/255_7.jpg\"><img loading=\"lazy\" decoding=\"async\" class=\"alignnone size-full wp-image-2852\" src=\"http:\/\/www.maritimemeile-haren.de\/admin\/wp-content\/uploads\/2014\/05\/255_7.jpg\" alt=\"255_7\" width=\"600\" height=\"255\" srcset=\"http:\/\/www.maritimemeile-haren.de\/admin\/wp-content\/uploads\/2014\/05\/255_7.jpg 600w, http:\/\/www.maritimemeile-haren.de\/admin\/wp-content\/uploads\/2014\/05\/255_7-300x127.jpg 300w\" sizes=\"(max-width: 600px) 100vw, 600px\" \/><\/a><\/p>\n<p><span style=\"font-size: 10pt;\">BERNHARDUS bei Umbauarbeiten (Foto: K\u00e4the Wei\u00df)<\/span><\/p>\n","protected":false},"excerpt":{"rendered":"<p>Bernhardus Aus der Geschichte: Bernhard Meentken (*1880) stammt aus der Harener P\u00fcntkerfamilie Meentken, deren Name schon in alten Urkunden \u00fcber die Emsschifffahrt immer wieder erw\u00e4hnt wird. Nach Beendigung seiner Schulzeit&hellip; <\/p>\n","protected":false},"author":1,"featured_media":0,"parent":0,"menu_order":255,"comment_status":"closed","ping_status":"closed","template":"","meta":{"footnotes":""},"_links":{"self":[{"href":"http:\/\/www.maritimemeile-haren.de\/admin\/wp-json\/wp\/v2\/pages\/433"}],"collection":[{"href":"http:\/\/www.maritimemeile-haren.de\/admin\/wp-json\/wp\/v2\/pages"}],"about":[{"href":"http:\/\/www.maritimemeile-haren.de\/admin\/wp-json\/wp\/v2\/types\/page"}],"author":[{"embeddable":true,"href":"http:\/\/www.maritimemeile-haren.de\/admin\/wp-json\/wp\/v2\/users\/1"}],"replies":[{"embeddable":true,"href":"http:\/\/www.maritimemeile-haren.de\/admin\/wp-json\/wp\/v2\/comments?post=433"}],"version-history":[{"count":5,"href":"http:\/\/www.maritimemeile-haren.de\/admin\/wp-json\/wp\/v2\/pages\/433\/revisions"}],"predecessor-version":[{"id":3325,"href":"http:\/\/www.maritimemeile-haren.de\/admin\/wp-json\/wp\/v2\/pages\/433\/revisions\/3325"}],"wp:attachment":[{"href":"http:\/\/www.maritimemeile-haren.de\/admin\/wp-json\/wp\/v2\/media?parent=433"}],"curies":[{"name":"wp","href":"https:\/\/api.w.org\/{rel}","templated":true}]}}

<p><a href="http://www.maritimemeile-haren.de/admin/wp-content/uploads/2014/05/255_tab.jpg"><img loading="lazy" decoding="async" class="alignnone size-full wp-image-1959" src="http://www.maritimemeile-haren.de/admin/wp-content/uploads/2014/05/255_tab.jpg" alt="Layout 1" width="600" height="292" srcset="http://www.maritimemeile-haren.de/admin/wp-content/uploads/2014/05/255_tab.jpg 600w, http://www.maritimemeile-haren.de/admin/wp-content/uploads/2014/05/255_tab-300x146.jpg 300w" sizes="(max-width: 600px) 100vw, 600px" /></a></p>
<p><a href="http://www.maritimemeile-haren.de/admin/wp-content/uploads/2014/05/255_Bernhardus_1.jpg"><img loading="lazy" decoding="async" class="alignnone size-full wp-image-1958" src="http://www.maritimemeile-haren.de/admin/wp-content/uploads/2014/05/255_Bernhardus_1.jpg" alt="255_Bernhardus_1" width="600" height="372" srcset="http://www.maritimemeile-haren.de/admin/wp-content/uploads/2014/05/255_Bernhardus_1.jpg 600w, http://www.maritimemeile-haren.de/admin/wp-content/uploads/2014/05/255_Bernhardus_1-300x186.jpg 300w" sizes="(max-width: 600px) 100vw, 600px" /></a></p>
<p><span style="font-size: 10pt;">Bernhardus</span></p>
<h5>Aus der Geschichte:</h5>
<p style="text-align: justify;"><span style="font-size: 12pt;">Bernhard Meentken (*1880) stammt aus der Harener Püntkerfamilie Meentken, deren Name schon in alten Urkunden über die Emsschifffahrt immer wieder erwähnt wird. Nach Beendigung seiner Schulzeit fuhr er auf verschiedenen Harener Pünten und war später bei den staatlichen Schleppbetrieben, dem  sog. ‚Monopol’ beschäftigt. 1930 kaufte er von der N.V. Brouwers Scheepsvaart Maatschappij Rotterdam das eiserne Schleppschiff, das unter der Nr.412 in das Schiffsregister des Amtgerichts Meppen eingetragen wurde und fast ausschließlich Kohle aus dem Ruhrgebiet nach Holland transportierte. Ende 1937 wurde die „BERNHARDUS“ auf der Werft J.Diedrich in Oldersum umgebaut, erhielt einen Motor mit 50 PS und wurde als Seeschiff registriert, aber vorwiegend in der Wattfahrt eingesetzt. Im Zusammenhang mit der Aktion ‚Seelöwe’, der geplanten Invasion in England, wurde es für kurze Zeit von der Marinedienststelle Bremen beschlagnahmt und in Wilhelmshaven stationiert. Nach dem Krieg wurde das Schiff bei der Versenkung von Munition in der Osterems eingesetzt. Im Mai 1955 wurde die „BERNHARDUS“ mit einem neuen Motor ausgestattet. 1964 ging es an Wilhelm Schepers und wurde in „WILLENA“ umbenannt.</span></p>
<p><a href="http://www.maritimemeile-haren.de/admin/wp-content/uploads/2014/05/255_7.jpg"><img loading="lazy" decoding="async" class="alignnone size-full wp-image-2852" src="http://www.maritimemeile-haren.de/admin/wp-content/uploads/2014/05/255_7.jpg" alt="255_7" width="600" height="255" srcset="http://www.maritimemeile-haren.de/admin/wp-content/uploads/2014/05/255_7.jpg 600w, http://www.maritimemeile-haren.de/admin/wp-content/uploads/2014/05/255_7-300x127.jpg 300w" sizes="(max-width: 600px) 100vw, 600px" /></a></p>
<p><span style="font-size: 10pt;">BERNHARDUS bei Umbauarbeiten (Foto: Käthe Weiß)</span></p>

<p>Bernhardus Aus der Geschichte: Bernhard Meentken (*1880) stammt aus der Harener Püntkerfamilie Meentken, deren Name schon in alten Urkunden über die Emsschifffahrt immer wieder erwähnt wird. Nach Beendigung seiner Schulzeit&hellip; </p>
