{"id":4331,"date":"2014-10-22T09:39:57","date_gmt":"2014-10-22T07:39:57","guid":{"rendered":"http:\/\/www.maritimemeile-haren.de\/admin\/?page_id=4331"},"modified":"2014-11-06T11:45:55","modified_gmt":"2014-11-06T09:45:55","slug":"das-schifffahrtsmuseum-haren-ems","status":"publish","type":"page","link":"http:\/\/www.maritimemeile-haren.de\/admin\/das-schifffahrtsmuseum-haren-ems\/","title":{"rendered":"Schifffahrtsmuseum"},"content":{"rendered":"<p style=\"text-align: justify;\"><span style=\"font-size: 12pt;\">Die Museumsanlage bildet den zentralen Punkt unserer \u201eMaritimen Meile\u201c. Es geht zun\u00e4chst an den Museumsschiffen entlang, danach zur\u00fcck zum Geb\u00e4ude, vor dem links ein Schild mit den Tafeln der Harener Reedereien steht. Ein kleiner Weg f\u00fchrt uns dann hinter das Museumshaus, wo wir eine Vielzahl von \u201eSteinen\u201c finden und einen Platz zum Verweilen.<\/span><\/p>\n<p style=\"text-align: justify;\"><a href=\"http:\/\/www.maritimemeile-haren.de\/admin\/wp-content\/uploads\/2014\/05\/museum_1.jpg\"><img loading=\"lazy\" decoding=\"async\" class=\"alignnone size-full wp-image-3854\" src=\"http:\/\/www.maritimemeile-haren.de\/admin\/wp-content\/uploads\/2014\/05\/museum_1.jpg\" alt=\"museum_1\" width=\"600\" height=\"400\" srcset=\"http:\/\/www.maritimemeile-haren.de\/admin\/wp-content\/uploads\/2014\/05\/museum_1.jpg 600w, http:\/\/www.maritimemeile-haren.de\/admin\/wp-content\/uploads\/2014\/05\/museum_1-300x200.jpg 300w\" sizes=\"(max-width: 600px) 100vw, 600px\" \/><\/a><\/p>\n<p style=\"text-align: justify;\"><a href=\"http:\/\/www.maritimemeile-haren.de\/admin\/wp-content\/uploads\/2014\/05\/museum_2.jpg\"><img loading=\"lazy\" decoding=\"async\" class=\"alignnone size-full wp-image-3855\" src=\"http:\/\/www.maritimemeile-haren.de\/admin\/wp-content\/uploads\/2014\/05\/museum_2.jpg\" alt=\"museum_2\" width=\"600\" height=\"400\" srcset=\"http:\/\/www.maritimemeile-haren.de\/admin\/wp-content\/uploads\/2014\/05\/museum_2.jpg 600w, http:\/\/www.maritimemeile-haren.de\/admin\/wp-content\/uploads\/2014\/05\/museum_2-300x200.jpg 300w\" sizes=\"(max-width: 600px) 100vw, 600px\" \/><\/a><\/p>\n<p style=\"text-align: justify;\">\n<p style=\"text-align: justify;\"><a href=\"http:\/\/www.maritimemeile-haren.de\/admin\/wp-content\/uploads\/2014\/10\/Museum_6.jpg\"><img loading=\"lazy\" decoding=\"async\" class=\"alignnone size-full wp-image-4978\" src=\"http:\/\/www.maritimemeile-haren.de\/admin\/wp-content\/uploads\/2014\/10\/Museum_6.jpg\" alt=\"Museum_6\" width=\"600\" height=\"450\" srcset=\"http:\/\/www.maritimemeile-haren.de\/admin\/wp-content\/uploads\/2014\/10\/Museum_6.jpg 600w, http:\/\/www.maritimemeile-haren.de\/admin\/wp-content\/uploads\/2014\/10\/Museum_6-300x225.jpg 300w\" sizes=\"(max-width: 600px) 100vw, 600px\" \/><\/a><\/p>\n<p style=\"text-align: justify;\"><a href=\"http:\/\/www.maritimemeile-haren.de\/admin\/wp-content\/uploads\/2014\/10\/Museum_5.jpg\"><img loading=\"lazy\" decoding=\"async\" class=\"alignnone size-full wp-image-4979\" src=\"http:\/\/www.maritimemeile-haren.de\/admin\/wp-content\/uploads\/2014\/10\/Museum_5.jpg\" alt=\"Museum_5\" width=\"600\" height=\"450\" srcset=\"http:\/\/www.maritimemeile-haren.de\/admin\/wp-content\/uploads\/2014\/10\/Museum_5.jpg 600w, http:\/\/www.maritimemeile-haren.de\/admin\/wp-content\/uploads\/2014\/10\/Museum_5-300x225.jpg 300w\" sizes=\"(max-width: 600px) 100vw, 600px\" \/><\/a><\/p>\n<p style=\"text-align: justify;\"><!--nextpage--><\/p>\n<p style=\"text-align: justify;\"><a href=\"http:\/\/www.maritimemeile-haren.de\/admin\/wp-content\/uploads\/2014\/05\/museum_3.jpg\"><img loading=\"lazy\" decoding=\"async\" class=\"alignnone size-full wp-image-3856\" src=\"http:\/\/www.maritimemeile-haren.de\/admin\/wp-content\/uploads\/2014\/05\/museum_3.jpg\" alt=\"museum_3\" width=\"600\" height=\"400\" srcset=\"http:\/\/www.maritimemeile-haren.de\/admin\/wp-content\/uploads\/2014\/05\/museum_3.jpg 600w, http:\/\/www.maritimemeile-haren.de\/admin\/wp-content\/uploads\/2014\/05\/museum_3-300x200.jpg 300w\" sizes=\"(max-width: 600px) 100vw, 600px\" \/><\/a><\/p>\n<p style=\"text-align: justify;\"><span style=\"font-size: 12pt;\">Zur\u00fcck auf der Werftstra\u00dfe befinden wir uns auf der letzten Etappe unserer Rundtour:<\/span><br \/>\n<span style=\"font-size: 12pt;\">an der Evangelischen Kirche vorbei zur\u00fcck zur Emsstra\u00dfe.<\/span><\/p>\n<p style=\"text-align: justify;\"><!--nextpage--><\/p>\n<p style=\"text-align: justify;\"><a href=\"http:\/\/www.maritimemeile-haren.de\/admin\/wp-content\/uploads\/2014\/05\/emsstrasse_1.jpg\"><img loading=\"lazy\" decoding=\"async\" class=\"alignnone size-full wp-image-3857\" src=\"http:\/\/www.maritimemeile-haren.de\/admin\/wp-content\/uploads\/2014\/05\/emsstrasse_1.jpg\" alt=\"emsstrasse_1\" width=\"600\" height=\"354\" srcset=\"http:\/\/www.maritimemeile-haren.de\/admin\/wp-content\/uploads\/2014\/05\/emsstrasse_1.jpg 600w, http:\/\/www.maritimemeile-haren.de\/admin\/wp-content\/uploads\/2014\/05\/emsstrasse_1-300x177.jpg 300w\" sizes=\"(max-width: 600px) 100vw, 600px\" \/><\/a><\/p>\n<p style=\"text-align: justify;\"><a href=\"http:\/\/www.maritimemeile-haren.de\/admin\/wp-content\/uploads\/2014\/05\/emsstrasse_2.jpg\"><img loading=\"lazy\" decoding=\"async\" class=\"alignnone size-full wp-image-3858\" src=\"http:\/\/www.maritimemeile-haren.de\/admin\/wp-content\/uploads\/2014\/05\/emsstrasse_2.jpg\" alt=\"emsstrasse_2\" width=\"600\" height=\"331\" srcset=\"http:\/\/www.maritimemeile-haren.de\/admin\/wp-content\/uploads\/2014\/05\/emsstrasse_2.jpg 600w, http:\/\/www.maritimemeile-haren.de\/admin\/wp-content\/uploads\/2014\/05\/emsstrasse_2-300x165.jpg 300w\" sizes=\"(max-width: 600px) 100vw, 600px\" \/><\/a><\/p>\n<p style=\"text-align: justify;\"><a href=\"http:\/\/www.maritimemeile-haren.de\/admin\/wp-content\/uploads\/2014\/05\/emsstrasse_3.jpg\"><img loading=\"lazy\" decoding=\"async\" class=\"alignnone size-full wp-image-3859\" src=\"http:\/\/www.maritimemeile-haren.de\/admin\/wp-content\/uploads\/2014\/05\/emsstrasse_3.jpg\" alt=\"emsstrasse_3\" width=\"600\" height=\"379\" srcset=\"http:\/\/www.maritimemeile-haren.de\/admin\/wp-content\/uploads\/2014\/05\/emsstrasse_3.jpg 600w, http:\/\/www.maritimemeile-haren.de\/admin\/wp-content\/uploads\/2014\/05\/emsstrasse_3-300x189.jpg 300w\" sizes=\"(max-width: 600px) 100vw, 600px\" \/><\/a><\/p>\n<p>&nbsp;<\/p>\n<p style=\"text-align: justify;\">\n","protected":false},"excerpt":{"rendered":"<p>Die Museumsanlage bildet den zentralen Punkt unserer \u201eMaritimen Meile\u201c. Es geht zun\u00e4chst an den Museumsschiffen entlang, danach zur\u00fcck zum Geb\u00e4ude, vor dem links ein Schild mit den Tafeln der Harener&hellip; <\/p>\n","protected":false},"author":1,"featured_media":0,"parent":0,"menu_order":0,"comment_status":"closed","ping_status":"closed","template":"","meta":{"footnotes":""},"_links":{"self":[{"href":"http:\/\/www.maritimemeile-haren.de\/admin\/wp-json\/wp\/v2\/pages\/4331"}],"collection":[{"href":"http:\/\/www.maritimemeile-haren.de\/admin\/wp-json\/wp\/v2\/pages"}],"about":[{"href":"http:\/\/www.maritimemeile-haren.de\/admin\/wp-json\/wp\/v2\/types\/page"}],"author":[{"embeddable":true,"href":"http:\/\/www.maritimemeile-haren.de\/admin\/wp-json\/wp\/v2\/users\/1"}],"replies":[{"embeddable":true,"href":"http:\/\/www.maritimemeile-haren.de\/admin\/wp-json\/wp\/v2\/comments?post=4331"}],"version-history":[{"count":7,"href":"http:\/\/www.maritimemeile-haren.de\/admin\/wp-json\/wp\/v2\/pages\/4331\/revisions"}],"predecessor-version":[{"id":4980,"href":"http:\/\/www.maritimemeile-haren.de\/admin\/wp-json\/wp\/v2\/pages\/4331\/revisions\/4980"}],"wp:attachment":[{"href":"http:\/\/www.maritimemeile-haren.de\/admin\/wp-json\/wp\/v2\/media?parent=4331"}],"curies":[{"name":"wp","href":"https:\/\/api.w.org\/{rel}","templated":true}]}}

<p style="text-align: justify;"><span style="font-size: 12pt;">Die Museumsanlage bildet den zentralen Punkt unserer „Maritimen Meile“. Es geht zunächst an den Museumsschiffen entlang, danach zurück zum Gebäude, vor dem links ein Schild mit den Tafeln der Harener Reedereien steht. Ein kleiner Weg führt uns dann hinter das Museumshaus, wo wir eine Vielzahl von „Steinen“ finden und einen Platz zum Verweilen.</span></p>
<p style="text-align: justify;"><a href="http://www.maritimemeile-haren.de/admin/wp-content/uploads/2014/05/museum_1.jpg"><img loading="lazy" decoding="async" class="alignnone size-full wp-image-3854" src="http://www.maritimemeile-haren.de/admin/wp-content/uploads/2014/05/museum_1.jpg" alt="museum_1" width="600" height="400" srcset="http://www.maritimemeile-haren.de/admin/wp-content/uploads/2014/05/museum_1.jpg 600w, http://www.maritimemeile-haren.de/admin/wp-content/uploads/2014/05/museum_1-300x200.jpg 300w" sizes="(max-width: 600px) 100vw, 600px" /></a></p>
<p style="text-align: justify;"><a href="http://www.maritimemeile-haren.de/admin/wp-content/uploads/2014/05/museum_2.jpg"><img loading="lazy" decoding="async" class="alignnone size-full wp-image-3855" src="http://www.maritimemeile-haren.de/admin/wp-content/uploads/2014/05/museum_2.jpg" alt="museum_2" width="600" height="400" srcset="http://www.maritimemeile-haren.de/admin/wp-content/uploads/2014/05/museum_2.jpg 600w, http://www.maritimemeile-haren.de/admin/wp-content/uploads/2014/05/museum_2-300x200.jpg 300w" sizes="(max-width: 600px) 100vw, 600px" /></a></p>
<p style="text-align: justify;">
<p style="text-align: justify;"><a href="http://www.maritimemeile-haren.de/admin/wp-content/uploads/2014/10/Museum_6.jpg"><img loading="lazy" decoding="async" class="alignnone size-full wp-image-4978" src="http://www.maritimemeile-haren.de/admin/wp-content/uploads/2014/10/Museum_6.jpg" alt="Museum_6" width="600" height="450" srcset="http://www.maritimemeile-haren.de/admin/wp-content/uploads/2014/10/Museum_6.jpg 600w, http://www.maritimemeile-haren.de/admin/wp-content/uploads/2014/10/Museum_6-300x225.jpg 300w" sizes="(max-width: 600px) 100vw, 600px" /></a></p>
<p style="text-align: justify;"><a href="http://www.maritimemeile-haren.de/admin/wp-content/uploads/2014/10/Museum_5.jpg"><img loading="lazy" decoding="async" class="alignnone size-full wp-image-4979" src="http://www.maritimemeile-haren.de/admin/wp-content/uploads/2014/10/Museum_5.jpg" alt="Museum_5" width="600" height="450" srcset="http://www.maritimemeile-haren.de/admin/wp-content/uploads/2014/10/Museum_5.jpg 600w, http://www.maritimemeile-haren.de/admin/wp-content/uploads/2014/10/Museum_5-300x225.jpg 300w" sizes="(max-width: 600px) 100vw, 600px" /></a></p>
<p style="text-align: justify;"><!--nextpage--></p>
<p style="text-align: justify;"><a href="http://www.maritimemeile-haren.de/admin/wp-content/uploads/2014/05/museum_3.jpg"><img loading="lazy" decoding="async" class="alignnone size-full wp-image-3856" src="http://www.maritimemeile-haren.de/admin/wp-content/uploads/2014/05/museum_3.jpg" alt="museum_3" width="600" height="400" srcset="http://www.maritimemeile-haren.de/admin/wp-content/uploads/2014/05/museum_3.jpg 600w, http://www.maritimemeile-haren.de/admin/wp-content/uploads/2014/05/museum_3-300x200.jpg 300w" sizes="(max-width: 600px) 100vw, 600px" /></a></p>
<p style="text-align: justify;"><span style="font-size: 12pt;">Zurück auf der Werftstraße befinden wir uns auf der letzten Etappe unserer Rundtour:</span><br />
<span style="font-size: 12pt;">an der Evangelischen Kirche vorbei zurück zur Emsstraße.</span></p>
<p style="text-align: justify;"><!--nextpage--></p>
<p style="text-align: justify;"><a href="http://www.maritimemeile-haren.de/admin/wp-content/uploads/2014/05/emsstrasse_1.jpg"><img loading="lazy" decoding="async" class="alignnone size-full wp-image-3857" src="http://www.maritimemeile-haren.de/admin/wp-content/uploads/2014/05/emsstrasse_1.jpg" alt="emsstrasse_1" width="600" height="354" srcset="http://www.maritimemeile-haren.de/admin/wp-content/uploads/2014/05/emsstrasse_1.jpg 600w, http://www.maritimemeile-haren.de/admin/wp-content/uploads/2014/05/emsstrasse_1-300x177.jpg 300w" sizes="(max-width: 600px) 100vw, 600px" /></a></p>
<p style="text-align: justify;"><a href="http://www.maritimemeile-haren.de/admin/wp-content/uploads/2014/05/emsstrasse_2.jpg"><img loading="lazy" decoding="async" class="alignnone size-full wp-image-3858" src="http://www.maritimemeile-haren.de/admin/wp-content/uploads/2014/05/emsstrasse_2.jpg" alt="emsstrasse_2" width="600" height="331" srcset="http://www.maritimemeile-haren.de/admin/wp-content/uploads/2014/05/emsstrasse_2.jpg 600w, http://www.maritimemeile-haren.de/admin/wp-content/uploads/2014/05/emsstrasse_2-300x165.jpg 300w" sizes="(max-width: 600px) 100vw, 600px" /></a></p>
<p style="text-align: justify;"><a href="http://www.maritimemeile-haren.de/admin/wp-content/uploads/2014/05/emsstrasse_3.jpg"><img loading="lazy" decoding="async" class="alignnone size-full wp-image-3859" src="http://www.maritimemeile-haren.de/admin/wp-content/uploads/2014/05/emsstrasse_3.jpg" alt="emsstrasse_3" width="600" height="379" srcset="http://www.maritimemeile-haren.de/admin/wp-content/uploads/2014/05/emsstrasse_3.jpg 600w, http://www.maritimemeile-haren.de/admin/wp-content/uploads/2014/05/emsstrasse_3-300x189.jpg 300w" sizes="(max-width: 600px) 100vw, 600px" /></a></p>
<p>&nbsp;</p>
<p style="text-align: justify;">

<p>Die Museumsanlage bildet den zentralen Punkt unserer „Maritimen Meile“. Es geht zunächst an den Museumsschiffen entlang, danach zurück zum Gebäude, vor dem links ein Schild mit den Tafeln der Harener&hellip; </p>
