{"id":447,"date":"2014-05-20T10:29:26","date_gmt":"2014-05-20T08:29:26","guid":{"rendered":"http:\/\/www.maritimemeile-haren.de\/admin\/?page_id=447"},"modified":"2014-08-04T11:20:55","modified_gmt":"2014-08-04T09:20:55","slug":"262-johannes","status":"publish","type":"page","link":"http:\/\/www.maritimemeile-haren.de\/admin\/262-johannes\/","title":{"rendered":"262 JOHANNES"},"content":{"rendered":"<p><a href=\"http:\/\/www.maritimemeile-haren.de\/admin\/wp-content\/uploads\/2014\/05\/262_tab.jpg\"><img loading=\"lazy\" decoding=\"async\" class=\"alignnone size-full wp-image-1982\" src=\"http:\/\/www.maritimemeile-haren.de\/admin\/wp-content\/uploads\/2014\/05\/262_tab.jpg\" alt=\"Layout 1\" width=\"600\" height=\"292\" srcset=\"http:\/\/www.maritimemeile-haren.de\/admin\/wp-content\/uploads\/2014\/05\/262_tab.jpg 600w, http:\/\/www.maritimemeile-haren.de\/admin\/wp-content\/uploads\/2014\/05\/262_tab-300x146.jpg 300w\" sizes=\"(max-width: 600px) 100vw, 600px\" \/><\/a><\/p>\n<p><a href=\"http:\/\/www.maritimemeile-haren.de\/admin\/wp-content\/uploads\/2014\/05\/262_Johannes_1.jpg\"><img loading=\"lazy\" decoding=\"async\" class=\"alignnone size-full wp-image-1981\" src=\"http:\/\/www.maritimemeile-haren.de\/admin\/wp-content\/uploads\/2014\/05\/262_Johannes_1.jpg\" alt=\"262_Johannes_1\" width=\"600\" height=\"211\" srcset=\"http:\/\/www.maritimemeile-haren.de\/admin\/wp-content\/uploads\/2014\/05\/262_Johannes_1.jpg 600w, http:\/\/www.maritimemeile-haren.de\/admin\/wp-content\/uploads\/2014\/05\/262_Johannes_1-300x105.jpg 300w\" sizes=\"(max-width: 600px) 100vw, 600px\" \/><\/a><\/p>\n<p><span style=\"font-size: 10pt;\">Johannes<\/span><\/p>\n<h5>Aus der Geschichte:<\/h5>\n<p style=\"text-align: justify;\"><span style=\"font-size: 12pt;\">Johann Held (geb. 1891), der zweit\u00e4lteste Sohn von Hermann Held, lie\u00df 1927 auf eigene Rechnung ein Schleppschiff in Waterhuizen erbauen. Er nannte das Schiff \u201eJOHANNES\u201c. 1935 wurde es motorisiert und am 16.10.1935 in das Seeschiffsregister in Emden eingetragen. W\u00e4hrend des Krieges wurde es f\u00fcr die Organisation \u201eTodt\u201c eingesetzt. Am 21.03.1945 wurde die \u201eJOHANNES\u201c mit 1.800 Sack Mehl aus Bremen f\u00fcr die Meppener Umschlaggesellschaft beladen. Wegen des unmittelbar bevorstehenden Einmarsches der alliierten Truppen kam das Schiff nur noch bis Haren. Jeder Harener B\u00e4cker erhielt von der Ladung 20 Zentner Roggen- und 10 Zentner Weizenmehl. Der Rest wurde an die Bev\u00f6lkerung von Haren und der umliegenden Orte verkauft. Nach Freigabe der Fahrt fuhren bis 1956 die S\u00f6hne Anton und Johann Held auf dem Schiff. Dann \u00fcbernahm Anton Held die \u201eM\u00d6WE\u201c. 1963 wurde die \u201eJOHANNES\u201c um 6 Meter verl\u00e4ngert, nun 285 tdw. 1971 im Register gestrichen.<\/span><\/p>\n<p style=\"text-align: justify;\"><a href=\"http:\/\/www.maritimemeile-haren.de\/admin\/wp-content\/uploads\/2014\/05\/262_50.jpg\"><img loading=\"lazy\" decoding=\"async\" class=\"alignnone size-full wp-image-3978\" src=\"http:\/\/www.maritimemeile-haren.de\/admin\/wp-content\/uploads\/2014\/05\/262_50.jpg\" alt=\"262_50\" width=\"600\" height=\"415\" srcset=\"http:\/\/www.maritimemeile-haren.de\/admin\/wp-content\/uploads\/2014\/05\/262_50.jpg 600w, http:\/\/www.maritimemeile-haren.de\/admin\/wp-content\/uploads\/2014\/05\/262_50-300x207.jpg 300w\" sizes=\"(max-width: 600px) 100vw, 600px\" \/><\/a><\/p>\n<p><span style=\"font-size: 10pt;\">JOHANNES mit Holz im Trollh\u00e4ttan-Kanal (Foto: Reinhard Wessels)<\/span><\/p>\n<p><a href=\"http:\/\/www.maritimemeile-haren.de\/admin\/wp-content\/uploads\/2014\/05\/262_8.jpg\"><img loading=\"lazy\" decoding=\"async\" class=\"alignnone size-full wp-image-2867\" src=\"http:\/\/www.maritimemeile-haren.de\/admin\/wp-content\/uploads\/2014\/05\/262_8.jpg\" alt=\"262_8\" width=\"600\" height=\"269\" srcset=\"http:\/\/www.maritimemeile-haren.de\/admin\/wp-content\/uploads\/2014\/05\/262_8.jpg 600w, http:\/\/www.maritimemeile-haren.de\/admin\/wp-content\/uploads\/2014\/05\/262_8-300x134.jpg 300w\" sizes=\"(max-width: 600px) 100vw, 600px\" \/><\/a><\/p>\n<p><span style=\"font-size: 10pt;\">JOHANNES und M\u00d6WE: Schiffe der Familie Johann Held (Foto: Maria Held)<\/span><\/p>\n<p><a href=\"http:\/\/www.maritimemeile-haren.de\/admin\/wp-content\/uploads\/2014\/05\/262_7.jpg\"><img loading=\"lazy\" decoding=\"async\" class=\"alignnone size-full wp-image-2868\" src=\"http:\/\/www.maritimemeile-haren.de\/admin\/wp-content\/uploads\/2014\/05\/262_7.jpg\" alt=\"262_7\" width=\"600\" height=\"336\" srcset=\"http:\/\/www.maritimemeile-haren.de\/admin\/wp-content\/uploads\/2014\/05\/262_7.jpg 600w, http:\/\/www.maritimemeile-haren.de\/admin\/wp-content\/uploads\/2014\/05\/262_7-300x168.jpg 300w\" sizes=\"(max-width: 600px) 100vw, 600px\" \/><\/a><\/p>\n<p><span style=\"font-size: 10pt;\">JOHANNES (Foto: Sammlung Schifffahrtsmuseum)<\/span><\/p>\n","protected":false},"excerpt":{"rendered":"<p>Johannes Aus der Geschichte: Johann Held (geb. 1891), der zweit\u00e4lteste Sohn von Hermann Held, lie\u00df 1927 auf eigene Rechnung ein Schleppschiff in Waterhuizen erbauen. Er nannte das Schiff \u201eJOHANNES\u201c. 1935&hellip; <\/p>\n","protected":false},"author":1,"featured_media":0,"parent":0,"menu_order":262,"comment_status":"closed","ping_status":"closed","template":"","meta":{"footnotes":""},"_links":{"self":[{"href":"http:\/\/www.maritimemeile-haren.de\/admin\/wp-json\/wp\/v2\/pages\/447"}],"collection":[{"href":"http:\/\/www.maritimemeile-haren.de\/admin\/wp-json\/wp\/v2\/pages"}],"about":[{"href":"http:\/\/www.maritimemeile-haren.de\/admin\/wp-json\/wp\/v2\/types\/page"}],"author":[{"embeddable":true,"href":"http:\/\/www.maritimemeile-haren.de\/admin\/wp-json\/wp\/v2\/users\/1"}],"replies":[{"embeddable":true,"href":"http:\/\/www.maritimemeile-haren.de\/admin\/wp-json\/wp\/v2\/comments?post=447"}],"version-history":[{"count":6,"href":"http:\/\/www.maritimemeile-haren.de\/admin\/wp-json\/wp\/v2\/pages\/447\/revisions"}],"predecessor-version":[{"id":3979,"href":"http:\/\/www.maritimemeile-haren.de\/admin\/wp-json\/wp\/v2\/pages\/447\/revisions\/3979"}],"wp:attachment":[{"href":"http:\/\/www.maritimemeile-haren.de\/admin\/wp-json\/wp\/v2\/media?parent=447"}],"curies":[{"name":"wp","href":"https:\/\/api.w.org\/{rel}","templated":true}]}}