{"id":449,"date":"2014-05-20T10:30:05","date_gmt":"2014-05-20T08:30:05","guid":{"rendered":"http:\/\/www.maritimemeile-haren.de\/admin\/?page_id=449"},"modified":"2014-08-27T14:05:34","modified_gmt":"2014-08-27T12:05:34","slug":"263-elektro-jansen-schiffstechnik","status":"publish","type":"page","link":"http:\/\/www.maritimemeile-haren.de\/admin\/263-elektro-jansen-schiffstechnik\/","title":{"rendered":"263 ELEKTRO JANSEN SCHIFFSTECHNIK"},"content":{"rendered":"<p><a href=\"http:\/\/www.maritimemeile-haren.de\/admin\/wp-content\/uploads\/2014\/05\/263_tab.jpg\"><img loading=\"lazy\" decoding=\"async\" class=\"alignnone size-full wp-image-1985\" src=\"http:\/\/www.maritimemeile-haren.de\/admin\/wp-content\/uploads\/2014\/05\/263_tab.jpg\" alt=\"Layout 1\" width=\"600\" height=\"292\" srcset=\"http:\/\/www.maritimemeile-haren.de\/admin\/wp-content\/uploads\/2014\/05\/263_tab.jpg 600w, http:\/\/www.maritimemeile-haren.de\/admin\/wp-content\/uploads\/2014\/05\/263_tab-300x146.jpg 300w\" sizes=\"(max-width: 600px) 100vw, 600px\" \/><\/a><\/p>\n<p><a href=\"http:\/\/www.maritimemeile-haren.de\/admin\/wp-content\/uploads\/2014\/05\/263_Elektro-Jansen_1.jpg\"><img loading=\"lazy\" decoding=\"async\" class=\"alignnone size-full wp-image-1984\" src=\"http:\/\/www.maritimemeile-haren.de\/admin\/wp-content\/uploads\/2014\/05\/263_Elektro-Jansen_1.jpg\" alt=\"263_Elektro Jansen_1\" width=\"600\" height=\"459\" srcset=\"http:\/\/www.maritimemeile-haren.de\/admin\/wp-content\/uploads\/2014\/05\/263_Elektro-Jansen_1.jpg 600w, http:\/\/www.maritimemeile-haren.de\/admin\/wp-content\/uploads\/2014\/05\/263_Elektro-Jansen_1-300x229.jpg 300w\" sizes=\"(max-width: 600px) 100vw, 600px\" \/><\/a><\/p>\n<p><span style=\"font-size: 10pt;\">Elektro Jansen Schiffstechnik<\/span><\/p>\n<p><a href=\"http:\/\/www.elektro-jansen.de\">www.elektro-jansen.de<\/a><\/p>\n<h5>Auszug aus Band II<\/h5>\n<p style=\"text-align: justify;\"><span style=\"font-size: 12pt;\">Den Anfang machte, kurz nach Kriegsende im Herbst 1949, Bernhard Jansen, der Vater des heutigen Firmeninhabers, zusammen mit seiner Frau Hedwig im alten Haus der Familie Sternberg am Harener Markt. Sie verkauften Rundfunkger\u00e4te eigener Herstellung, die zu dieser Zeit in Haren sehr gefragt waren. Nach und nach spezialisierte sich Bernhard Jansen immer mehr auf die Elektroreparaturen und -installationen auf Harener Binnenschiffen.<\/span><\/p>\n<p style=\"text-align: justify;\"><span style=\"font-size: 12pt;\">Nachdem sein Sohn Johannes die speziellen Anforderungen an die Elektroarbeiten auf Schiffen erlernt und 1985 seine Meisterpr\u00fcfung abgelegt hatte, \u00fcbernahm er zusammen mit seinem Vater die Weiterf\u00fchrung der Firma. Binnenschiffer aus ganz Deutschland und den Nachbarl\u00e4ndern z\u00e4hlen heute zu den Kunden. Die Mitarbeiter \u00fcbernehmen Elektroreparatur-, Installationsund Hydraulikarbeiten, dazu kommen die Lieferung und Montage s\u00e4mtlicher nautischen Instrumente.<\/span><\/p>\n<p style=\"text-align: justify;\"><a href=\"http:\/\/www.maritimemeile-haren.de\/admin\/wp-content\/uploads\/2014\/05\/263_8.jpg\"><img loading=\"lazy\" decoding=\"async\" class=\"alignnone size-full wp-image-2871\" src=\"http:\/\/www.maritimemeile-haren.de\/admin\/wp-content\/uploads\/2014\/05\/263_8.jpg\" alt=\"263_8\" width=\"600\" height=\"390\" srcset=\"http:\/\/www.maritimemeile-haren.de\/admin\/wp-content\/uploads\/2014\/05\/263_8.jpg 600w, http:\/\/www.maritimemeile-haren.de\/admin\/wp-content\/uploads\/2014\/05\/263_8-300x195.jpg 300w\" sizes=\"(max-width: 600px) 100vw, 600px\" \/><\/a><\/p>\n<p style=\"text-align: justify;\">\n","protected":false},"excerpt":{"rendered":"<p>Elektro Jansen Schiffstechnik www.elektro-jansen.de Auszug aus Band II Den Anfang machte, kurz nach Kriegsende im Herbst 1949, Bernhard Jansen, der Vater des heutigen Firmeninhabers, zusammen mit seiner Frau Hedwig im&hellip; <\/p>\n","protected":false},"author":1,"featured_media":0,"parent":0,"menu_order":263,"comment_status":"closed","ping_status":"closed","template":"","meta":{"footnotes":""},"_links":{"self":[{"href":"http:\/\/www.maritimemeile-haren.de\/admin\/wp-json\/wp\/v2\/pages\/449"}],"collection":[{"href":"http:\/\/www.maritimemeile-haren.de\/admin\/wp-json\/wp\/v2\/pages"}],"about":[{"href":"http:\/\/www.maritimemeile-haren.de\/admin\/wp-json\/wp\/v2\/types\/page"}],"author":[{"embeddable":true,"href":"http:\/\/www.maritimemeile-haren.de\/admin\/wp-json\/wp\/v2\/users\/1"}],"replies":[{"embeddable":true,"href":"http:\/\/www.maritimemeile-haren.de\/admin\/wp-json\/wp\/v2\/comments?post=449"}],"version-history":[{"count":7,"href":"http:\/\/www.maritimemeile-haren.de\/admin\/wp-json\/wp\/v2\/pages\/449\/revisions"}],"predecessor-version":[{"id":4281,"href":"http:\/\/www.maritimemeile-haren.de\/admin\/wp-json\/wp\/v2\/pages\/449\/revisions\/4281"}],"wp:attachment":[{"href":"http:\/\/www.maritimemeile-haren.de\/admin\/wp-json\/wp\/v2\/media?parent=449"}],"curies":[{"name":"wp","href":"https:\/\/api.w.org\/{rel}","templated":true}]}}

<p><a href="http://www.maritimemeile-haren.de/admin/wp-content/uploads/2014/05/263_tab.jpg"><img loading="lazy" decoding="async" class="alignnone size-full wp-image-1985" src="http://www.maritimemeile-haren.de/admin/wp-content/uploads/2014/05/263_tab.jpg" alt="Layout 1" width="600" height="292" srcset="http://www.maritimemeile-haren.de/admin/wp-content/uploads/2014/05/263_tab.jpg 600w, http://www.maritimemeile-haren.de/admin/wp-content/uploads/2014/05/263_tab-300x146.jpg 300w" sizes="(max-width: 600px) 100vw, 600px" /></a></p>
<p><a href="http://www.maritimemeile-haren.de/admin/wp-content/uploads/2014/05/263_Elektro-Jansen_1.jpg"><img loading="lazy" decoding="async" class="alignnone size-full wp-image-1984" src="http://www.maritimemeile-haren.de/admin/wp-content/uploads/2014/05/263_Elektro-Jansen_1.jpg" alt="263_Elektro Jansen_1" width="600" height="459" srcset="http://www.maritimemeile-haren.de/admin/wp-content/uploads/2014/05/263_Elektro-Jansen_1.jpg 600w, http://www.maritimemeile-haren.de/admin/wp-content/uploads/2014/05/263_Elektro-Jansen_1-300x229.jpg 300w" sizes="(max-width: 600px) 100vw, 600px" /></a></p>
<p><span style="font-size: 10pt;">Elektro Jansen Schiffstechnik</span></p>
<p><a href="http://www.elektro-jansen.de">www.elektro-jansen.de</a></p>
<h5>Auszug aus Band II</h5>
<p style="text-align: justify;"><span style="font-size: 12pt;">Den Anfang machte, kurz nach Kriegsende im Herbst 1949, Bernhard Jansen, der Vater des heutigen Firmeninhabers, zusammen mit seiner Frau Hedwig im alten Haus der Familie Sternberg am Harener Markt. Sie verkauften Rundfunkgeräte eigener Herstellung, die zu dieser Zeit in Haren sehr gefragt waren. Nach und nach spezialisierte sich Bernhard Jansen immer mehr auf die Elektroreparaturen und -installationen auf Harener Binnenschiffen.</span></p>
<p style="text-align: justify;"><span style="font-size: 12pt;">Nachdem sein Sohn Johannes die speziellen Anforderungen an die Elektroarbeiten auf Schiffen erlernt und 1985 seine Meisterprüfung abgelegt hatte, übernahm er zusammen mit seinem Vater die Weiterführung der Firma. Binnenschiffer aus ganz Deutschland und den Nachbarländern zählen heute zu den Kunden. Die Mitarbeiter übernehmen Elektroreparatur-, Installationsund Hydraulikarbeiten, dazu kommen die Lieferung und Montage sämtlicher nautischen Instrumente.</span></p>
<p style="text-align: justify;"><a href="http://www.maritimemeile-haren.de/admin/wp-content/uploads/2014/05/263_8.jpg"><img loading="lazy" decoding="async" class="alignnone size-full wp-image-2871" src="http://www.maritimemeile-haren.de/admin/wp-content/uploads/2014/05/263_8.jpg" alt="263_8" width="600" height="390" srcset="http://www.maritimemeile-haren.de/admin/wp-content/uploads/2014/05/263_8.jpg 600w, http://www.maritimemeile-haren.de/admin/wp-content/uploads/2014/05/263_8-300x195.jpg 300w" sizes="(max-width: 600px) 100vw, 600px" /></a></p>
<p style="text-align: justify;">
