{"id":4588,"date":"2014-10-30T15:27:49","date_gmt":"2014-10-30T13:27:49","guid":{"rendered":"http:\/\/www.maritimemeile-haren.de\/admin\/?page_id=4588"},"modified":"2014-11-04T11:49:00","modified_gmt":"2014-11-04T09:49:00","slug":"schifffahrtsmuseum-02","status":"publish","type":"page","link":"http:\/\/www.maritimemeile-haren.de\/admin\/schifffahrtsmuseum-02\/","title":{"rendered":"Schifffahrtsmuseum (02)"},"content":{"rendered":"<p style=\"text-align: justify;\"><span style=\"font-size: 12pt;\">Die Museumsanlage bildet den zentralen Punkt unserer \u201eMaritimen Meile\u201c. Es geht zun\u00e4chst an den Museumsschiffen entlang, danach zur\u00fcck zum Geb\u00e4ude, vor dem links ein Schild mit den Tafeln der Harener Reedereien steht. Ein kleiner Weg f\u00fchrt uns dann hinter das Museumshaus, wo wir eine Vielzahl von \u201eSteinen\u201c finden und einen Platz zum Verweilen.<\/span><\/p>\n","protected":false},"excerpt":{"rendered":"<p>Die Museumsanlage bildet den zentralen Punkt unserer \u201eMaritimen Meile\u201c. Es geht zun\u00e4chst an den Museumsschiffen entlang, danach zur\u00fcck zum Geb\u00e4ude, vor dem links ein Schild mit den Tafeln der Harener&hellip; <\/p>\n","protected":false},"author":1,"featured_media":4425,"parent":0,"menu_order":0,"comment_status":"closed","ping_status":"closed","template":"","meta":{"footnotes":""},"_links":{"self":[{"href":"http:\/\/www.maritimemeile-haren.de\/admin\/wp-json\/wp\/v2\/pages\/4588"}],"collection":[{"href":"http:\/\/www.maritimemeile-haren.de\/admin\/wp-json\/wp\/v2\/pages"}],"about":[{"href":"http:\/\/www.maritimemeile-haren.de\/admin\/wp-json\/wp\/v2\/types\/page"}],"author":[{"embeddable":true,"href":"http:\/\/www.maritimemeile-haren.de\/admin\/wp-json\/wp\/v2\/users\/1"}],"replies":[{"embeddable":true,"href":"http:\/\/www.maritimemeile-haren.de\/admin\/wp-json\/wp\/v2\/comments?post=4588"}],"version-history":[{"count":6,"href":"http:\/\/www.maritimemeile-haren.de\/admin\/wp-json\/wp\/v2\/pages\/4588\/revisions"}],"predecessor-version":[{"id":4804,"href":"http:\/\/www.maritimemeile-haren.de\/admin\/wp-json\/wp\/v2\/pages\/4588\/revisions\/4804"}],"wp:featuredmedia":[{"embeddable":true,"href":"http:\/\/www.maritimemeile-haren.de\/admin\/wp-json\/wp\/v2\/media\/4425"}],"wp:attachment":[{"href":"http:\/\/www.maritimemeile-haren.de\/admin\/wp-json\/wp\/v2\/media?parent=4588"}],"curies":[{"name":"wp","href":"https:\/\/api.w.org\/{rel}","templated":true}]}}

<p style="text-align: justify;"><span style="font-size: 12pt;">Die Museumsanlage bildet den zentralen Punkt unserer „Maritimen Meile“. Es geht zunächst an den Museumsschiffen entlang, danach zurück zum Gebäude, vor dem links ein Schild mit den Tafeln der Harener Reedereien steht. Ein kleiner Weg führt uns dann hinter das Museumshaus, wo wir eine Vielzahl von „Steinen“ finden und einen Platz zum Verweilen.</span></p>

<p>Die Museumsanlage bildet den zentralen Punkt unserer „Maritimen Meile“. Es geht zunächst an den Museumsschiffen entlang, danach zurück zum Gebäude, vor dem links ein Schild mit den Tafeln der Harener&hellip; </p>
