{"id":475,"date":"2014-05-20T10:41:23","date_gmt":"2014-05-20T08:41:23","guid":{"rendered":"http:\/\/www.maritimemeile-haren.de\/admin\/?page_id=475"},"modified":"2014-07-10T11:29:32","modified_gmt":"2014-07-10T09:29:32","slug":"275-a-juengerhans","status":"publish","type":"page","link":"http:\/\/www.maritimemeile-haren.de\/admin\/275-a-juengerhans\/","title":{"rendered":"275 A. J\u00dcNGERHANS"},"content":{"rendered":"<p><a href=\"http:\/\/www.maritimemeile-haren.de\/admin\/wp-content\/uploads\/2014\/05\/275_tab.jpg\"><img loading=\"lazy\" decoding=\"async\" class=\"alignnone size-full wp-image-2020\" src=\"http:\/\/www.maritimemeile-haren.de\/admin\/wp-content\/uploads\/2014\/05\/275_tab.jpg\" alt=\"Layout 1\" width=\"600\" height=\"292\" srcset=\"http:\/\/www.maritimemeile-haren.de\/admin\/wp-content\/uploads\/2014\/05\/275_tab.jpg 600w, http:\/\/www.maritimemeile-haren.de\/admin\/wp-content\/uploads\/2014\/05\/275_tab-300x146.jpg 300w\" sizes=\"(max-width: 600px) 100vw, 600px\" \/><\/a><\/p>\n<p><a href=\"http:\/\/www.maritimemeile-haren.de\/admin\/wp-content\/uploads\/2014\/05\/275_A-Ju\u0308rgenhans_1.jpg\"><img loading=\"lazy\" decoding=\"async\" class=\"alignnone size-full wp-image-2022\" src=\"http:\/\/www.maritimemeile-haren.de\/admin\/wp-content\/uploads\/2014\/05\/275_A-Ju\u0308rgenhans_1.jpg\" alt=\"275_A Ju\u0308rgenhans_1\" width=\"600\" height=\"323\" srcset=\"http:\/\/www.maritimemeile-haren.de\/admin\/wp-content\/uploads\/2014\/05\/275_A-Ju\u0308rgenhans_1.jpg 600w, http:\/\/www.maritimemeile-haren.de\/admin\/wp-content\/uploads\/2014\/05\/275_A-Ju\u0308rgenhans_1-300x161.jpg 300w\" sizes=\"(max-width: 600px) 100vw, 600px\" \/><\/a><\/p>\n<p><span style=\"font-size: 10pt;\">A. J\u00fcngerhans<\/span><\/p>\n<h5>Aus der Geschichte:<\/h5>\n<p style=\"text-align: justify;\"><span style=\"font-size: 12pt;\">Das Schiff wurde vorwiegend in der Skandinavienfahrt eingesetzt. Im Winter fuhr es wegen des Eisganges in der Ostsee von der H\u00fctte Herrenwick bei L\u00fcbeck mit Roheisen nach L\u00fcttich, die R\u00fcckreise bestand oft aus Kunstd\u00fcnger zu den Ostseeh\u00e4fen. 1966 an Friedr. Fiege &amp; Werner Haak, Krautsand bei Stade, umbenannt in \u201eTINA F\u201c. 1974 an Gebr. Steffens in Emden, umbenannt in \u201eTINA S\u201c. 1975 umgebaut zu einem Tankschiff. 1978 Heimathafen Bensersiel. 1990 an die Bitunamel Feldmann GmbH, L\u00fcbeck, umbenannt in \u201eBITUNAMEL VI\u201c. 1997 in Fahrt.<\/span><\/p>\n<p style=\"text-align: justify;\"><a href=\"http:\/\/www.maritimemeile-haren.de\/admin\/wp-content\/uploads\/2014\/05\/275_2.jpg\"><img loading=\"lazy\" decoding=\"async\" class=\"alignnone size-full wp-image-3341\" src=\"http:\/\/www.maritimemeile-haren.de\/admin\/wp-content\/uploads\/2014\/05\/275_2.jpg\" alt=\"275_2\" width=\"600\" height=\"576\" srcset=\"http:\/\/www.maritimemeile-haren.de\/admin\/wp-content\/uploads\/2014\/05\/275_2.jpg 600w, http:\/\/www.maritimemeile-haren.de\/admin\/wp-content\/uploads\/2014\/05\/275_2-300x288.jpg 300w\" sizes=\"(max-width: 600px) 100vw, 600px\" \/><\/a><\/p>\n<p><span style=\"font-size: 10pt;\">A. J\u00dcNGERHANS w\u00e4hrend der Holzfahrt\u00a0\u00a0\u00a0 (Foto: Reederei J\u00fcngerhans)<\/span><\/p>\n<p><a href=\"http:\/\/www.maritimemeile-haren.de\/admin\/wp-content\/uploads\/2014\/05\/275_7.jpg\"><img loading=\"lazy\" decoding=\"async\" class=\"alignnone size-full wp-image-2928\" src=\"http:\/\/www.maritimemeile-haren.de\/admin\/wp-content\/uploads\/2014\/05\/275_7.jpg\" alt=\"275_7\" width=\"600\" height=\"167\" srcset=\"http:\/\/www.maritimemeile-haren.de\/admin\/wp-content\/uploads\/2014\/05\/275_7.jpg 600w, http:\/\/www.maritimemeile-haren.de\/admin\/wp-content\/uploads\/2014\/05\/275_7-300x83.jpg 300w\" sizes=\"(max-width: 600px) 100vw, 600px\" \/><\/a><\/p>\n<p><span style=\"font-size: 10pt;\">A. J\u00dcNGERHANS<\/span><br \/>\n<span style=\"font-size: 10pt;\">(Foto: Wolfgang Fuchs, Hamburg)<\/span><\/p>\n<p>&nbsp;<\/p>\n","protected":false},"excerpt":{"rendered":"<p>A. J\u00fcngerhans Aus der Geschichte: Das Schiff wurde vorwiegend in der Skandinavienfahrt eingesetzt. Im Winter fuhr es wegen des Eisganges in der Ostsee von der H\u00fctte Herrenwick bei L\u00fcbeck mit&hellip; <\/p>\n","protected":false},"author":1,"featured_media":0,"parent":0,"menu_order":275,"comment_status":"closed","ping_status":"closed","template":"","meta":{"footnotes":""},"_links":{"self":[{"href":"http:\/\/www.maritimemeile-haren.de\/admin\/wp-json\/wp\/v2\/pages\/475"}],"collection":[{"href":"http:\/\/www.maritimemeile-haren.de\/admin\/wp-json\/wp\/v2\/pages"}],"about":[{"href":"http:\/\/www.maritimemeile-haren.de\/admin\/wp-json\/wp\/v2\/types\/page"}],"author":[{"embeddable":true,"href":"http:\/\/www.maritimemeile-haren.de\/admin\/wp-json\/wp\/v2\/users\/1"}],"replies":[{"embeddable":true,"href":"http:\/\/www.maritimemeile-haren.de\/admin\/wp-json\/wp\/v2\/comments?post=475"}],"version-history":[{"count":5,"href":"http:\/\/www.maritimemeile-haren.de\/admin\/wp-json\/wp\/v2\/pages\/475\/revisions"}],"predecessor-version":[{"id":3342,"href":"http:\/\/www.maritimemeile-haren.de\/admin\/wp-json\/wp\/v2\/pages\/475\/revisions\/3342"}],"wp:attachment":[{"href":"http:\/\/www.maritimemeile-haren.de\/admin\/wp-json\/wp\/v2\/media?parent=475"}],"curies":[{"name":"wp","href":"https:\/\/api.w.org\/{rel}","templated":true}]}}

275 A. JÜNGERHANS

<p><a href="http://www.maritimemeile-haren.de/admin/wp-content/uploads/2014/05/275_tab.jpg"><img loading="lazy" decoding="async" class="alignnone size-full wp-image-2020" src="http://www.maritimemeile-haren.de/admin/wp-content/uploads/2014/05/275_tab.jpg" alt="Layout 1" width="600" height="292" srcset="http://www.maritimemeile-haren.de/admin/wp-content/uploads/2014/05/275_tab.jpg 600w, http://www.maritimemeile-haren.de/admin/wp-content/uploads/2014/05/275_tab-300x146.jpg 300w" sizes="(max-width: 600px) 100vw, 600px" /></a></p>
<p><a href="http://www.maritimemeile-haren.de/admin/wp-content/uploads/2014/05/275_A-Jürgenhans_1.jpg"><img loading="lazy" decoding="async" class="alignnone size-full wp-image-2022" src="http://www.maritimemeile-haren.de/admin/wp-content/uploads/2014/05/275_A-Jürgenhans_1.jpg" alt="275_A Jürgenhans_1" width="600" height="323" srcset="http://www.maritimemeile-haren.de/admin/wp-content/uploads/2014/05/275_A-Jürgenhans_1.jpg 600w, http://www.maritimemeile-haren.de/admin/wp-content/uploads/2014/05/275_A-Jürgenhans_1-300x161.jpg 300w" sizes="(max-width: 600px) 100vw, 600px" /></a></p>
<p><span style="font-size: 10pt;">A. Jüngerhans</span></p>
<h5>Aus der Geschichte:</h5>
<p style="text-align: justify;"><span style="font-size: 12pt;">Das Schiff wurde vorwiegend in der Skandinavienfahrt eingesetzt. Im Winter fuhr es wegen des Eisganges in der Ostsee von der Hütte Herrenwick bei Lübeck mit Roheisen nach Lüttich, die Rückreise bestand oft aus Kunstdünger zu den Ostseehäfen. 1966 an Friedr. Fiege &amp; Werner Haak, Krautsand bei Stade, umbenannt in „TINA F“. 1974 an Gebr. Steffens in Emden, umbenannt in „TINA S“. 1975 umgebaut zu einem Tankschiff. 1978 Heimathafen Bensersiel. 1990 an die Bitunamel Feldmann GmbH, Lübeck, umbenannt in „BITUNAMEL VI“. 1997 in Fahrt.</span></p>
<p style="text-align: justify;"><a href="http://www.maritimemeile-haren.de/admin/wp-content/uploads/2014/05/275_2.jpg"><img loading="lazy" decoding="async" class="alignnone size-full wp-image-3341" src="http://www.maritimemeile-haren.de/admin/wp-content/uploads/2014/05/275_2.jpg" alt="275_2" width="600" height="576" srcset="http://www.maritimemeile-haren.de/admin/wp-content/uploads/2014/05/275_2.jpg 600w, http://www.maritimemeile-haren.de/admin/wp-content/uploads/2014/05/275_2-300x288.jpg 300w" sizes="(max-width: 600px) 100vw, 600px" /></a></p>
<p><span style="font-size: 10pt;">A. JÜNGERHANS während der Holzfahrt    (Foto: Reederei Jüngerhans)</span></p>
<p><a href="http://www.maritimemeile-haren.de/admin/wp-content/uploads/2014/05/275_7.jpg"><img loading="lazy" decoding="async" class="alignnone size-full wp-image-2928" src="http://www.maritimemeile-haren.de/admin/wp-content/uploads/2014/05/275_7.jpg" alt="275_7" width="600" height="167" srcset="http://www.maritimemeile-haren.de/admin/wp-content/uploads/2014/05/275_7.jpg 600w, http://www.maritimemeile-haren.de/admin/wp-content/uploads/2014/05/275_7-300x83.jpg 300w" sizes="(max-width: 600px) 100vw, 600px" /></a></p>
<p><span style="font-size: 10pt;">A. JÜNGERHANS</span><br />
<span style="font-size: 10pt;">(Foto: Wolfgang Fuchs, Hamburg)</span></p>
<p>&nbsp;</p>

<p>A. Jüngerhans Aus der Geschichte: Das Schiff wurde vorwiegend in der Skandinavienfahrt eingesetzt. Im Winter fuhr es wegen des Eisganges in der Ostsee von der Hütte Herrenwick bei Lübeck mit&hellip; </p>
