{"id":4788,"date":"2014-11-04T10:58:06","date_gmt":"2014-11-04T08:58:06","guid":{"rendered":"http:\/\/www.maritimemeile-haren.de\/admin\/?page_id=4788"},"modified":"2014-11-04T11:01:14","modified_gmt":"2014-11-04T09:01:14","slug":"stadt-haren-ems-2","status":"publish","type":"page","link":"http:\/\/www.maritimemeile-haren.de\/admin\/stadt-haren-ems-2\/","title":{"rendered":"Stadt Haren (Ems)"},"content":{"rendered":"<p style=\"text-align: justify;\"><span style=\"font-size: 12pt;\">Die Geschichte der Stadt Haren an der Ems geht nachweislich bis auf das Jahr 890 zur\u00fcck, obwohl der Ort sicherlich einen \u00e4lteren Ursprung hat. Eine Burg mit drei Unterh\u00f6fen, die auf eine der gr\u00f6\u00dften Inseln im siedlungsfeindlichen Emstal gelegen war, wird als die Urgr\u00fcndung des Ortes angesehen. Zu Beginn des 16. Jahrhunderts erfolgte die \u00fcber vier Jahrhunderte andauernde Ortstrennung in Altharen und (Neu) Haren. Die anschlie\u00dfende Entwicklung in den beiden selbstst\u00e4ndigen Gemeinden verlief recht unterschiedlich: Altharen war eher landwirtschaftlich gepr\u00e4gt, w\u00e4hrend sich in Haren die Dominanz des Schifffahrtsgewerbes immer mehr durchsetzte.<\/span><\/p>\n<p style=\"text-align: justify;\"><span style=\"font-size: 12pt;\">Zu der dunkelsten Zeit der Schifferstadt geh\u00f6rte die zwangsweise R\u00e4umung des Ortes nach dem 2. Weltkrieg. Vom 20.05.1945 bis zum 15.11.1948 wurden etwa 5.000 ehemals arbeitsverpflichtete Polen in Haren untergebracht. Alle Orts und Stra\u00dfenbezeichnungen wurden von der polnischen Verwaltung mit neuen Namen bedacht; Haren selbst wurde in Maczkow umbenannt. Als die Spuren der Besatzungszeit l\u00e4ngst beseitigt waren, schlossen sich die beiden selbstst\u00e4ndigen Gemeinden am 01.10.1956 wieder zur Einheitsgemeinde Haren zusammen.<\/span><\/p>\n<p style=\"text-align: justify;\"><span style=\"font-size: 12pt;\">Schon zehn Jahre nach diesem Zusammenschluss erhielt die Gemeinde Haren am 3. Dezember 1965 die Stadtrechte. Mit der Verwaltungs- und Gebietsreform wurden am 1. M\u00e4rz 1974 zw\u00f6lf Gemeinden mit insgesamt 16.359 Einwohnern zusammengeschlossen. Haren ist heute die viertgr\u00f6\u00dfte Stadt des Emslandes (ca. 22.500 Einwohner) und unterh\u00e4lt aktive St\u00e4dtepartnerschaften zu drei europ\u00e4ischen St\u00e4dten: Vlagtwedde (Niederlande), Andr\u00e9sy (Frankreich) und Miedzyrzecz (Polen).<\/span><\/p>\n","protected":false},"excerpt":{"rendered":"<p>Die Geschichte der Stadt Haren an der Ems geht nachweislich bis auf das Jahr 890 zur\u00fcck, obwohl der Ort sicherlich einen \u00e4lteren Ursprung hat. Eine Burg mit drei Unterh\u00f6fen, die&hellip; <\/p>\n","protected":false},"author":1,"featured_media":4786,"parent":0,"menu_order":0,"comment_status":"closed","ping_status":"closed","template":"","meta":{"footnotes":""},"_links":{"self":[{"href":"http:\/\/www.maritimemeile-haren.de\/admin\/wp-json\/wp\/v2\/pages\/4788"}],"collection":[{"href":"http:\/\/www.maritimemeile-haren.de\/admin\/wp-json\/wp\/v2\/pages"}],"about":[{"href":"http:\/\/www.maritimemeile-haren.de\/admin\/wp-json\/wp\/v2\/types\/page"}],"author":[{"embeddable":true,"href":"http:\/\/www.maritimemeile-haren.de\/admin\/wp-json\/wp\/v2\/users\/1"}],"replies":[{"embeddable":true,"href":"http:\/\/www.maritimemeile-haren.de\/admin\/wp-json\/wp\/v2\/comments?post=4788"}],"version-history":[{"count":2,"href":"http:\/\/www.maritimemeile-haren.de\/admin\/wp-json\/wp\/v2\/pages\/4788\/revisions"}],"predecessor-version":[{"id":4790,"href":"http:\/\/www.maritimemeile-haren.de\/admin\/wp-json\/wp\/v2\/pages\/4788\/revisions\/4790"}],"wp:featuredmedia":[{"embeddable":true,"href":"http:\/\/www.maritimemeile-haren.de\/admin\/wp-json\/wp\/v2\/media\/4786"}],"wp:attachment":[{"href":"http:\/\/www.maritimemeile-haren.de\/admin\/wp-json\/wp\/v2\/media?parent=4788"}],"curies":[{"name":"wp","href":"https:\/\/api.w.org\/{rel}","templated":true}]}}

<p style="text-align: justify;"><span style="font-size: 12pt;">Die Geschichte der Stadt Haren an der Ems geht nachweislich bis auf das Jahr 890 zurück, obwohl der Ort sicherlich einen älteren Ursprung hat. Eine Burg mit drei Unterhöfen, die auf eine der größten Inseln im siedlungsfeindlichen Emstal gelegen war, wird als die Urgründung des Ortes angesehen. Zu Beginn des 16. Jahrhunderts erfolgte die über vier Jahrhunderte andauernde Ortstrennung in Altharen und (Neu) Haren. Die anschließende Entwicklung in den beiden selbstständigen Gemeinden verlief recht unterschiedlich: Altharen war eher landwirtschaftlich geprägt, während sich in Haren die Dominanz des Schifffahrtsgewerbes immer mehr durchsetzte.</span></p>
<p style="text-align: justify;"><span style="font-size: 12pt;">Zu der dunkelsten Zeit der Schifferstadt gehörte die zwangsweise Räumung des Ortes nach dem 2. Weltkrieg. Vom 20.05.1945 bis zum 15.11.1948 wurden etwa 5.000 ehemals arbeitsverpflichtete Polen in Haren untergebracht. Alle Orts und Straßenbezeichnungen wurden von der polnischen Verwaltung mit neuen Namen bedacht; Haren selbst wurde in Maczkow umbenannt. Als die Spuren der Besatzungszeit längst beseitigt waren, schlossen sich die beiden selbstständigen Gemeinden am 01.10.1956 wieder zur Einheitsgemeinde Haren zusammen.</span></p>
<p style="text-align: justify;"><span style="font-size: 12pt;">Schon zehn Jahre nach diesem Zusammenschluss erhielt die Gemeinde Haren am 3. Dezember 1965 die Stadtrechte. Mit der Verwaltungs- und Gebietsreform wurden am 1. März 1974 zwölf Gemeinden mit insgesamt 16.359 Einwohnern zusammengeschlossen. Haren ist heute die viertgrößte Stadt des Emslandes (ca. 22.500 Einwohner) und unterhält aktive Städtepartnerschaften zu drei europäischen Städten: Vlagtwedde (Niederlande), Andrésy (Frankreich) und Miedzyrzecz (Polen).</span></p>

<p>Die Geschichte der Stadt Haren an der Ems geht nachweislich bis auf das Jahr 890 zurück, obwohl der Ort sicherlich einen älteren Ursprung hat. Eine Burg mit drei Unterhöfen, die&hellip; </p>
