{"id":483,"date":"2014-05-20T10:45:19","date_gmt":"2014-05-20T08:45:19","guid":{"rendered":"http:\/\/www.maritimemeile-haren.de\/admin\/?page_id=483"},"modified":"2014-07-10T14:22:02","modified_gmt":"2014-07-10T12:22:02","slug":"279-geschwisterliebe","status":"publish","type":"page","link":"http:\/\/www.maritimemeile-haren.de\/admin\/279-geschwisterliebe\/","title":{"rendered":"279 GESCHWISTERLIEBE"},"content":{"rendered":"<p><a href=\"http:\/\/www.maritimemeile-haren.de\/admin\/wp-content\/uploads\/2014\/05\/279_tab.jpg\"><img loading=\"lazy\" decoding=\"async\" class=\"alignnone size-full wp-image-2039\" src=\"http:\/\/www.maritimemeile-haren.de\/admin\/wp-content\/uploads\/2014\/05\/279_tab.jpg\" alt=\"Layout 1\" width=\"600\" height=\"292\" srcset=\"http:\/\/www.maritimemeile-haren.de\/admin\/wp-content\/uploads\/2014\/05\/279_tab.jpg 600w, http:\/\/www.maritimemeile-haren.de\/admin\/wp-content\/uploads\/2014\/05\/279_tab-300x146.jpg 300w\" sizes=\"(max-width: 600px) 100vw, 600px\" \/><\/a><\/p>\n<p><a href=\"http:\/\/www.maritimemeile-haren.de\/admin\/wp-content\/uploads\/2014\/05\/279_Geschwister_1.jpg\"><img loading=\"lazy\" decoding=\"async\" class=\"alignnone size-full wp-image-2038\" src=\"http:\/\/www.maritimemeile-haren.de\/admin\/wp-content\/uploads\/2014\/05\/279_Geschwister_1.jpg\" alt=\"279_Geschwister_1\" width=\"600\" height=\"327\" srcset=\"http:\/\/www.maritimemeile-haren.de\/admin\/wp-content\/uploads\/2014\/05\/279_Geschwister_1.jpg 600w, http:\/\/www.maritimemeile-haren.de\/admin\/wp-content\/uploads\/2014\/05\/279_Geschwister_1-300x163.jpg 300w\" sizes=\"(max-width: 600px) 100vw, 600px\" \/><\/a><\/p>\n<p><span style=\"font-size: 10pt;\">Geschwisterliebe<\/span><\/p>\n<h5>Aus der Geschichte:<\/h5>\n<p style=\"text-align: justify;\"><span style=\"font-size: 12pt;\">Das Schiff wurde am 22.11.1927 ins Seeschiffsregister in Emden eingetragen. Kapit\u00e4n Tim Schepers (geb.1898) war von den Anf\u00e4ngen bis 1953 mit der Schiffsf\u00fchrung beauftragt. Bereits zu Beginn des Krieges wurde die \u201eGESCHWISTERLIEBE\u201c beschlagnahmt und als Vorpostenboot in Le Havre stationiert. Kurz vor Ende des Krieges gelangte das Schiff noch nach Haren und wurde in der blauen Donau versenkt. Nach dem Krieg wurde es sofort wieder gehoben und diente insbesondere w\u00e4hrend des Hochwassers im Februar 1946 den Bewohnern aus Landegge als Wohnung. Auf der \u201eODIN\u201c wurde das Vieh untergebracht.<\/span><\/p>\n<p style=\"text-align: justify;\"><span style=\"font-size: 12pt;\">1952 wurde die \u201eGESCHWISTERLIEBE\u201c um 6 Meter verl\u00e4ngert und um 50 cm erh\u00f6ht, nun 360 tdw. Zudem wurde das Heck modernisiert. <\/span><\/p>\n<p style=\"text-align: justify;\"><span style=\"font-size: 12pt;\">Zu dieser Zeit fuhren auch die S\u00f6hne Heinrich und Wilhelm an Bord. Das Fahrtgebiet erstreckte sich nach dem Umbau bis nach Finnland. 1954 wurde als Neuerung auf dem Schiff ein Funkpeiler installiert. Sohn Rudolf trat in den Schiffsdienst ein. Im Februar 1963 an Tim Schepers &amp; <\/span><span style=\"font-size: 12pt;\">S\u00f6hne.<\/span><\/p>\n<p style=\"text-align: justify;\"><span style=\"font-size: 12pt;\">1964 an Wilhelm Rust, Oberndorf, umbenannt in \u201eOBERNDORF\u201c. 1977 nach Haiti verkauft, umbenannt in \u201eHAITI TRADER\u201c. 1986 nach Honduras ver\u00e4u\u00dfert, umbenannt in \u201eSNS EXPRESS\u201c.<\/span><\/p>\n<p style=\"text-align: justify;\"><span style=\"font-size: 12pt;\">1986 in der N\u00e4he von Santo Domingo nach Wassereinbruch auf Grund gesetzt. <\/span><\/p>\n<p style=\"text-align: justify;\"><a href=\"http:\/\/www.maritimemeile-haren.de\/admin\/wp-content\/uploads\/2014\/05\/279_3.jpg\"><img loading=\"lazy\" decoding=\"async\" class=\"alignnone size-full wp-image-3346\" src=\"http:\/\/www.maritimemeile-haren.de\/admin\/wp-content\/uploads\/2014\/05\/279_3.jpg\" alt=\"279_3\" width=\"600\" height=\"386\" srcset=\"http:\/\/www.maritimemeile-haren.de\/admin\/wp-content\/uploads\/2014\/05\/279_3.jpg 600w, http:\/\/www.maritimemeile-haren.de\/admin\/wp-content\/uploads\/2014\/05\/279_3-300x193.jpg 300w\" sizes=\"(max-width: 600px) 100vw, 600px\" \/><\/a><\/p>\n<p><span style=\"font-size: 10pt;\">GESCHWISTERLIEBE (Foto: Otto Schulte)<\/span><\/p>\n<p style=\"text-align: justify;\"><a href=\"http:\/\/www.maritimemeile-haren.de\/admin\/wp-content\/uploads\/2014\/05\/279_2.jpg\"><img loading=\"lazy\" decoding=\"async\" class=\"alignnone size-full wp-image-3347\" src=\"http:\/\/www.maritimemeile-haren.de\/admin\/wp-content\/uploads\/2014\/05\/279_2.jpg\" alt=\"279_2\" width=\"300\" height=\"389\" srcset=\"http:\/\/www.maritimemeile-haren.de\/admin\/wp-content\/uploads\/2014\/05\/279_2.jpg 300w, http:\/\/www.maritimemeile-haren.de\/admin\/wp-content\/uploads\/2014\/05\/279_2-231x300.jpg 231w\" sizes=\"(max-width: 300px) 100vw, 300px\" \/><\/a><\/p>\n<p style=\"text-align: justify;\"><span style=\"font-size: 10pt;\">Geschwisterliebe (Foto: Wilhelm Schepers)<\/span><\/p>\n<h5>Ausz\u00fcge aus Band II<\/h5>\n<p><a href=\"http:\/\/www.maritimemeile-haren.de\/admin\/wp-content\/uploads\/2014\/05\/279_82.jpg\"><img loading=\"lazy\" decoding=\"async\" class=\"alignnone size-full wp-image-2958\" src=\"http:\/\/www.maritimemeile-haren.de\/admin\/wp-content\/uploads\/2014\/05\/279_82.jpg\" alt=\"279_8\" width=\"600\" height=\"204\" srcset=\"http:\/\/www.maritimemeile-haren.de\/admin\/wp-content\/uploads\/2014\/05\/279_82.jpg 600w, http:\/\/www.maritimemeile-haren.de\/admin\/wp-content\/uploads\/2014\/05\/279_82-300x102.jpg 300w\" sizes=\"(max-width: 600px) 100vw, 600px\" \/><\/a><\/p>\n<p><span style=\"font-size: 10pt;\">&#8222;Steuermann auf gro\u00dfer Fahrt&#8220;<\/span><br \/>\n<span style=\"font-size: 10pt;\">links: Bef\u00e4higungszeugnis f\u00fcr Wilhelm Schepers\u00a0\u00a0\u00a0\u00a0\u00a0\u00a0\u00a0\u00a0\u00a0\u00a0\u00a0\u00a0\u00a0\u00a0\u00a0\u00a0\u00a0\u00a0 \u00a0\u00a0\u00a0\u00a0\u00a0\u00a0\u00a0\u00a0\u00a0\u00a0\u00a0\u00a0\u00a0\u00a0\u00a0\u00a0\u00a0\u00a0\u00a0\u00a0\u00a0\u00a0\u00a0\u00a0\u00a0\u00a0\u00a0\u00a0\u00a0\u00a0\u00a0\u00a0\u00a0\u00a0\u00a0\u00a0\u00a0\u00a0\u00a0\u00a0\u00a0\u00a0\u00a0\u00a0\u00a0\u00a0\u00a0\u00a0\u00a0\u00a0\u00a0\u00a0\u00a0\u00a0\u00a0\u00a0\u00a0\u00a0\u00a0\u00a0\u00a0\u00a0\u00a0\u00a0\u00a0\u00a0\u00a0\u00a0\u00a0 <\/span><br \/>\n<span style=\"font-size: 10pt;\">rechts: Bef\u00e4higungszeugnis f\u00fcr Timotheus Schepers (A 3)<br \/>\n<\/span><\/p>\n<p><a href=\"http:\/\/www.maritimemeile-haren.de\/admin\/wp-content\/uploads\/2014\/05\/279_7.jpg\"><img loading=\"lazy\" decoding=\"async\" class=\"alignnone size-full wp-image-2949\" src=\"http:\/\/www.maritimemeile-haren.de\/admin\/wp-content\/uploads\/2014\/05\/279_7.jpg\" alt=\"279_7\" width=\"600\" height=\"244\" srcset=\"http:\/\/www.maritimemeile-haren.de\/admin\/wp-content\/uploads\/2014\/05\/279_7.jpg 600w, http:\/\/www.maritimemeile-haren.de\/admin\/wp-content\/uploads\/2014\/05\/279_7-300x122.jpg 300w\" sizes=\"(max-width: 600px) 100vw, 600px\" \/><\/a><\/p>\n<p><span style=\"font-size: 10pt;\">GESCHWISTERLIEBE (Foto: Thea Schepers)<\/span><\/p>\n<p><a href=\"http:\/\/www.maritimemeile-haren.de\/admin\/wp-content\/uploads\/2014\/05\/279_101.jpg\"><img loading=\"lazy\" decoding=\"async\" class=\"alignnone wp-image-3049 size-full\" src=\"http:\/\/www.maritimemeile-haren.de\/admin\/wp-content\/uploads\/2014\/05\/279_101.jpg\" alt=\"\" width=\"300\" height=\"411\" srcset=\"http:\/\/www.maritimemeile-haren.de\/admin\/wp-content\/uploads\/2014\/05\/279_101.jpg 300w, http:\/\/www.maritimemeile-haren.de\/admin\/wp-content\/uploads\/2014\/05\/279_101-218x300.jpg 218w\" sizes=\"(max-width: 300px) 100vw, 300px\" \/><\/a><\/p>\n<p><span style=\"font-size: 10pt;\">Seefahrtsbuch Wilhelm Schepers, (*20.11.1932)<\/span><br \/>\n<span style=\"font-size: 10pt;\">vom 24.03.1948<\/span><br \/>\n<span style=\"font-size: 10pt;\"> (Vorlage: Wilhelm Schepers)<\/span><\/p>\n","protected":false},"excerpt":{"rendered":"<p>Geschwisterliebe Aus der Geschichte: Das Schiff wurde am 22.11.1927 ins Seeschiffsregister in Emden eingetragen. Kapit\u00e4n Tim Schepers (geb.1898) war von den Anf\u00e4ngen bis 1953 mit der Schiffsf\u00fchrung beauftragt. Bereits zu&hellip; <\/p>\n","protected":false},"author":1,"featured_media":0,"parent":0,"menu_order":279,"comment_status":"closed","ping_status":"closed","template":"","meta":{"footnotes":""},"_links":{"self":[{"href":"http:\/\/www.maritimemeile-haren.de\/admin\/wp-json\/wp\/v2\/pages\/483"}],"collection":[{"href":"http:\/\/www.maritimemeile-haren.de\/admin\/wp-json\/wp\/v2\/pages"}],"about":[{"href":"http:\/\/www.maritimemeile-haren.de\/admin\/wp-json\/wp\/v2\/types\/page"}],"author":[{"embeddable":true,"href":"http:\/\/www.maritimemeile-haren.de\/admin\/wp-json\/wp\/v2\/users\/1"}],"replies":[{"embeddable":true,"href":"http:\/\/www.maritimemeile-haren.de\/admin\/wp-json\/wp\/v2\/comments?post=483"}],"version-history":[{"count":12,"href":"http:\/\/www.maritimemeile-haren.de\/admin\/wp-json\/wp\/v2\/pages\/483\/revisions"}],"predecessor-version":[{"id":3436,"href":"http:\/\/www.maritimemeile-haren.de\/admin\/wp-json\/wp\/v2\/pages\/483\/revisions\/3436"}],"wp:attachment":[{"href":"http:\/\/www.maritimemeile-haren.de\/admin\/wp-json\/wp\/v2\/media?parent=483"}],"curies":[{"name":"wp","href":"https:\/\/api.w.org\/{rel}","templated":true}]}}

<p><a href="http://www.maritimemeile-haren.de/admin/wp-content/uploads/2014/05/279_tab.jpg"><img loading="lazy" decoding="async" class="alignnone size-full wp-image-2039" src="http://www.maritimemeile-haren.de/admin/wp-content/uploads/2014/05/279_tab.jpg" alt="Layout 1" width="600" height="292" srcset="http://www.maritimemeile-haren.de/admin/wp-content/uploads/2014/05/279_tab.jpg 600w, http://www.maritimemeile-haren.de/admin/wp-content/uploads/2014/05/279_tab-300x146.jpg 300w" sizes="(max-width: 600px) 100vw, 600px" /></a></p>
<p><a href="http://www.maritimemeile-haren.de/admin/wp-content/uploads/2014/05/279_Geschwister_1.jpg"><img loading="lazy" decoding="async" class="alignnone size-full wp-image-2038" src="http://www.maritimemeile-haren.de/admin/wp-content/uploads/2014/05/279_Geschwister_1.jpg" alt="279_Geschwister_1" width="600" height="327" srcset="http://www.maritimemeile-haren.de/admin/wp-content/uploads/2014/05/279_Geschwister_1.jpg 600w, http://www.maritimemeile-haren.de/admin/wp-content/uploads/2014/05/279_Geschwister_1-300x163.jpg 300w" sizes="(max-width: 600px) 100vw, 600px" /></a></p>
<p><span style="font-size: 10pt;">Geschwisterliebe</span></p>
<h5>Aus der Geschichte:</h5>
<p style="text-align: justify;"><span style="font-size: 12pt;">Das Schiff wurde am 22.11.1927 ins Seeschiffsregister in Emden eingetragen. Kapitän Tim Schepers (geb.1898) war von den Anfängen bis 1953 mit der Schiffsführung beauftragt. Bereits zu Beginn des Krieges wurde die „GESCHWISTERLIEBE“ beschlagnahmt und als Vorpostenboot in Le Havre stationiert. Kurz vor Ende des Krieges gelangte das Schiff noch nach Haren und wurde in der blauen Donau versenkt. Nach dem Krieg wurde es sofort wieder gehoben und diente insbesondere während des Hochwassers im Februar 1946 den Bewohnern aus Landegge als Wohnung. Auf der „ODIN“ wurde das Vieh untergebracht.</span></p>
<p style="text-align: justify;"><span style="font-size: 12pt;">1952 wurde die „GESCHWISTERLIEBE“ um 6 Meter verlängert und um 50 cm erhöht, nun 360 tdw. Zudem wurde das Heck modernisiert. </span></p>
<p style="text-align: justify;"><span style="font-size: 12pt;">Zu dieser Zeit fuhren auch die Söhne Heinrich und Wilhelm an Bord. Das Fahrtgebiet erstreckte sich nach dem Umbau bis nach Finnland. 1954 wurde als Neuerung auf dem Schiff ein Funkpeiler installiert. Sohn Rudolf trat in den Schiffsdienst ein. Im Februar 1963 an Tim Schepers &amp; </span><span style="font-size: 12pt;">Söhne.</span></p>
<p style="text-align: justify;"><span style="font-size: 12pt;">1964 an Wilhelm Rust, Oberndorf, umbenannt in „OBERNDORF“. 1977 nach Haiti verkauft, umbenannt in „HAITI TRADER“. 1986 nach Honduras veräußert, umbenannt in „SNS EXPRESS“.</span></p>
<p style="text-align: justify;"><span style="font-size: 12pt;">1986 in der Nähe von Santo Domingo nach Wassereinbruch auf Grund gesetzt. </span></p>
<p style="text-align: justify;"><a href="http://www.maritimemeile-haren.de/admin/wp-content/uploads/2014/05/279_3.jpg"><img loading="lazy" decoding="async" class="alignnone size-full wp-image-3346" src="http://www.maritimemeile-haren.de/admin/wp-content/uploads/2014/05/279_3.jpg" alt="279_3" width="600" height="386" srcset="http://www.maritimemeile-haren.de/admin/wp-content/uploads/2014/05/279_3.jpg 600w, http://www.maritimemeile-haren.de/admin/wp-content/uploads/2014/05/279_3-300x193.jpg 300w" sizes="(max-width: 600px) 100vw, 600px" /></a></p>
<p><span style="font-size: 10pt;">GESCHWISTERLIEBE (Foto: Otto Schulte)</span></p>
<p style="text-align: justify;"><a href="http://www.maritimemeile-haren.de/admin/wp-content/uploads/2014/05/279_2.jpg"><img loading="lazy" decoding="async" class="alignnone size-full wp-image-3347" src="http://www.maritimemeile-haren.de/admin/wp-content/uploads/2014/05/279_2.jpg" alt="279_2" width="300" height="389" srcset="http://www.maritimemeile-haren.de/admin/wp-content/uploads/2014/05/279_2.jpg 300w, http://www.maritimemeile-haren.de/admin/wp-content/uploads/2014/05/279_2-231x300.jpg 231w" sizes="(max-width: 300px) 100vw, 300px" /></a></p>
<p style="text-align: justify;"><span style="font-size: 10pt;">Geschwisterliebe (Foto: Wilhelm Schepers)</span></p>
<h5>Auszüge aus Band II</h5>
<p><a href="http://www.maritimemeile-haren.de/admin/wp-content/uploads/2014/05/279_82.jpg"><img loading="lazy" decoding="async" class="alignnone size-full wp-image-2958" src="http://www.maritimemeile-haren.de/admin/wp-content/uploads/2014/05/279_82.jpg" alt="279_8" width="600" height="204" srcset="http://www.maritimemeile-haren.de/admin/wp-content/uploads/2014/05/279_82.jpg 600w, http://www.maritimemeile-haren.de/admin/wp-content/uploads/2014/05/279_82-300x102.jpg 300w" sizes="(max-width: 600px) 100vw, 600px" /></a></p>
<p><span style="font-size: 10pt;">&#8222;Steuermann auf großer Fahrt&#8220;</span><br />
<span style="font-size: 10pt;">links: Befähigungszeugnis für Wilhelm Schepers                                                                                         </span><br />
<span style="font-size: 10pt;">rechts: Befähigungszeugnis für Timotheus Schepers (A 3)<br />
</span></p>
<p><a href="http://www.maritimemeile-haren.de/admin/wp-content/uploads/2014/05/279_7.jpg"><img loading="lazy" decoding="async" class="alignnone size-full wp-image-2949" src="http://www.maritimemeile-haren.de/admin/wp-content/uploads/2014/05/279_7.jpg" alt="279_7" width="600" height="244" srcset="http://www.maritimemeile-haren.de/admin/wp-content/uploads/2014/05/279_7.jpg 600w, http://www.maritimemeile-haren.de/admin/wp-content/uploads/2014/05/279_7-300x122.jpg 300w" sizes="(max-width: 600px) 100vw, 600px" /></a></p>
<p><span style="font-size: 10pt;">GESCHWISTERLIEBE (Foto: Thea Schepers)</span></p>
<p><a href="http://www.maritimemeile-haren.de/admin/wp-content/uploads/2014/05/279_101.jpg"><img loading="lazy" decoding="async" class="alignnone wp-image-3049 size-full" src="http://www.maritimemeile-haren.de/admin/wp-content/uploads/2014/05/279_101.jpg" alt="" width="300" height="411" srcset="http://www.maritimemeile-haren.de/admin/wp-content/uploads/2014/05/279_101.jpg 300w, http://www.maritimemeile-haren.de/admin/wp-content/uploads/2014/05/279_101-218x300.jpg 218w" sizes="(max-width: 300px) 100vw, 300px" /></a></p>
<p><span style="font-size: 10pt;">Seefahrtsbuch Wilhelm Schepers, (*20.11.1932)</span><br />
<span style="font-size: 10pt;">vom 24.03.1948</span><br />
<span style="font-size: 10pt;"> (Vorlage: Wilhelm Schepers)</span></p>

<p>Geschwisterliebe Aus der Geschichte: Das Schiff wurde am 22.11.1927 ins Seeschiffsregister in Emden eingetragen. Kapitän Tim Schepers (geb.1898) war von den Anfängen bis 1953 mit der Schiffsführung beauftragt. Bereits zu&hellip; </p>
