{"id":489,"date":"2014-05-20T10:48:01","date_gmt":"2014-05-20T08:48:01","guid":{"rendered":"http:\/\/www.maritimemeile-haren.de\/admin\/?page_id=489"},"modified":"2014-07-17T13:19:16","modified_gmt":"2014-07-17T11:19:16","slug":"282-klene-schiffmotoren-werkstatt","status":"publish","type":"page","link":"http:\/\/www.maritimemeile-haren.de\/admin\/282-klene-schiffmotoren-werkstatt\/","title":{"rendered":"282 KLENE SCHIFFMOTOREN-WERKSTATT"},"content":{"rendered":"<p><a href=\"http:\/\/www.maritimemeile-haren.de\/admin\/wp-content\/uploads\/2014\/05\/282_tab.jpg\"><img loading=\"lazy\" decoding=\"async\" class=\"alignnone size-full wp-image-2049\" src=\"http:\/\/www.maritimemeile-haren.de\/admin\/wp-content\/uploads\/2014\/05\/282_tab.jpg\" alt=\"Layout 1\" width=\"600\" height=\"292\" srcset=\"http:\/\/www.maritimemeile-haren.de\/admin\/wp-content\/uploads\/2014\/05\/282_tab.jpg 600w, http:\/\/www.maritimemeile-haren.de\/admin\/wp-content\/uploads\/2014\/05\/282_tab-300x146.jpg 300w\" sizes=\"(max-width: 600px) 100vw, 600px\" \/><\/a><\/p>\n<p><a href=\"http:\/\/www.maritimemeile-haren.de\/admin\/wp-content\/uploads\/2014\/05\/282_Klene-Schiffsmotoren_1.jpg\"><img loading=\"lazy\" decoding=\"async\" class=\"alignnone size-full wp-image-2048\" src=\"http:\/\/www.maritimemeile-haren.de\/admin\/wp-content\/uploads\/2014\/05\/282_Klene-Schiffsmotoren_1.jpg\" alt=\"282_Klene Schiffsmotoren_1\" width=\"600\" height=\"400\" srcset=\"http:\/\/www.maritimemeile-haren.de\/admin\/wp-content\/uploads\/2014\/05\/282_Klene-Schiffsmotoren_1.jpg 600w, http:\/\/www.maritimemeile-haren.de\/admin\/wp-content\/uploads\/2014\/05\/282_Klene-Schiffsmotoren_1-300x200.jpg 300w\" sizes=\"(max-width: 600px) 100vw, 600px\" \/><\/a><\/p>\n<p><span style=\"font-size: 10pt;\">Klene Schiffmotoren-Werkstatt<\/span><\/p>\n<p><a href=\"http:\/\/www.maritimemeile-haren.de\/admin\/wp-content\/uploads\/2014\/05\/282_303.jpg\"><img loading=\"lazy\" decoding=\"async\" class=\"alignnone size-full wp-image-3624\" src=\"http:\/\/www.maritimemeile-haren.de\/admin\/wp-content\/uploads\/2014\/05\/282_303.jpg\" alt=\"282_303\" width=\"600\" height=\"409\" srcset=\"http:\/\/www.maritimemeile-haren.de\/admin\/wp-content\/uploads\/2014\/05\/282_303.jpg 600w, http:\/\/www.maritimemeile-haren.de\/admin\/wp-content\/uploads\/2014\/05\/282_303-300x204.jpg 300w\" sizes=\"(max-width: 600px) 100vw, 600px\" \/><\/a><\/p>\n<p><a href=\"http:\/\/www.maritimemeile-haren.de\/admin\/wp-content\/uploads\/2014\/05\/282_302.jpg\"><img loading=\"lazy\" decoding=\"async\" class=\"alignnone size-full wp-image-3625\" src=\"http:\/\/www.maritimemeile-haren.de\/admin\/wp-content\/uploads\/2014\/05\/282_302.jpg\" alt=\"282_302\" width=\"600\" height=\"273\" srcset=\"http:\/\/www.maritimemeile-haren.de\/admin\/wp-content\/uploads\/2014\/05\/282_302.jpg 600w, http:\/\/www.maritimemeile-haren.de\/admin\/wp-content\/uploads\/2014\/05\/282_302-300x136.jpg 300w\" sizes=\"(max-width: 600px) 100vw, 600px\" \/><\/a><\/p>\n<p><a href=\"http:\/\/www.maritimemeile-haren.de\/admin\/wp-content\/uploads\/2014\/05\/282_301.jpg\"><img loading=\"lazy\" decoding=\"async\" class=\"alignnone size-full wp-image-3626\" src=\"http:\/\/www.maritimemeile-haren.de\/admin\/wp-content\/uploads\/2014\/05\/282_301.jpg\" alt=\"282_301\" width=\"600\" height=\"280\" srcset=\"http:\/\/www.maritimemeile-haren.de\/admin\/wp-content\/uploads\/2014\/05\/282_301.jpg 600w, http:\/\/www.maritimemeile-haren.de\/admin\/wp-content\/uploads\/2014\/05\/282_301-300x140.jpg 300w\" sizes=\"(max-width: 600px) 100vw, 600px\" \/><\/a><\/p>\n<p><a href=\"http:\/\/www.maritimemeile-haren.de\/admin\/wp-content\/uploads\/2014\/05\/282_300.jpg\"><img loading=\"lazy\" decoding=\"async\" class=\"alignnone size-full wp-image-3627\" src=\"http:\/\/www.maritimemeile-haren.de\/admin\/wp-content\/uploads\/2014\/05\/282_300.jpg\" alt=\"282_300\" width=\"600\" height=\"339\" srcset=\"http:\/\/www.maritimemeile-haren.de\/admin\/wp-content\/uploads\/2014\/05\/282_300.jpg 600w, http:\/\/www.maritimemeile-haren.de\/admin\/wp-content\/uploads\/2014\/05\/282_300-300x169.jpg 300w\" sizes=\"(max-width: 600px) 100vw, 600px\" \/><\/a><\/p>\n<h5>Aus Band II<\/h5>\n<p><a href=\"http:\/\/www.maritimemeile-haren.de\/admin\/wp-content\/uploads\/2014\/05\/282_7.jpg\"><img loading=\"lazy\" decoding=\"async\" class=\"alignnone size-full wp-image-2969\" src=\"http:\/\/www.maritimemeile-haren.de\/admin\/wp-content\/uploads\/2014\/05\/282_7.jpg\" alt=\"282_7\" width=\"600\" height=\"227\" srcset=\"http:\/\/www.maritimemeile-haren.de\/admin\/wp-content\/uploads\/2014\/05\/282_7.jpg 600w, http:\/\/www.maritimemeile-haren.de\/admin\/wp-content\/uploads\/2014\/05\/282_7-300x113.jpg 300w\" sizes=\"(max-width: 600px) 100vw, 600px\" \/><\/a><\/p>\n<p><span style=\"font-size: 10pt;\">Betriebsgel\u00e4nde am alten Hafen Haren (Foto: Sammlung Schifffahrtsmuseum)<\/span><\/p>\n<p style=\"text-align: justify;\"><span style=\"font-size: 12pt;\">Im Jahre 1948 er\u00f6ffnete derKaufmann Hermann Elfring auf einem 640 m2 gro\u00dfen Gel\u00e4nde des Wasser- und Schifffahrtsamtes am alten Hafen einen Schiffs- und Motorenreparaturbetrieb, in dem f\u00fcr die technischen Arbeiten Schlossermeister Johann Klene, Rudolf Esders und drei weitere Mitarbeiter verantwortlich waren. In einer Wellblechhalle mit Holzschmiede war zuerst die Motorisierung von Schleppschiffen der Schwerpunkt ihrer Arbeit; sp\u00e4ter kamen Reparaturen und \u00dcberholung von Motoren hinzu.<\/span><\/p>\n<p style=\"text-align: justify;\"><span style=\"font-size: 12pt;\">Hermann Elfring gab den Betrieb im Jahre 1966 aus Altersgr\u00fcnden an Johann Klene ab. Das Gel\u00e4nde der Firma wuchs und nutzt bis heute das gesamte zur Verf\u00fcgung stehende Gel\u00e4nde zwischen der Stra\u00dfe \u201cAm Alten Hafen\u201d und dem Hafenbecken.<\/span><\/p>\n<p style=\"text-align: justify;\"><span style=\"font-size: 12pt;\">Ab 1971 \u00fcbertrug Johann Klene die Gesch\u00e4ftsf\u00fchrung an seine S\u00f6hne Gerhard, Heinrich, Wilhelm und Hans. Nach dem Tode des Vaters erfolgte zum 01.01.1981 die endg\u00fcltige Umschreibung der Firma auf den heutigen Namen.<\/span><\/p>\n<p style=\"text-align: justify;\"><span style=\"font-size: 12pt;\">Heute wird die Familientradition von Hans, Udo, Thomas und Frank Klene, den Enkeln von Johann, weitergef\u00fchrt.<\/span><\/p>\n<p style=\"text-align: justify;\"><a href=\"http:\/\/www.maritimemeile-haren.de\/admin\/wp-content\/uploads\/2014\/05\/282_8.jpg\"><img loading=\"lazy\" decoding=\"async\" class=\"alignnone size-full wp-image-2968\" src=\"http:\/\/www.maritimemeile-haren.de\/admin\/wp-content\/uploads\/2014\/05\/282_8.jpg\" alt=\"282_8\" width=\"600\" height=\"163\" srcset=\"http:\/\/www.maritimemeile-haren.de\/admin\/wp-content\/uploads\/2014\/05\/282_8.jpg 600w, http:\/\/www.maritimemeile-haren.de\/admin\/wp-content\/uploads\/2014\/05\/282_8-300x81.jpg 300w\" sizes=\"(max-width: 600px) 100vw, 600px\" \/><\/a><br \/>\n<span style=\"font-size: 10pt;\">Gebr. Klene Blick auf das Firmengel\u00e4nde (Foto: Fa. Klene)<\/span><\/p>\n<p style=\"text-align: justify;\"><span style=\"font-size: 12pt;\">Das Aufgabengebiet des Unternehmens mit seinen ca. 20 Mitarbeitern erstreckt sich von der Reparatur und Einbau von Hauptmaschinen, Bordaggregaten und Bugstrahlmotoren bis hin zur Planung und den Einbau neuer K\u00fchlsysteme f\u00fcr Schiffsdieselmotoren, sowie die Durchf\u00fchrung s\u00e4mtlicher Schlosser- und Rohrlegearbeiten auf Binnen- und Seeschiffen. <\/span><span style=\"font-size: 12pt;\">Viele Binnen- und Seeschiffe k\u00f6nnen aufgrund ihrer Gr\u00f6\u00dfe oder wegen einzuhaltender Termine nicht mehr nach Haren kommen; die Reparatur oder \u00dcberholung der Motoren findet dann \u2018vor Ort\u2019 statt.<\/span><\/p>\n","protected":false},"excerpt":{"rendered":"<p>Klene Schiffmotoren-Werkstatt Aus Band II Betriebsgel\u00e4nde am alten Hafen Haren (Foto: Sammlung Schifffahrtsmuseum) Im Jahre 1948 er\u00f6ffnete derKaufmann Hermann Elfring auf einem 640 m2 gro\u00dfen Gel\u00e4nde des Wasser- und Schifffahrtsamtes&hellip; <\/p>\n","protected":false},"author":1,"featured_media":0,"parent":0,"menu_order":282,"comment_status":"closed","ping_status":"closed","template":"","meta":{"footnotes":""},"_links":{"self":[{"href":"http:\/\/www.maritimemeile-haren.de\/admin\/wp-json\/wp\/v2\/pages\/489"}],"collection":[{"href":"http:\/\/www.maritimemeile-haren.de\/admin\/wp-json\/wp\/v2\/pages"}],"about":[{"href":"http:\/\/www.maritimemeile-haren.de\/admin\/wp-json\/wp\/v2\/types\/page"}],"author":[{"embeddable":true,"href":"http:\/\/www.maritimemeile-haren.de\/admin\/wp-json\/wp\/v2\/users\/1"}],"replies":[{"embeddable":true,"href":"http:\/\/www.maritimemeile-haren.de\/admin\/wp-json\/wp\/v2\/comments?post=489"}],"version-history":[{"count":9,"href":"http:\/\/www.maritimemeile-haren.de\/admin\/wp-json\/wp\/v2\/pages\/489\/revisions"}],"predecessor-version":[{"id":3628,"href":"http:\/\/www.maritimemeile-haren.de\/admin\/wp-json\/wp\/v2\/pages\/489\/revisions\/3628"}],"wp:attachment":[{"href":"http:\/\/www.maritimemeile-haren.de\/admin\/wp-json\/wp\/v2\/media?parent=489"}],"curies":[{"name":"wp","href":"https:\/\/api.w.org\/{rel}","templated":true}]}}

<p><a href="http://www.maritimemeile-haren.de/admin/wp-content/uploads/2014/05/282_tab.jpg"><img loading="lazy" decoding="async" class="alignnone size-full wp-image-2049" src="http://www.maritimemeile-haren.de/admin/wp-content/uploads/2014/05/282_tab.jpg" alt="Layout 1" width="600" height="292" srcset="http://www.maritimemeile-haren.de/admin/wp-content/uploads/2014/05/282_tab.jpg 600w, http://www.maritimemeile-haren.de/admin/wp-content/uploads/2014/05/282_tab-300x146.jpg 300w" sizes="(max-width: 600px) 100vw, 600px" /></a></p>
<p><a href="http://www.maritimemeile-haren.de/admin/wp-content/uploads/2014/05/282_Klene-Schiffsmotoren_1.jpg"><img loading="lazy" decoding="async" class="alignnone size-full wp-image-2048" src="http://www.maritimemeile-haren.de/admin/wp-content/uploads/2014/05/282_Klene-Schiffsmotoren_1.jpg" alt="282_Klene Schiffsmotoren_1" width="600" height="400" srcset="http://www.maritimemeile-haren.de/admin/wp-content/uploads/2014/05/282_Klene-Schiffsmotoren_1.jpg 600w, http://www.maritimemeile-haren.de/admin/wp-content/uploads/2014/05/282_Klene-Schiffsmotoren_1-300x200.jpg 300w" sizes="(max-width: 600px) 100vw, 600px" /></a></p>
<p><span style="font-size: 10pt;">Klene Schiffmotoren-Werkstatt</span></p>
<p><a href="http://www.maritimemeile-haren.de/admin/wp-content/uploads/2014/05/282_303.jpg"><img loading="lazy" decoding="async" class="alignnone size-full wp-image-3624" src="http://www.maritimemeile-haren.de/admin/wp-content/uploads/2014/05/282_303.jpg" alt="282_303" width="600" height="409" srcset="http://www.maritimemeile-haren.de/admin/wp-content/uploads/2014/05/282_303.jpg 600w, http://www.maritimemeile-haren.de/admin/wp-content/uploads/2014/05/282_303-300x204.jpg 300w" sizes="(max-width: 600px) 100vw, 600px" /></a></p>
<p><a href="http://www.maritimemeile-haren.de/admin/wp-content/uploads/2014/05/282_302.jpg"><img loading="lazy" decoding="async" class="alignnone size-full wp-image-3625" src="http://www.maritimemeile-haren.de/admin/wp-content/uploads/2014/05/282_302.jpg" alt="282_302" width="600" height="273" srcset="http://www.maritimemeile-haren.de/admin/wp-content/uploads/2014/05/282_302.jpg 600w, http://www.maritimemeile-haren.de/admin/wp-content/uploads/2014/05/282_302-300x136.jpg 300w" sizes="(max-width: 600px) 100vw, 600px" /></a></p>
<p><a href="http://www.maritimemeile-haren.de/admin/wp-content/uploads/2014/05/282_301.jpg"><img loading="lazy" decoding="async" class="alignnone size-full wp-image-3626" src="http://www.maritimemeile-haren.de/admin/wp-content/uploads/2014/05/282_301.jpg" alt="282_301" width="600" height="280" srcset="http://www.maritimemeile-haren.de/admin/wp-content/uploads/2014/05/282_301.jpg 600w, http://www.maritimemeile-haren.de/admin/wp-content/uploads/2014/05/282_301-300x140.jpg 300w" sizes="(max-width: 600px) 100vw, 600px" /></a></p>
<p><a href="http://www.maritimemeile-haren.de/admin/wp-content/uploads/2014/05/282_300.jpg"><img loading="lazy" decoding="async" class="alignnone size-full wp-image-3627" src="http://www.maritimemeile-haren.de/admin/wp-content/uploads/2014/05/282_300.jpg" alt="282_300" width="600" height="339" srcset="http://www.maritimemeile-haren.de/admin/wp-content/uploads/2014/05/282_300.jpg 600w, http://www.maritimemeile-haren.de/admin/wp-content/uploads/2014/05/282_300-300x169.jpg 300w" sizes="(max-width: 600px) 100vw, 600px" /></a></p>
<h5>Aus Band II</h5>
<p><a href="http://www.maritimemeile-haren.de/admin/wp-content/uploads/2014/05/282_7.jpg"><img loading="lazy" decoding="async" class="alignnone size-full wp-image-2969" src="http://www.maritimemeile-haren.de/admin/wp-content/uploads/2014/05/282_7.jpg" alt="282_7" width="600" height="227" srcset="http://www.maritimemeile-haren.de/admin/wp-content/uploads/2014/05/282_7.jpg 600w, http://www.maritimemeile-haren.de/admin/wp-content/uploads/2014/05/282_7-300x113.jpg 300w" sizes="(max-width: 600px) 100vw, 600px" /></a></p>
<p><span style="font-size: 10pt;">Betriebsgelände am alten Hafen Haren (Foto: Sammlung Schifffahrtsmuseum)</span></p>
<p style="text-align: justify;"><span style="font-size: 12pt;">Im Jahre 1948 eröffnete derKaufmann Hermann Elfring auf einem 640 m2 großen Gelände des Wasser- und Schifffahrtsamtes am alten Hafen einen Schiffs- und Motorenreparaturbetrieb, in dem für die technischen Arbeiten Schlossermeister Johann Klene, Rudolf Esders und drei weitere Mitarbeiter verantwortlich waren. In einer Wellblechhalle mit Holzschmiede war zuerst die Motorisierung von Schleppschiffen der Schwerpunkt ihrer Arbeit; später kamen Reparaturen und Überholung von Motoren hinzu.</span></p>
<p style="text-align: justify;"><span style="font-size: 12pt;">Hermann Elfring gab den Betrieb im Jahre 1966 aus Altersgründen an Johann Klene ab. Das Gelände der Firma wuchs und nutzt bis heute das gesamte zur Verfügung stehende Gelände zwischen der Straße “Am Alten Hafen” und dem Hafenbecken.</span></p>
<p style="text-align: justify;"><span style="font-size: 12pt;">Ab 1971 übertrug Johann Klene die Geschäftsführung an seine Söhne Gerhard, Heinrich, Wilhelm und Hans. Nach dem Tode des Vaters erfolgte zum 01.01.1981 die endgültige Umschreibung der Firma auf den heutigen Namen.</span></p>
<p style="text-align: justify;"><span style="font-size: 12pt;">Heute wird die Familientradition von Hans, Udo, Thomas und Frank Klene, den Enkeln von Johann, weitergeführt.</span></p>
<p style="text-align: justify;"><a href="http://www.maritimemeile-haren.de/admin/wp-content/uploads/2014/05/282_8.jpg"><img loading="lazy" decoding="async" class="alignnone size-full wp-image-2968" src="http://www.maritimemeile-haren.de/admin/wp-content/uploads/2014/05/282_8.jpg" alt="282_8" width="600" height="163" srcset="http://www.maritimemeile-haren.de/admin/wp-content/uploads/2014/05/282_8.jpg 600w, http://www.maritimemeile-haren.de/admin/wp-content/uploads/2014/05/282_8-300x81.jpg 300w" sizes="(max-width: 600px) 100vw, 600px" /></a><br />
<span style="font-size: 10pt;">Gebr. Klene Blick auf das Firmengelände (Foto: Fa. Klene)</span></p>
<p style="text-align: justify;"><span style="font-size: 12pt;">Das Aufgabengebiet des Unternehmens mit seinen ca. 20 Mitarbeitern erstreckt sich von der Reparatur und Einbau von Hauptmaschinen, Bordaggregaten und Bugstrahlmotoren bis hin zur Planung und den Einbau neuer Kühlsysteme für Schiffsdieselmotoren, sowie die Durchführung sämtlicher Schlosser- und Rohrlegearbeiten auf Binnen- und Seeschiffen. </span><span style="font-size: 12pt;">Viele Binnen- und Seeschiffe können aufgrund ihrer Größe oder wegen einzuhaltender Termine nicht mehr nach Haren kommen; die Reparatur oder Überholung der Motoren findet dann ‘vor Ort’ statt.</span></p>

<p>Klene Schiffmotoren-Werkstatt Aus Band II Betriebsgelände am alten Hafen Haren (Foto: Sammlung Schifffahrtsmuseum) Im Jahre 1948 eröffnete derKaufmann Hermann Elfring auf einem 640 m2 großen Gelände des Wasser- und Schifffahrtsamtes&hellip; </p>
