{"id":4893,"date":"2014-11-05T14:20:51","date_gmt":"2014-11-05T12:20:51","guid":{"rendered":"http:\/\/www.maritimemeile-haren.de\/admin\/?page_id=4893"},"modified":"2014-11-05T14:22:13","modified_gmt":"2014-11-05T12:22:13","slug":"museumsschiffe-02","status":"publish","type":"page","link":"http:\/\/www.maritimemeile-haren.de\/admin\/museumsschiffe-02\/","title":{"rendered":"Museumsschiffe (02)"},"content":{"rendered":"<p style=\"text-align: justify;\"><span style=\"font-size: 12pt;\">Der Dampfschlepper\u00a0<strong>&#8222;AUGUST&#8220;<\/strong>\u00a0wurde 1910 auf der Werft Wiemann in Berlin-Brandenburg gebaut. Es hat eine L\u00e4nge von 23,83 m, eine Breite von 5,23 m und einen Tiefgang von 1,80 m. Im Jahre 1910 erwarb Otto Sch\u00f6ning den Schlepper von der Firma Lenkering aus Emden. Im Krieg wurde das Fahrzeug schwer besch\u00e4digt und erst 1948 wieder in Dienst gestellt. Im Jahre 1961 wurde die Dampfmaschine durch einen Dieselmotor mit 375 PS ersetzt. Seit 1980 geh\u00f6rt es zum Ensemble des Schifffahrtsmuseums.<\/span><\/p>\n<p style=\"text-align: justify;\"><span style=\"font-size: 12pt;\">Das Streckenboot\u00a0<strong>&#8222;HAREN&#8220;<\/strong>\u00a0wurde im Jahre 1953 auf der Kriegerwerft in Berlin f\u00fcr das WSA Meppen gebaut. Es hat eine L\u00e4nge von 14,71 m, eine Breite von 3,04 m und einen Tiefgang von 0,85m Die Maschine leistet 95 PS.\u00a02003 konnte das Schifffahrtsmuseum die HAREN vom WSA erwerben. Es wird f\u00fcr Emstouren mit bis zu 10 Personen und im Rahmen des P\u00fcntkerpatentes eingesetzt.<\/span><\/p>\n","protected":false},"excerpt":{"rendered":"<p>Der Dampfschlepper\u00a0&#8222;AUGUST&#8220;\u00a0wurde 1910 auf der Werft Wiemann in Berlin-Brandenburg gebaut. Es hat eine L\u00e4nge von 23,83 m, eine Breite von 5,23 m und einen Tiefgang von 1,80 m. Im Jahre&hellip; <\/p>\n","protected":false},"author":1,"featured_media":4894,"parent":0,"menu_order":0,"comment_status":"closed","ping_status":"closed","template":"","meta":{"footnotes":""},"_links":{"self":[{"href":"http:\/\/www.maritimemeile-haren.de\/admin\/wp-json\/wp\/v2\/pages\/4893"}],"collection":[{"href":"http:\/\/www.maritimemeile-haren.de\/admin\/wp-json\/wp\/v2\/pages"}],"about":[{"href":"http:\/\/www.maritimemeile-haren.de\/admin\/wp-json\/wp\/v2\/types\/page"}],"author":[{"embeddable":true,"href":"http:\/\/www.maritimemeile-haren.de\/admin\/wp-json\/wp\/v2\/users\/1"}],"replies":[{"embeddable":true,"href":"http:\/\/www.maritimemeile-haren.de\/admin\/wp-json\/wp\/v2\/comments?post=4893"}],"version-history":[{"count":2,"href":"http:\/\/www.maritimemeile-haren.de\/admin\/wp-json\/wp\/v2\/pages\/4893\/revisions"}],"predecessor-version":[{"id":4899,"href":"http:\/\/www.maritimemeile-haren.de\/admin\/wp-json\/wp\/v2\/pages\/4893\/revisions\/4899"}],"wp:featuredmedia":[{"embeddable":true,"href":"http:\/\/www.maritimemeile-haren.de\/admin\/wp-json\/wp\/v2\/media\/4894"}],"wp:attachment":[{"href":"http:\/\/www.maritimemeile-haren.de\/admin\/wp-json\/wp\/v2\/media?parent=4893"}],"curies":[{"name":"wp","href":"https:\/\/api.w.org\/{rel}","templated":true}]}}

<p style="text-align: justify;"><span style="font-size: 12pt;">Der Dampfschlepper <strong>&#8222;AUGUST&#8220;</strong> wurde 1910 auf der Werft Wiemann in Berlin-Brandenburg gebaut. Es hat eine Länge von 23,83 m, eine Breite von 5,23 m und einen Tiefgang von 1,80 m. Im Jahre 1910 erwarb Otto Schöning den Schlepper von der Firma Lenkering aus Emden. Im Krieg wurde das Fahrzeug schwer beschädigt und erst 1948 wieder in Dienst gestellt. Im Jahre 1961 wurde die Dampfmaschine durch einen Dieselmotor mit 375 PS ersetzt. Seit 1980 gehört es zum Ensemble des Schifffahrtsmuseums.</span></p>
<p style="text-align: justify;"><span style="font-size: 12pt;">Das Streckenboot <strong>&#8222;HAREN&#8220;</strong> wurde im Jahre 1953 auf der Kriegerwerft in Berlin für das WSA Meppen gebaut. Es hat eine Länge von 14,71 m, eine Breite von 3,04 m und einen Tiefgang von 0,85m Die Maschine leistet 95 PS. 2003 konnte das Schifffahrtsmuseum die HAREN vom WSA erwerben. Es wird für Emstouren mit bis zu 10 Personen und im Rahmen des Püntkerpatentes eingesetzt.</span></p>

<p>Der Dampfschlepper &#8222;AUGUST&#8220; wurde 1910 auf der Werft Wiemann in Berlin-Brandenburg gebaut. Es hat eine Länge von 23,83 m, eine Breite von 5,23 m und einen Tiefgang von 1,80 m. Im Jahre&hellip; </p>
