{"id":4961,"date":"2014-11-06T11:19:38","date_gmt":"2014-11-06T09:19:38","guid":{"rendered":"http:\/\/www.maritimemeile-haren.de\/admin\/?page_id=4961"},"modified":"2014-11-06T15:18:46","modified_gmt":"2014-11-06T13:18:46","slug":"bereisungsschiff-meppen","status":"publish","type":"page","link":"http:\/\/www.maritimemeile-haren.de\/admin\/bereisungsschiff-meppen\/","title":{"rendered":"Bereisungsschiff Meppen"},"content":{"rendered":"<p style=\"text-align: justify;\"><span class=\"Apple-style-span\" style=\"font-size: 12pt;\">Das Bereisungsboot MEPPEN wurde 1933 auf der Werft Ewald Berninghaus in K\u00f6ln-Deutz gebaut. Es hat eine L\u00e4nge von 21,23 m, eine Breite von4,23 m und einen Tiefgang von 0,90 m. Ausger\u00fcstet ist die MEPPEN mit zwei Maschinen von jeweils 80 PS. Das Boot wurde insbesondere vom WSA f\u00fcr Inspektionsreisen auf der Ems eingesetzt. Es ist zugelassen f\u00fcr 24 Personen und wurde dem Schifffahrtsmuseum im Jahre 2011 vom WSA\u00a0\u00a0\u00fcberlassen. Seit 2012 wird die MEPPEN als Attraktion f\u00fcr Fahrten auf der Ems im Rahmen des P\u00fcntkerpatentes eingesetzt.<\/span><\/p>\n","protected":false},"excerpt":{"rendered":"<p>Das Bereisungsboot MEPPEN wurde 1933 auf der Werft Ewald Berninghaus in K\u00f6ln-Deutz gebaut. Es hat eine L\u00e4nge von 21,23 m, eine Breite von4,23 m und einen Tiefgang von 0,90 m.&hellip; <\/p>\n","protected":false},"author":1,"featured_media":4959,"parent":0,"menu_order":0,"comment_status":"closed","ping_status":"closed","template":"","meta":{"footnotes":""},"_links":{"self":[{"href":"http:\/\/www.maritimemeile-haren.de\/admin\/wp-json\/wp\/v2\/pages\/4961"}],"collection":[{"href":"http:\/\/www.maritimemeile-haren.de\/admin\/wp-json\/wp\/v2\/pages"}],"about":[{"href":"http:\/\/www.maritimemeile-haren.de\/admin\/wp-json\/wp\/v2\/types\/page"}],"author":[{"embeddable":true,"href":"http:\/\/www.maritimemeile-haren.de\/admin\/wp-json\/wp\/v2\/users\/1"}],"replies":[{"embeddable":true,"href":"http:\/\/www.maritimemeile-haren.de\/admin\/wp-json\/wp\/v2\/comments?post=4961"}],"version-history":[{"count":2,"href":"http:\/\/www.maritimemeile-haren.de\/admin\/wp-json\/wp\/v2\/pages\/4961\/revisions"}],"predecessor-version":[{"id":4988,"href":"http:\/\/www.maritimemeile-haren.de\/admin\/wp-json\/wp\/v2\/pages\/4961\/revisions\/4988"}],"wp:featuredmedia":[{"embeddable":true,"href":"http:\/\/www.maritimemeile-haren.de\/admin\/wp-json\/wp\/v2\/media\/4959"}],"wp:attachment":[{"href":"http:\/\/www.maritimemeile-haren.de\/admin\/wp-json\/wp\/v2\/media?parent=4961"}],"curies":[{"name":"wp","href":"https:\/\/api.w.org\/{rel}","templated":true}]}}