{"id":507,"date":"2014-05-20T10:54:55","date_gmt":"2014-05-20T08:54:55","guid":{"rendered":"http:\/\/www.maritimemeile-haren.de\/admin\/?page_id=507"},"modified":"2014-07-11T11:36:04","modified_gmt":"2014-07-11T09:36:04","slug":"291-gebina","status":"publish","type":"page","link":"http:\/\/www.maritimemeile-haren.de\/admin\/291-gebina\/","title":{"rendered":"291 GEBINA"},"content":{"rendered":"<p><a href=\"http:\/\/www.maritimemeile-haren.de\/admin\/wp-content\/uploads\/2014\/05\/291_tab.jpg\"><img loading=\"lazy\" decoding=\"async\" class=\"alignnone size-full wp-image-2078\" src=\"http:\/\/www.maritimemeile-haren.de\/admin\/wp-content\/uploads\/2014\/05\/291_tab.jpg\" alt=\"Layout 1\" width=\"600\" height=\"292\" srcset=\"http:\/\/www.maritimemeile-haren.de\/admin\/wp-content\/uploads\/2014\/05\/291_tab.jpg 600w, http:\/\/www.maritimemeile-haren.de\/admin\/wp-content\/uploads\/2014\/05\/291_tab-300x146.jpg 300w\" sizes=\"(max-width: 600px) 100vw, 600px\" \/><\/a><\/p>\n<p><a href=\"http:\/\/www.maritimemeile-haren.de\/admin\/wp-content\/uploads\/2014\/05\/291_Gebina_1.jpg\"><img loading=\"lazy\" decoding=\"async\" class=\"alignnone size-full wp-image-2077\" src=\"http:\/\/www.maritimemeile-haren.de\/admin\/wp-content\/uploads\/2014\/05\/291_Gebina_1.jpg\" alt=\"291_Gebina_1\" width=\"600\" height=\"324\" srcset=\"http:\/\/www.maritimemeile-haren.de\/admin\/wp-content\/uploads\/2014\/05\/291_Gebina_1.jpg 600w, http:\/\/www.maritimemeile-haren.de\/admin\/wp-content\/uploads\/2014\/05\/291_Gebina_1-300x162.jpg 300w\" sizes=\"(max-width: 600px) 100vw, 600px\" \/><\/a><\/p>\n<p><span style=\"font-size: 10pt;\">Gebina<\/span><\/p>\n<h5>Aus der Geschichte:<\/h5>\n<p style=\"text-align: justify;\"><span style=\"font-size: 12pt;\">Kapit\u00e4n Johann Sch\u00f6ning bestellte nach dem Verkauf der \u201eHERM SCH\u00d6NING\u201c sofort ein neues Schiff bei der Werft Martin Jansen in Leer. \u00dcber die Probefahrt der \u201eGEBINA\u201c vom 5.10.1965 berichtete die \u00f6rtliche Presse: \u201eIn den letzten Monaten fanden f\u00fcnf Probefahrten von neuen Harener Schiffen statt. Am Dienstag wurde mit der GEBINA nun das sechste Schiff der Harener Flotte einverleibt&#8230; . Im Laufe des Vormittags wurden in der H\u00f6he von Delfzijl die verschiedensten Man\u00f6ver ausgef\u00fchrt, die bei einer Probefahrt unbedingt erforderlich sind. Sie verliefen alle zur vollsten Zufriedenheit. W\u00e4hrend das Schiff vor Anker lag, fand auf dem Deck die feierliche \u00dcbergabe an den Kapit\u00e4n und Eigner Johann Sch\u00f6ning statt. Mit einem Glas Sekt stie\u00df man auf die \u00dcbergabe an. Anschlie\u00dfend ging es mit voller Kraft wieder dem Werfthafen Leer zu.\u201c Nach dem Tode von Kapit\u00e4n Johann Sch\u00f6ning verkaufte seine Frau Anni Sch\u00f6ning das Schiff am 20.12.1969 an die Braker Reederei Nauta Schifffahrtsverwaltung, f\u00fcr die es dann unter dem Namen \u201eDORIS\u201c fuhr. 1974 wurde das Schiff um 8 Meter verl\u00e4ngert, nun 730 tdw. 1978 an Baum &amp; Co., Brake, umbenannt in \u201eHENDRIK\u201c. 1987 an Horst Brey, Stade, umbenannt in \u201eJUTTA B\u201c. 1995 in Fahrt.<\/span><\/p>\n<p>&nbsp;<\/p>\n<p>&nbsp;<\/p>\n","protected":false},"excerpt":{"rendered":"<p>Gebina Aus der Geschichte: Kapit\u00e4n Johann Sch\u00f6ning bestellte nach dem Verkauf der \u201eHERM SCH\u00d6NING\u201c sofort ein neues Schiff bei der Werft Martin Jansen in Leer. \u00dcber die Probefahrt der \u201eGEBINA\u201c&hellip; <\/p>\n","protected":false},"author":1,"featured_media":0,"parent":0,"menu_order":291,"comment_status":"closed","ping_status":"closed","template":"","meta":{"footnotes":""},"_links":{"self":[{"href":"http:\/\/www.maritimemeile-haren.de\/admin\/wp-json\/wp\/v2\/pages\/507"}],"collection":[{"href":"http:\/\/www.maritimemeile-haren.de\/admin\/wp-json\/wp\/v2\/pages"}],"about":[{"href":"http:\/\/www.maritimemeile-haren.de\/admin\/wp-json\/wp\/v2\/types\/page"}],"author":[{"embeddable":true,"href":"http:\/\/www.maritimemeile-haren.de\/admin\/wp-json\/wp\/v2\/users\/1"}],"replies":[{"embeddable":true,"href":"http:\/\/www.maritimemeile-haren.de\/admin\/wp-json\/wp\/v2\/comments?post=507"}],"version-history":[{"count":7,"href":"http:\/\/www.maritimemeile-haren.de\/admin\/wp-json\/wp\/v2\/pages\/507\/revisions"}],"predecessor-version":[{"id":3521,"href":"http:\/\/www.maritimemeile-haren.de\/admin\/wp-json\/wp\/v2\/pages\/507\/revisions\/3521"}],"wp:attachment":[{"href":"http:\/\/www.maritimemeile-haren.de\/admin\/wp-json\/wp\/v2\/media?parent=507"}],"curies":[{"name":"wp","href":"https:\/\/api.w.org\/{rel}","templated":true}]}}

<p><a href="http://www.maritimemeile-haren.de/admin/wp-content/uploads/2014/05/291_tab.jpg"><img loading="lazy" decoding="async" class="alignnone size-full wp-image-2078" src="http://www.maritimemeile-haren.de/admin/wp-content/uploads/2014/05/291_tab.jpg" alt="Layout 1" width="600" height="292" srcset="http://www.maritimemeile-haren.de/admin/wp-content/uploads/2014/05/291_tab.jpg 600w, http://www.maritimemeile-haren.de/admin/wp-content/uploads/2014/05/291_tab-300x146.jpg 300w" sizes="(max-width: 600px) 100vw, 600px" /></a></p>
<p><a href="http://www.maritimemeile-haren.de/admin/wp-content/uploads/2014/05/291_Gebina_1.jpg"><img loading="lazy" decoding="async" class="alignnone size-full wp-image-2077" src="http://www.maritimemeile-haren.de/admin/wp-content/uploads/2014/05/291_Gebina_1.jpg" alt="291_Gebina_1" width="600" height="324" srcset="http://www.maritimemeile-haren.de/admin/wp-content/uploads/2014/05/291_Gebina_1.jpg 600w, http://www.maritimemeile-haren.de/admin/wp-content/uploads/2014/05/291_Gebina_1-300x162.jpg 300w" sizes="(max-width: 600px) 100vw, 600px" /></a></p>
<p><span style="font-size: 10pt;">Gebina</span></p>
<h5>Aus der Geschichte:</h5>
<p style="text-align: justify;"><span style="font-size: 12pt;">Kapitän Johann Schöning bestellte nach dem Verkauf der „HERM SCHÖNING“ sofort ein neues Schiff bei der Werft Martin Jansen in Leer. Über die Probefahrt der „GEBINA“ vom 5.10.1965 berichtete die örtliche Presse: „In den letzten Monaten fanden fünf Probefahrten von neuen Harener Schiffen statt. Am Dienstag wurde mit der GEBINA nun das sechste Schiff der Harener Flotte einverleibt&#8230; . Im Laufe des Vormittags wurden in der Höhe von Delfzijl die verschiedensten Manöver ausgeführt, die bei einer Probefahrt unbedingt erforderlich sind. Sie verliefen alle zur vollsten Zufriedenheit. Während das Schiff vor Anker lag, fand auf dem Deck die feierliche Übergabe an den Kapitän und Eigner Johann Schöning statt. Mit einem Glas Sekt stieß man auf die Übergabe an. Anschließend ging es mit voller Kraft wieder dem Werfthafen Leer zu.“ Nach dem Tode von Kapitän Johann Schöning verkaufte seine Frau Anni Schöning das Schiff am 20.12.1969 an die Braker Reederei Nauta Schifffahrtsverwaltung, für die es dann unter dem Namen „DORIS“ fuhr. 1974 wurde das Schiff um 8 Meter verlängert, nun 730 tdw. 1978 an Baum &amp; Co., Brake, umbenannt in „HENDRIK“. 1987 an Horst Brey, Stade, umbenannt in „JUTTA B“. 1995 in Fahrt.</span></p>
<p>&nbsp;</p>
<p>&nbsp;</p>

<p>Gebina Aus der Geschichte: Kapitän Johann Schöning bestellte nach dem Verkauf der „HERM SCHÖNING“ sofort ein neues Schiff bei der Werft Martin Jansen in Leer. Über die Probefahrt der „GEBINA“&hellip; </p>
