{"id":547,"date":"2014-05-20T11:17:58","date_gmt":"2014-05-20T09:17:58","guid":{"rendered":"http:\/\/www.maritimemeile-haren.de\/admin\/?page_id=547"},"modified":"2014-10-02T14:28:23","modified_gmt":"2014-10-02T12:28:23","slug":"311-reederei-bernhard-cramer","status":"publish","type":"page","link":"http:\/\/www.maritimemeile-haren.de\/admin\/311-reederei-bernhard-cramer\/","title":{"rendered":"311 REEDEREI BERNHARD CRAMER"},"content":{"rendered":"<p><a href=\"http:\/\/www.maritimemeile-haren.de\/admin\/wp-content\/uploads\/2014\/05\/311_tab.jpg\"><img loading=\"lazy\" decoding=\"async\" class=\"alignnone size-full wp-image-2142\" src=\"http:\/\/www.maritimemeile-haren.de\/admin\/wp-content\/uploads\/2014\/05\/311_tab.jpg\" alt=\"Layout 1\" width=\"600\" height=\"292\" srcset=\"http:\/\/www.maritimemeile-haren.de\/admin\/wp-content\/uploads\/2014\/05\/311_tab.jpg 600w, http:\/\/www.maritimemeile-haren.de\/admin\/wp-content\/uploads\/2014\/05\/311_tab-300x146.jpg 300w\" sizes=\"(max-width: 600px) 100vw, 600px\" \/><\/a><\/p>\n<p><a href=\"http:\/\/www.maritimemeile-haren.de\/admin\/wp-content\/uploads\/2014\/05\/311_Bernhard-Cramer_1.jpg\"><img loading=\"lazy\" decoding=\"async\" class=\"alignnone size-full wp-image-2143\" src=\"http:\/\/www.maritimemeile-haren.de\/admin\/wp-content\/uploads\/2014\/05\/311_Bernhard-Cramer_1.jpg\" alt=\"311_Bernhard Cramer_1\" width=\"600\" height=\"461\" srcset=\"http:\/\/www.maritimemeile-haren.de\/admin\/wp-content\/uploads\/2014\/05\/311_Bernhard-Cramer_1.jpg 600w, http:\/\/www.maritimemeile-haren.de\/admin\/wp-content\/uploads\/2014\/05\/311_Bernhard-Cramer_1-300x230.jpg 300w\" sizes=\"(max-width: 600px) 100vw, 600px\" \/><\/a><\/p>\n<p><span style=\"font-size: 10pt;\">Reederei Bernhard Cramer<\/span><\/p>\n<hr \/>\n<p>&nbsp;<\/p>\n<h5>Auszug aus Band II<\/h5>\n<p style=\"text-align: justify;\"><a href=\"http:\/\/www.maritimemeile-haren.de\/admin\/wp-content\/uploads\/2014\/05\/311_7.jpg\"><img loading=\"lazy\" decoding=\"async\" class=\"alignnone size-full wp-image-3106\" src=\"http:\/\/www.maritimemeile-haren.de\/admin\/wp-content\/uploads\/2014\/05\/311_7.jpg\" alt=\"311_7\" width=\"600\" height=\"302\" srcset=\"http:\/\/www.maritimemeile-haren.de\/admin\/wp-content\/uploads\/2014\/05\/311_7.jpg 600w, http:\/\/www.maritimemeile-haren.de\/admin\/wp-content\/uploads\/2014\/05\/311_7-300x151.jpg 300w\" sizes=\"(max-width: 600px) 100vw, 600px\" \/><\/a><\/p>\n<p><span style=\"font-size: 10pt;\">Familie Fehrmann im Jahre 1914<\/span><br \/>\n<span style=\"font-size: 10pt;\"> v.l.: Maria Jaspers; Margarete Bonnarens; Hermann, Rudolf u. Adelheid Fehrmann (Uroma);<\/span><br \/>\n<span style=\"font-size: 10pt;\"> Elisabeth Plagge; Helene Wessels; Anna Mecklenburg; Adelheid Cramer (Oma); Susanne Gr\u00f6nniger<\/span><br \/>\n<span style=\"font-size: 10pt;\">(Foto: Bernhard Cramer)<\/span><\/p>\n<p style=\"text-align: justify;\"><span style=\"font-size: 12pt;\">In der Familie Cramer wurde seit alters her neben der Landwirtschaft besonders das Schneiderhandwerk betrieben. Auch als Landbrieftr\u00e4ger und Arbeiter verdiente sich die Familie den Lebensunterhalt vor 150 Jahren. Hermann Cramer (*1892), der Gro\u00dfvater des heutigen Reedereiinhabers, wohnte mit seiner Frau Adelheid, geborene Fehrmann zun\u00e4chst in Altharen, arbeitete in der Landwirtschaft und zog sp\u00e4ter in die Uferstra\u00dfe 53.<\/span><\/p>\n<p style=\"text-align: justify;\"><a href=\"http:\/\/www.maritimemeile-haren.de\/admin\/wp-content\/uploads\/2014\/05\/311_34.jpg\"><img loading=\"lazy\" decoding=\"async\" class=\"alignnone  wp-image-4166\" src=\"http:\/\/www.maritimemeile-haren.de\/admin\/wp-content\/uploads\/2014\/05\/311_34.jpg\" alt=\"311_34\" width=\"299\" height=\"462\" \/><\/a><\/p>\n<p style=\"text-align: justify;\"><a href=\"http:\/\/www.maritimemeile-haren.de\/admin\/wp-content\/uploads\/2014\/05\/311_33.jpg\"><img loading=\"lazy\" decoding=\"async\" class=\"alignnone size-full wp-image-4165\" src=\"http:\/\/www.maritimemeile-haren.de\/admin\/wp-content\/uploads\/2014\/05\/311_33.jpg\" alt=\"311_33\" width=\"300\" height=\"368\" srcset=\"http:\/\/www.maritimemeile-haren.de\/admin\/wp-content\/uploads\/2014\/05\/311_33.jpg 300w, http:\/\/www.maritimemeile-haren.de\/admin\/wp-content\/uploads\/2014\/05\/311_33-244x300.jpg 244w\" sizes=\"(max-width: 300px) 100vw, 300px\" \/><\/a><\/p>\n<p><span style=\"font-size: 10pt;\">Heinrich und Adele Cramer\u00a0 (Foto: Bernhard Cramer)<\/span><\/p>\n<p style=\"text-align: justify;\"><span style=\"font-size: 12pt;\">Sein Vater Heinrich (*1924) heiratete Adele Diek (*1929) und lie\u00df sich in der Uferstra\u00dfe 29 nieder. Schifffahrt pr\u00e4gte diesen Ortsteil, so dass ihr Sohn Bernhard (*1960) bereits fr\u00fch mit dem maritimen Gedankengut in Ber\u00fchrung trat. Besonders die Seeschifffahrt zog ihn von klein auf an.<\/span><\/p>\n<p style=\"text-align: justify;\"><span style=\"font-size: 12pt;\">1976 Bernhard Cramer begann eine Schlosserlehre bei der Werft K\u00f6tter in Haren und wechselte nach erfolgreich abgeschlossener Ausbildung als Schiffsbauer zur Werft Sch\u00fcrenstedt in Bremen.<\/span><\/p>\n<p style=\"text-align: justify;\"><span style=\"font-size: 12pt;\">1982 Er lernte im fernen Bremen die Gro\u00dfschifffahrt kennen und entschloss sich als technischer Offiziersanw\u00e4rter zur See zu fahren, um seinen Seemannsberuf von der &#8222;Pike&#8220; auf zu lernen.<\/span><\/p>\n<p style=\"text-align: justify;\"><span style=\"font-size: 12pt;\">1984 Er erwarb das Maschinenpatent und fuhr anschlie\u00dfend auf verschiedenen Containerschiffen, Mehrzweckfrachtern und Tankern und war als Supervisor bei einer Leeraner Reederei weltweit im Einsatz.<\/span><\/p>\n<p style=\"text-align: justify;\"><span style=\"font-size: 12pt;\">1994 Bernhard Cramer gr\u00fcndete eine Familie und entschloss sich seine auf See gewonnenen Erfahrungen nun auch an Land zu nutzen. Er entschied sich zu einer Inspektorenstelle bei einer Reederei und erhielt entsprechende Einblicke in die Bereederung moderner Tonnage. Im Besonderen war er mit der selbstst\u00e4ndigen Reparatur von Seeschiffen, der Begleitung<\/span> <span style=\"font-size: 12pt;\">der kompletten Werftzeiten und der Aufsicht von Neubauten im Ausland besch\u00e4ftigt.<\/span><\/p>\n<p style=\"text-align: justify;\"><span style=\"font-size: 12pt;\">2000 In diesem Jahr wagte er den Schritt in die Selbstst\u00e4ndigkeit und gr\u00fcndete zusammen mit seiner Frau in Meppen die &#8222;Cramer Beteiligungs GmbH&#8220;. Er arbeitete zun\u00e4chst f\u00fcr verschiedene in- und ausl\u00e4ndische Reedereien auf selbstst\u00e4ndiger Basis. Das kleine Unternehmen kam schnell auf Erfolgskurs und im Jahre 2001 wurde die Bereederung f\u00fcr die &#8222;SHYAMLEE&#8220; \u00fcbernommen.<\/span><\/p>\n<p style=\"text-align: justify;\"><a href=\"http:\/\/www.maritimemeile-haren.de\/admin\/wp-content\/uploads\/2014\/05\/311_31.jpg\"><img loading=\"lazy\" decoding=\"async\" class=\"alignnone size-full wp-image-4163\" src=\"http:\/\/www.maritimemeile-haren.de\/admin\/wp-content\/uploads\/2014\/05\/311_31.jpg\" alt=\"311_31\" width=\"600\" height=\"850\" srcset=\"http:\/\/www.maritimemeile-haren.de\/admin\/wp-content\/uploads\/2014\/05\/311_31.jpg 600w, http:\/\/www.maritimemeile-haren.de\/admin\/wp-content\/uploads\/2014\/05\/311_31-211x300.jpg 211w\" sizes=\"(max-width: 600px) 100vw, 600px\" \/><\/a><\/p>\n<p style=\"text-align: justify;\"><a href=\"http:\/\/www.maritimemeile-haren.de\/admin\/wp-content\/uploads\/2014\/05\/311_32.jpg\"><img loading=\"lazy\" decoding=\"async\" class=\"alignnone size-full wp-image-4164\" src=\"http:\/\/www.maritimemeile-haren.de\/admin\/wp-content\/uploads\/2014\/05\/311_32.jpg\" alt=\"311_32\" width=\"600\" height=\"537\" srcset=\"http:\/\/www.maritimemeile-haren.de\/admin\/wp-content\/uploads\/2014\/05\/311_32.jpg 600w, http:\/\/www.maritimemeile-haren.de\/admin\/wp-content\/uploads\/2014\/05\/311_32-300x268.jpg 300w\" sizes=\"(max-width: 600px) 100vw, 600px\" \/><\/a><\/p>\n<p><span style=\"font-size: 10pt;\">Familie Bernhard Cramer (Foto: Bernhard Cramer)<\/span><\/p>\n<p style=\"text-align: justify;\"><span style=\"font-size: 12pt;\">2003 Bernhard Cramer wurde eigenverantwortlicher Reeder und erwarb das Secondhandschiff &#8222;CAROL ANN (5.331 tdw, 509 TEU), das er zum Andenken an seine verstorbene Mutter &#8222;ADELE C&#8220; taufte. Nach dem Erwerb und der liebevollen Renovierung des 150 Jahre alten Wohnhauses K\u00f6tter in der Hafenstra\u00dfe 2 steht auch ein schmuckes Kontor f\u00fcr die vielf\u00e4ltigen Aufgaben des Reedereibetriebes zur Verf\u00fcgung. Der Firmensitz wurde daher von Meppen nach Haren verlegt und das Unternehmen in die &#8222;Bernhard Cramer Schifffahrtsund Beteiligungs GmbH&#8220; umbenannt.<\/span><\/p>\n<p style=\"text-align: justify;\"><span style=\"font-size: 12pt;\">2004 Bernhard Cramer ist alleiniger Gesch\u00e4ftsf\u00fchrer des Familienunternehmens und arbeitet mit bekannten Werften und Befrachtern im In- und Ausland zusammen, wobei seine Frau Alice Dommerque-Cramer ihn tatkr\u00e4ftig unterst\u00fctzt. Er legt gro\u00dfen Wert auf die pers\u00f6nliche Betreuung der Schiffe und repr\u00e4sentiert ein innovatives Unternehmen. Ende September erwarb die Reederei das Containerschiff \u201eOXFORD\u201c und taufte es \u201eHEINRICH C\u201c.<\/span><\/p>\n<p style=\"text-align: justify;\"><a href=\"http:\/\/www.maritimemeile-haren.de\/admin\/wp-content\/uploads\/2014\/05\/311_8.jpg\"><img loading=\"lazy\" decoding=\"async\" class=\"alignnone size-full wp-image-3105\" src=\"http:\/\/www.maritimemeile-haren.de\/admin\/wp-content\/uploads\/2014\/05\/311_8.jpg\" alt=\"311_8\" width=\"600\" height=\"378\" srcset=\"http:\/\/www.maritimemeile-haren.de\/admin\/wp-content\/uploads\/2014\/05\/311_8.jpg 600w, http:\/\/www.maritimemeile-haren.de\/admin\/wp-content\/uploads\/2014\/05\/311_8-300x189.jpg 300w\" sizes=\"(max-width: 600px) 100vw, 600px\" \/><\/a><\/p>\n<p style=\"text-align: justify;\"><a href=\"http:\/\/www.maritimemeile-haren.de\/admin\/wp-content\/uploads\/2014\/05\/311_30.jpg\"><img loading=\"lazy\" decoding=\"async\" class=\"alignnone size-full wp-image-4162\" src=\"http:\/\/www.maritimemeile-haren.de\/admin\/wp-content\/uploads\/2014\/05\/311_30.jpg\" alt=\"OLYMPUS DIGITAL CAMERA\" width=\"600\" height=\"333\" srcset=\"http:\/\/www.maritimemeile-haren.de\/admin\/wp-content\/uploads\/2014\/05\/311_30.jpg 600w, http:\/\/www.maritimemeile-haren.de\/admin\/wp-content\/uploads\/2014\/05\/311_30-300x166.jpg 300w\" sizes=\"(max-width: 600px) 100vw, 600px\" \/><\/a><\/p>\n<p><span style=\"font-size: 10pt;\">ADELE\u00a0 C (Bauj. 1994, 5.331 tdw, 509 TEU) (Foto: Reederei Bernhard Cramer)<\/span><\/p>\n<p style=\"text-align: justify;\"><a href=\"http:\/\/www.maritimemeile-haren.de\/admin\/wp-content\/uploads\/2014\/05\/311_35.jpg\"><img loading=\"lazy\" decoding=\"async\" class=\"alignnone size-full wp-image-4167\" src=\"http:\/\/www.maritimemeile-haren.de\/admin\/wp-content\/uploads\/2014\/05\/311_35.jpg\" alt=\"311_35\" width=\"600\" height=\"450\" srcset=\"http:\/\/www.maritimemeile-haren.de\/admin\/wp-content\/uploads\/2014\/05\/311_35.jpg 600w, http:\/\/www.maritimemeile-haren.de\/admin\/wp-content\/uploads\/2014\/05\/311_35-300x225.jpg 300w\" sizes=\"(max-width: 600px) 100vw, 600px\" \/><\/a><\/p>\n<p><span style=\"font-size: 10pt;\">ADELE\u00a0 C (Bauj. 1994, 5.331 tdw, 509 TEU) (Foto: Reederei Cramer)<\/span><\/p>\n","protected":false},"excerpt":{"rendered":"<p>Reederei Bernhard Cramer &nbsp; Auszug aus Band II Familie Fehrmann im Jahre 1914 v.l.: Maria Jaspers; Margarete Bonnarens; Hermann, Rudolf u. Adelheid Fehrmann (Uroma); Elisabeth Plagge; Helene Wessels; Anna Mecklenburg;&hellip; <\/p>\n","protected":false},"author":1,"featured_media":0,"parent":0,"menu_order":311,"comment_status":"closed","ping_status":"closed","template":"","meta":{"footnotes":""},"_links":{"self":[{"href":"http:\/\/www.maritimemeile-haren.de\/admin\/wp-json\/wp\/v2\/pages\/547"}],"collection":[{"href":"http:\/\/www.maritimemeile-haren.de\/admin\/wp-json\/wp\/v2\/pages"}],"about":[{"href":"http:\/\/www.maritimemeile-haren.de\/admin\/wp-json\/wp\/v2\/types\/page"}],"author":[{"embeddable":true,"href":"http:\/\/www.maritimemeile-haren.de\/admin\/wp-json\/wp\/v2\/users\/1"}],"replies":[{"embeddable":true,"href":"http:\/\/www.maritimemeile-haren.de\/admin\/wp-json\/wp\/v2\/comments?post=547"}],"version-history":[{"count":15,"href":"http:\/\/www.maritimemeile-haren.de\/admin\/wp-json\/wp\/v2\/pages\/547\/revisions"}],"predecessor-version":[{"id":4312,"href":"http:\/\/www.maritimemeile-haren.de\/admin\/wp-json\/wp\/v2\/pages\/547\/revisions\/4312"}],"wp:attachment":[{"href":"http:\/\/www.maritimemeile-haren.de\/admin\/wp-json\/wp\/v2\/media?parent=547"}],"curies":[{"name":"wp","href":"https:\/\/api.w.org\/{rel}","templated":true}]}}

<p><a href="http://www.maritimemeile-haren.de/admin/wp-content/uploads/2014/05/311_tab.jpg"><img loading="lazy" decoding="async" class="alignnone size-full wp-image-2142" src="http://www.maritimemeile-haren.de/admin/wp-content/uploads/2014/05/311_tab.jpg" alt="Layout 1" width="600" height="292" srcset="http://www.maritimemeile-haren.de/admin/wp-content/uploads/2014/05/311_tab.jpg 600w, http://www.maritimemeile-haren.de/admin/wp-content/uploads/2014/05/311_tab-300x146.jpg 300w" sizes="(max-width: 600px) 100vw, 600px" /></a></p>
<p><a href="http://www.maritimemeile-haren.de/admin/wp-content/uploads/2014/05/311_Bernhard-Cramer_1.jpg"><img loading="lazy" decoding="async" class="alignnone size-full wp-image-2143" src="http://www.maritimemeile-haren.de/admin/wp-content/uploads/2014/05/311_Bernhard-Cramer_1.jpg" alt="311_Bernhard Cramer_1" width="600" height="461" srcset="http://www.maritimemeile-haren.de/admin/wp-content/uploads/2014/05/311_Bernhard-Cramer_1.jpg 600w, http://www.maritimemeile-haren.de/admin/wp-content/uploads/2014/05/311_Bernhard-Cramer_1-300x230.jpg 300w" sizes="(max-width: 600px) 100vw, 600px" /></a></p>
<p><span style="font-size: 10pt;">Reederei Bernhard Cramer</span></p>
<hr />
<p>&nbsp;</p>
<h5>Auszug aus Band II</h5>
<p style="text-align: justify;"><a href="http://www.maritimemeile-haren.de/admin/wp-content/uploads/2014/05/311_7.jpg"><img loading="lazy" decoding="async" class="alignnone size-full wp-image-3106" src="http://www.maritimemeile-haren.de/admin/wp-content/uploads/2014/05/311_7.jpg" alt="311_7" width="600" height="302" srcset="http://www.maritimemeile-haren.de/admin/wp-content/uploads/2014/05/311_7.jpg 600w, http://www.maritimemeile-haren.de/admin/wp-content/uploads/2014/05/311_7-300x151.jpg 300w" sizes="(max-width: 600px) 100vw, 600px" /></a></p>
<p><span style="font-size: 10pt;">Familie Fehrmann im Jahre 1914</span><br />
<span style="font-size: 10pt;"> v.l.: Maria Jaspers; Margarete Bonnarens; Hermann, Rudolf u. Adelheid Fehrmann (Uroma);</span><br />
<span style="font-size: 10pt;"> Elisabeth Plagge; Helene Wessels; Anna Mecklenburg; Adelheid Cramer (Oma); Susanne Grönniger</span><br />
<span style="font-size: 10pt;">(Foto: Bernhard Cramer)</span></p>
<p style="text-align: justify;"><span style="font-size: 12pt;">In der Familie Cramer wurde seit alters her neben der Landwirtschaft besonders das Schneiderhandwerk betrieben. Auch als Landbriefträger und Arbeiter verdiente sich die Familie den Lebensunterhalt vor 150 Jahren. Hermann Cramer (*1892), der Großvater des heutigen Reedereiinhabers, wohnte mit seiner Frau Adelheid, geborene Fehrmann zunächst in Altharen, arbeitete in der Landwirtschaft und zog später in die Uferstraße 53.</span></p>
<p style="text-align: justify;"><a href="http://www.maritimemeile-haren.de/admin/wp-content/uploads/2014/05/311_34.jpg"><img loading="lazy" decoding="async" class="alignnone  wp-image-4166" src="http://www.maritimemeile-haren.de/admin/wp-content/uploads/2014/05/311_34.jpg" alt="311_34" width="299" height="462" /></a></p>
<p style="text-align: justify;"><a href="http://www.maritimemeile-haren.de/admin/wp-content/uploads/2014/05/311_33.jpg"><img loading="lazy" decoding="async" class="alignnone size-full wp-image-4165" src="http://www.maritimemeile-haren.de/admin/wp-content/uploads/2014/05/311_33.jpg" alt="311_33" width="300" height="368" srcset="http://www.maritimemeile-haren.de/admin/wp-content/uploads/2014/05/311_33.jpg 300w, http://www.maritimemeile-haren.de/admin/wp-content/uploads/2014/05/311_33-244x300.jpg 244w" sizes="(max-width: 300px) 100vw, 300px" /></a></p>
<p><span style="font-size: 10pt;">Heinrich und Adele Cramer  (Foto: Bernhard Cramer)</span></p>
<p style="text-align: justify;"><span style="font-size: 12pt;">Sein Vater Heinrich (*1924) heiratete Adele Diek (*1929) und ließ sich in der Uferstraße 29 nieder. Schifffahrt prägte diesen Ortsteil, so dass ihr Sohn Bernhard (*1960) bereits früh mit dem maritimen Gedankengut in Berührung trat. Besonders die Seeschifffahrt zog ihn von klein auf an.</span></p>
<p style="text-align: justify;"><span style="font-size: 12pt;">1976 Bernhard Cramer begann eine Schlosserlehre bei der Werft Kötter in Haren und wechselte nach erfolgreich abgeschlossener Ausbildung als Schiffsbauer zur Werft Schürenstedt in Bremen.</span></p>
<p style="text-align: justify;"><span style="font-size: 12pt;">1982 Er lernte im fernen Bremen die Großschifffahrt kennen und entschloss sich als technischer Offiziersanwärter zur See zu fahren, um seinen Seemannsberuf von der &#8222;Pike&#8220; auf zu lernen.</span></p>
<p style="text-align: justify;"><span style="font-size: 12pt;">1984 Er erwarb das Maschinenpatent und fuhr anschließend auf verschiedenen Containerschiffen, Mehrzweckfrachtern und Tankern und war als Supervisor bei einer Leeraner Reederei weltweit im Einsatz.</span></p>
<p style="text-align: justify;"><span style="font-size: 12pt;">1994 Bernhard Cramer gründete eine Familie und entschloss sich seine auf See gewonnenen Erfahrungen nun auch an Land zu nutzen. Er entschied sich zu einer Inspektorenstelle bei einer Reederei und erhielt entsprechende Einblicke in die Bereederung moderner Tonnage. Im Besonderen war er mit der selbstständigen Reparatur von Seeschiffen, der Begleitung</span> <span style="font-size: 12pt;">der kompletten Werftzeiten und der Aufsicht von Neubauten im Ausland beschäftigt.</span></p>
<p style="text-align: justify;"><span style="font-size: 12pt;">2000 In diesem Jahr wagte er den Schritt in die Selbstständigkeit und gründete zusammen mit seiner Frau in Meppen die &#8222;Cramer Beteiligungs GmbH&#8220;. Er arbeitete zunächst für verschiedene in- und ausländische Reedereien auf selbstständiger Basis. Das kleine Unternehmen kam schnell auf Erfolgskurs und im Jahre 2001 wurde die Bereederung für die &#8222;SHYAMLEE&#8220; übernommen.</span></p>
<p style="text-align: justify;"><a href="http://www.maritimemeile-haren.de/admin/wp-content/uploads/2014/05/311_31.jpg"><img loading="lazy" decoding="async" class="alignnone size-full wp-image-4163" src="http://www.maritimemeile-haren.de/admin/wp-content/uploads/2014/05/311_31.jpg" alt="311_31" width="600" height="850" srcset="http://www.maritimemeile-haren.de/admin/wp-content/uploads/2014/05/311_31.jpg 600w, http://www.maritimemeile-haren.de/admin/wp-content/uploads/2014/05/311_31-211x300.jpg 211w" sizes="(max-width: 600px) 100vw, 600px" /></a></p>
<p style="text-align: justify;"><a href="http://www.maritimemeile-haren.de/admin/wp-content/uploads/2014/05/311_32.jpg"><img loading="lazy" decoding="async" class="alignnone size-full wp-image-4164" src="http://www.maritimemeile-haren.de/admin/wp-content/uploads/2014/05/311_32.jpg" alt="311_32" width="600" height="537" srcset="http://www.maritimemeile-haren.de/admin/wp-content/uploads/2014/05/311_32.jpg 600w, http://www.maritimemeile-haren.de/admin/wp-content/uploads/2014/05/311_32-300x268.jpg 300w" sizes="(max-width: 600px) 100vw, 600px" /></a></p>
<p><span style="font-size: 10pt;">Familie Bernhard Cramer (Foto: Bernhard Cramer)</span></p>
<p style="text-align: justify;"><span style="font-size: 12pt;">2003 Bernhard Cramer wurde eigenverantwortlicher Reeder und erwarb das Secondhandschiff &#8222;CAROL ANN (5.331 tdw, 509 TEU), das er zum Andenken an seine verstorbene Mutter &#8222;ADELE C&#8220; taufte. Nach dem Erwerb und der liebevollen Renovierung des 150 Jahre alten Wohnhauses Kötter in der Hafenstraße 2 steht auch ein schmuckes Kontor für die vielfältigen Aufgaben des Reedereibetriebes zur Verfügung. Der Firmensitz wurde daher von Meppen nach Haren verlegt und das Unternehmen in die &#8222;Bernhard Cramer Schifffahrtsund Beteiligungs GmbH&#8220; umbenannt.</span></p>
<p style="text-align: justify;"><span style="font-size: 12pt;">2004 Bernhard Cramer ist alleiniger Geschäftsführer des Familienunternehmens und arbeitet mit bekannten Werften und Befrachtern im In- und Ausland zusammen, wobei seine Frau Alice Dommerque-Cramer ihn tatkräftig unterstützt. Er legt großen Wert auf die persönliche Betreuung der Schiffe und repräsentiert ein innovatives Unternehmen. Ende September erwarb die Reederei das Containerschiff „OXFORD“ und taufte es „HEINRICH C“.</span></p>
<p style="text-align: justify;"><a href="http://www.maritimemeile-haren.de/admin/wp-content/uploads/2014/05/311_8.jpg"><img loading="lazy" decoding="async" class="alignnone size-full wp-image-3105" src="http://www.maritimemeile-haren.de/admin/wp-content/uploads/2014/05/311_8.jpg" alt="311_8" width="600" height="378" srcset="http://www.maritimemeile-haren.de/admin/wp-content/uploads/2014/05/311_8.jpg 600w, http://www.maritimemeile-haren.de/admin/wp-content/uploads/2014/05/311_8-300x189.jpg 300w" sizes="(max-width: 600px) 100vw, 600px" /></a></p>
<p style="text-align: justify;"><a href="http://www.maritimemeile-haren.de/admin/wp-content/uploads/2014/05/311_30.jpg"><img loading="lazy" decoding="async" class="alignnone size-full wp-image-4162" src="http://www.maritimemeile-haren.de/admin/wp-content/uploads/2014/05/311_30.jpg" alt="OLYMPUS DIGITAL CAMERA" width="600" height="333" srcset="http://www.maritimemeile-haren.de/admin/wp-content/uploads/2014/05/311_30.jpg 600w, http://www.maritimemeile-haren.de/admin/wp-content/uploads/2014/05/311_30-300x166.jpg 300w" sizes="(max-width: 600px) 100vw, 600px" /></a></p>
<p><span style="font-size: 10pt;">ADELE  C (Bauj. 1994, 5.331 tdw, 509 TEU) (Foto: Reederei Bernhard Cramer)</span></p>
<p style="text-align: justify;"><a href="http://www.maritimemeile-haren.de/admin/wp-content/uploads/2014/05/311_35.jpg"><img loading="lazy" decoding="async" class="alignnone size-full wp-image-4167" src="http://www.maritimemeile-haren.de/admin/wp-content/uploads/2014/05/311_35.jpg" alt="311_35" width="600" height="450" srcset="http://www.maritimemeile-haren.de/admin/wp-content/uploads/2014/05/311_35.jpg 600w, http://www.maritimemeile-haren.de/admin/wp-content/uploads/2014/05/311_35-300x225.jpg 300w" sizes="(max-width: 600px) 100vw, 600px" /></a></p>
<p><span style="font-size: 10pt;">ADELE  C (Bauj. 1994, 5.331 tdw, 509 TEU) (Foto: Reederei Cramer)</span></p>
