{"id":573,"date":"2014-05-20T11:24:18","date_gmt":"2014-05-20T09:24:18","guid":{"rendered":"http:\/\/www.maritimemeile-haren.de\/admin\/?page_id=573"},"modified":"2014-07-10T15:01:19","modified_gmt":"2014-07-10T13:01:19","slug":"324-wilhelm","status":"publish","type":"page","link":"http:\/\/www.maritimemeile-haren.de\/admin\/324-wilhelm\/","title":{"rendered":"324 WILHELM"},"content":{"rendered":"<p><a href=\"http:\/\/www.maritimemeile-haren.de\/admin\/wp-content\/uploads\/2014\/05\/324_tab.jpg\"><img loading=\"lazy\" decoding=\"async\" class=\"alignnone size-full wp-image-2188\" src=\"http:\/\/www.maritimemeile-haren.de\/admin\/wp-content\/uploads\/2014\/05\/324_tab.jpg\" alt=\"Layout 1\" width=\"600\" height=\"292\" srcset=\"http:\/\/www.maritimemeile-haren.de\/admin\/wp-content\/uploads\/2014\/05\/324_tab.jpg 600w, http:\/\/www.maritimemeile-haren.de\/admin\/wp-content\/uploads\/2014\/05\/324_tab-300x146.jpg 300w\" sizes=\"(max-width: 600px) 100vw, 600px\" \/><\/a><\/p>\n<p><a href=\"http:\/\/www.maritimemeile-haren.de\/admin\/wp-content\/uploads\/2014\/05\/324_Wilhelm_1.jpg\"><img loading=\"lazy\" decoding=\"async\" class=\"alignnone size-full wp-image-2187\" src=\"http:\/\/www.maritimemeile-haren.de\/admin\/wp-content\/uploads\/2014\/05\/324_Wilhelm_1.jpg\" alt=\"324_Wilhelm_1\" width=\"600\" height=\"383\" srcset=\"http:\/\/www.maritimemeile-haren.de\/admin\/wp-content\/uploads\/2014\/05\/324_Wilhelm_1.jpg 600w, http:\/\/www.maritimemeile-haren.de\/admin\/wp-content\/uploads\/2014\/05\/324_Wilhelm_1-300x191.jpg 300w\" sizes=\"(max-width: 600px) 100vw, 600px\" \/><\/a><\/p>\n<p><span style=\"font-size: 10pt;\">Wilhelm<\/span><\/p>\n<h5>Aus der Geschichte:<\/h5>\n<p style=\"text-align: justify;\"><span style=\"font-size: 12pt;\">Gerhard Schepers (geb.1898) war der dritt\u00e4lteste Sohn des Schiffers und Getreideh\u00e4ndlers Wilhelm Schepers, Lange Stra\u00dfe. Ebenso wie seine Br\u00fcder Bernhard, Otto, Hermann und Johann erlernte er den Seemannsberuf. <\/span><\/p>\n<p><span style=\"font-size: 12pt;\">1930 kaufte er die \u201eWILHELM\u201c und setzte sie als Binnenschiff ein. Am 4.04.1934 erfolgte die Eintragung ins Seeschiffsregister Emden.<\/span><\/p>\n<p><span style=\"font-size: 12pt;\">Am Silvestertag 1944 wurde die \u201eWILHELM\u201c bei einem Bombenangriff auf Hamburg von einer Bombe getroffen. Timotheus Schepers, Uferstra\u00dfe, kam dabei ums Leben. <\/span><\/p>\n<p><span style=\"font-size: 12pt;\">Im M\u00e4rz 1953 an Johann Schepers, umbenannt in \u201eLIESE LORE\u201c.<\/span><\/p>\n<p><span style=\"font-size: 10pt;\"><a href=\"http:\/\/www.maritimemeile-haren.de\/admin\/wp-content\/uploads\/2014\/05\/324.jpg\"><img loading=\"lazy\" decoding=\"async\" class=\"alignnone size-full wp-image-3128\" src=\"http:\/\/www.maritimemeile-haren.de\/admin\/wp-content\/uploads\/2014\/05\/324.jpg\" alt=\"324\" width=\"600\" height=\"201\" srcset=\"http:\/\/www.maritimemeile-haren.de\/admin\/wp-content\/uploads\/2014\/05\/324.jpg 600w, http:\/\/www.maritimemeile-haren.de\/admin\/wp-content\/uploads\/2014\/05\/324-300x100.jpg 300w\" sizes=\"(max-width: 600px) 100vw, 600px\" \/><\/a><\/span><\/p>\n<p><span style=\"font-size: 10pt;\">Motorsegler WILHELM auf Rheinfahrt bei Kilometer 554<\/span><br \/>\n<span style=\"font-size: 10pt;\">(Vorlage: Sammlung Schifffahrtsmuseum)<br \/>\n<\/span><\/p>\n","protected":false},"excerpt":{"rendered":"<p>Wilhelm Aus der Geschichte: Gerhard Schepers (geb.1898) war der dritt\u00e4lteste Sohn des Schiffers und Getreideh\u00e4ndlers Wilhelm Schepers, Lange Stra\u00dfe. Ebenso wie seine Br\u00fcder Bernhard, Otto, Hermann und Johann erlernte er&hellip; <\/p>\n","protected":false},"author":1,"featured_media":0,"parent":0,"menu_order":324,"comment_status":"closed","ping_status":"closed","template":"","meta":{"footnotes":""},"_links":{"self":[{"href":"http:\/\/www.maritimemeile-haren.de\/admin\/wp-json\/wp\/v2\/pages\/573"}],"collection":[{"href":"http:\/\/www.maritimemeile-haren.de\/admin\/wp-json\/wp\/v2\/pages"}],"about":[{"href":"http:\/\/www.maritimemeile-haren.de\/admin\/wp-json\/wp\/v2\/types\/page"}],"author":[{"embeddable":true,"href":"http:\/\/www.maritimemeile-haren.de\/admin\/wp-json\/wp\/v2\/users\/1"}],"replies":[{"embeddable":true,"href":"http:\/\/www.maritimemeile-haren.de\/admin\/wp-json\/wp\/v2\/comments?post=573"}],"version-history":[{"count":9,"href":"http:\/\/www.maritimemeile-haren.de\/admin\/wp-json\/wp\/v2\/pages\/573\/revisions"}],"predecessor-version":[{"id":3451,"href":"http:\/\/www.maritimemeile-haren.de\/admin\/wp-json\/wp\/v2\/pages\/573\/revisions\/3451"}],"wp:attachment":[{"href":"http:\/\/www.maritimemeile-haren.de\/admin\/wp-json\/wp\/v2\/media?parent=573"}],"curies":[{"name":"wp","href":"https:\/\/api.w.org\/{rel}","templated":true}]}}

<p><a href="http://www.maritimemeile-haren.de/admin/wp-content/uploads/2014/05/324_tab.jpg"><img loading="lazy" decoding="async" class="alignnone size-full wp-image-2188" src="http://www.maritimemeile-haren.de/admin/wp-content/uploads/2014/05/324_tab.jpg" alt="Layout 1" width="600" height="292" srcset="http://www.maritimemeile-haren.de/admin/wp-content/uploads/2014/05/324_tab.jpg 600w, http://www.maritimemeile-haren.de/admin/wp-content/uploads/2014/05/324_tab-300x146.jpg 300w" sizes="(max-width: 600px) 100vw, 600px" /></a></p>
<p><a href="http://www.maritimemeile-haren.de/admin/wp-content/uploads/2014/05/324_Wilhelm_1.jpg"><img loading="lazy" decoding="async" class="alignnone size-full wp-image-2187" src="http://www.maritimemeile-haren.de/admin/wp-content/uploads/2014/05/324_Wilhelm_1.jpg" alt="324_Wilhelm_1" width="600" height="383" srcset="http://www.maritimemeile-haren.de/admin/wp-content/uploads/2014/05/324_Wilhelm_1.jpg 600w, http://www.maritimemeile-haren.de/admin/wp-content/uploads/2014/05/324_Wilhelm_1-300x191.jpg 300w" sizes="(max-width: 600px) 100vw, 600px" /></a></p>
<p><span style="font-size: 10pt;">Wilhelm</span></p>
<h5>Aus der Geschichte:</h5>
<p style="text-align: justify;"><span style="font-size: 12pt;">Gerhard Schepers (geb.1898) war der drittälteste Sohn des Schiffers und Getreidehändlers Wilhelm Schepers, Lange Straße. Ebenso wie seine Brüder Bernhard, Otto, Hermann und Johann erlernte er den Seemannsberuf. </span></p>
<p><span style="font-size: 12pt;">1930 kaufte er die „WILHELM“ und setzte sie als Binnenschiff ein. Am 4.04.1934 erfolgte die Eintragung ins Seeschiffsregister Emden.</span></p>
<p><span style="font-size: 12pt;">Am Silvestertag 1944 wurde die „WILHELM“ bei einem Bombenangriff auf Hamburg von einer Bombe getroffen. Timotheus Schepers, Uferstraße, kam dabei ums Leben. </span></p>
<p><span style="font-size: 12pt;">Im März 1953 an Johann Schepers, umbenannt in „LIESE LORE“.</span></p>
<p><span style="font-size: 10pt;"><a href="http://www.maritimemeile-haren.de/admin/wp-content/uploads/2014/05/324.jpg"><img loading="lazy" decoding="async" class="alignnone size-full wp-image-3128" src="http://www.maritimemeile-haren.de/admin/wp-content/uploads/2014/05/324.jpg" alt="324" width="600" height="201" srcset="http://www.maritimemeile-haren.de/admin/wp-content/uploads/2014/05/324.jpg 600w, http://www.maritimemeile-haren.de/admin/wp-content/uploads/2014/05/324-300x100.jpg 300w" sizes="(max-width: 600px) 100vw, 600px" /></a></span></p>
<p><span style="font-size: 10pt;">Motorsegler WILHELM auf Rheinfahrt bei Kilometer 554</span><br />
<span style="font-size: 10pt;">(Vorlage: Sammlung Schifffahrtsmuseum)<br />
</span></p>

<p>Wilhelm Aus der Geschichte: Gerhard Schepers (geb.1898) war der drittälteste Sohn des Schiffers und Getreidehändlers Wilhelm Schepers, Lange Straße. Ebenso wie seine Brüder Bernhard, Otto, Hermann und Johann erlernte er&hellip; </p>
