{"id":590,"date":"2014-05-20T11:30:31","date_gmt":"2014-05-20T09:30:31","guid":{"rendered":"http:\/\/www.maritimemeile-haren.de\/admin\/?page_id=590"},"modified":"2014-07-10T15:03:22","modified_gmt":"2014-07-10T13:03:22","slug":"331-hermangela","status":"publish","type":"page","link":"http:\/\/www.maritimemeile-haren.de\/admin\/331-hermangela\/","title":{"rendered":"331 HERMANGELA"},"content":{"rendered":"<p><a href=\"http:\/\/www.maritimemeile-haren.de\/admin\/wp-content\/uploads\/2014\/05\/331_tab.jpg\"><img loading=\"lazy\" decoding=\"async\" class=\"alignnone size-full wp-image-2209\" src=\"http:\/\/www.maritimemeile-haren.de\/admin\/wp-content\/uploads\/2014\/05\/331_tab.jpg\" alt=\"Layout 1\" width=\"600\" height=\"292\" srcset=\"http:\/\/www.maritimemeile-haren.de\/admin\/wp-content\/uploads\/2014\/05\/331_tab.jpg 600w, http:\/\/www.maritimemeile-haren.de\/admin\/wp-content\/uploads\/2014\/05\/331_tab-300x146.jpg 300w\" sizes=\"(max-width: 600px) 100vw, 600px\" \/><\/a><\/p>\n<p><a href=\"http:\/\/www.maritimemeile-haren.de\/admin\/wp-content\/uploads\/2014\/05\/331_hermangela_1.jpg\"><img loading=\"lazy\" decoding=\"async\" class=\"alignnone size-full wp-image-2210\" src=\"http:\/\/www.maritimemeile-haren.de\/admin\/wp-content\/uploads\/2014\/05\/331_hermangela_1.jpg\" alt=\"331_hermangela_1\" width=\"600\" height=\"405\" srcset=\"http:\/\/www.maritimemeile-haren.de\/admin\/wp-content\/uploads\/2014\/05\/331_hermangela_1.jpg 600w, http:\/\/www.maritimemeile-haren.de\/admin\/wp-content\/uploads\/2014\/05\/331_hermangela_1-300x202.jpg 300w\" sizes=\"(max-width: 600px) 100vw, 600px\" \/><\/a><\/p>\n<p><span style=\"font-size: 10pt;\">Hermangela<\/span><\/p>\n<h5>Aus der Geschichte:<\/h5>\n<p style=\"text-align: justify;\"><span style=\"font-size: 12pt;\">Ex Binnenschiff. Als Schleppschiff transportierte es die klassischen Frachtg\u00fcter Kohle und Grubenholz. 1938 erfolgte der Umbau zum Motorsegler. W\u00e4hrend des Krieges fuhr die \u201eHERMANGELA\u201c zusammen mit der \u201eCHRISTEL\u201c oft Kriegsg\u00fcter von Bremen nach Wilhelmshaven. Wegen der dauernden Bedrohung musste nachts gefahren werden. <\/span><\/p>\n<p style=\"text-align: justify;\"><span style=\"font-size: 12pt;\">Nach dem Kriege wurde es von den Engl\u00e4ndern in Emden festgehalten und musste Waffen und Munition in die Osterems transportieren. Als Kapt. Johann Meyering 1955 starb, \u00fcbernahm die Witwe Angela Meyering das Schiff. 1966 wurde das Schiff unter Kapt. Heinrich Meyering abgewrackt. Anschlie\u00dfend fuhr er auf Versorgungsschiffen der V.T.G. Hamburg.<\/span><\/p>\n<p style=\"text-align: justify;\"><span style=\"font-size: 12pt;\">Bei Fahrten mit der \u201eJOSEPHTURM\u201c im s\u00fcdchinesischen Meer konnte er viele Vietnamfl\u00fcchtlinge (boat people) vor dem sicheren Tod durch Ertrinken retten. Daf\u00fcr erhielt er im Dezember 1980 vom Bundespr\u00e4sidenten Karl Carstens das Verdienstkreuz am Bande der Bundesrepublik Deutschland.<\/span><\/p>\n","protected":false},"excerpt":{"rendered":"<p>Hermangela Aus der Geschichte: Ex Binnenschiff. Als Schleppschiff transportierte es die klassischen Frachtg\u00fcter Kohle und Grubenholz. 1938 erfolgte der Umbau zum Motorsegler. W\u00e4hrend des Krieges fuhr die \u201eHERMANGELA\u201c zusammen mit&hellip; <\/p>\n","protected":false},"author":1,"featured_media":0,"parent":0,"menu_order":331,"comment_status":"closed","ping_status":"closed","template":"","meta":{"footnotes":""},"_links":{"self":[{"href":"http:\/\/www.maritimemeile-haren.de\/admin\/wp-json\/wp\/v2\/pages\/590"}],"collection":[{"href":"http:\/\/www.maritimemeile-haren.de\/admin\/wp-json\/wp\/v2\/pages"}],"about":[{"href":"http:\/\/www.maritimemeile-haren.de\/admin\/wp-json\/wp\/v2\/types\/page"}],"author":[{"embeddable":true,"href":"http:\/\/www.maritimemeile-haren.de\/admin\/wp-json\/wp\/v2\/users\/1"}],"replies":[{"embeddable":true,"href":"http:\/\/www.maritimemeile-haren.de\/admin\/wp-json\/wp\/v2\/comments?post=590"}],"version-history":[{"count":4,"href":"http:\/\/www.maritimemeile-haren.de\/admin\/wp-json\/wp\/v2\/pages\/590\/revisions"}],"predecessor-version":[{"id":3452,"href":"http:\/\/www.maritimemeile-haren.de\/admin\/wp-json\/wp\/v2\/pages\/590\/revisions\/3452"}],"wp:attachment":[{"href":"http:\/\/www.maritimemeile-haren.de\/admin\/wp-json\/wp\/v2\/media?parent=590"}],"curies":[{"name":"wp","href":"https:\/\/api.w.org\/{rel}","templated":true}]}}

<p><a href="http://www.maritimemeile-haren.de/admin/wp-content/uploads/2014/05/331_tab.jpg"><img loading="lazy" decoding="async" class="alignnone size-full wp-image-2209" src="http://www.maritimemeile-haren.de/admin/wp-content/uploads/2014/05/331_tab.jpg" alt="Layout 1" width="600" height="292" srcset="http://www.maritimemeile-haren.de/admin/wp-content/uploads/2014/05/331_tab.jpg 600w, http://www.maritimemeile-haren.de/admin/wp-content/uploads/2014/05/331_tab-300x146.jpg 300w" sizes="(max-width: 600px) 100vw, 600px" /></a></p>
<p><a href="http://www.maritimemeile-haren.de/admin/wp-content/uploads/2014/05/331_hermangela_1.jpg"><img loading="lazy" decoding="async" class="alignnone size-full wp-image-2210" src="http://www.maritimemeile-haren.de/admin/wp-content/uploads/2014/05/331_hermangela_1.jpg" alt="331_hermangela_1" width="600" height="405" srcset="http://www.maritimemeile-haren.de/admin/wp-content/uploads/2014/05/331_hermangela_1.jpg 600w, http://www.maritimemeile-haren.de/admin/wp-content/uploads/2014/05/331_hermangela_1-300x202.jpg 300w" sizes="(max-width: 600px) 100vw, 600px" /></a></p>
<p><span style="font-size: 10pt;">Hermangela</span></p>
<h5>Aus der Geschichte:</h5>
<p style="text-align: justify;"><span style="font-size: 12pt;">Ex Binnenschiff. Als Schleppschiff transportierte es die klassischen Frachtgüter Kohle und Grubenholz. 1938 erfolgte der Umbau zum Motorsegler. Während des Krieges fuhr die „HERMANGELA“ zusammen mit der „CHRISTEL“ oft Kriegsgüter von Bremen nach Wilhelmshaven. Wegen der dauernden Bedrohung musste nachts gefahren werden. </span></p>
<p style="text-align: justify;"><span style="font-size: 12pt;">Nach dem Kriege wurde es von den Engländern in Emden festgehalten und musste Waffen und Munition in die Osterems transportieren. Als Kapt. Johann Meyering 1955 starb, übernahm die Witwe Angela Meyering das Schiff. 1966 wurde das Schiff unter Kapt. Heinrich Meyering abgewrackt. Anschließend fuhr er auf Versorgungsschiffen der V.T.G. Hamburg.</span></p>
<p style="text-align: justify;"><span style="font-size: 12pt;">Bei Fahrten mit der „JOSEPHTURM“ im südchinesischen Meer konnte er viele Vietnamflüchtlinge (boat people) vor dem sicheren Tod durch Ertrinken retten. Dafür erhielt er im Dezember 1980 vom Bundespräsidenten Karl Carstens das Verdienstkreuz am Bande der Bundesrepublik Deutschland.</span></p>

<p>Hermangela Aus der Geschichte: Ex Binnenschiff. Als Schleppschiff transportierte es die klassischen Frachtgüter Kohle und Grubenholz. 1938 erfolgte der Umbau zum Motorsegler. Während des Krieges fuhr die „HERMANGELA“ zusammen mit&hellip; </p>
