{"id":602,"date":"2014-05-20T11:33:37","date_gmt":"2014-05-20T09:33:37","guid":{"rendered":"http:\/\/www.maritimemeile-haren.de\/admin\/?page_id=602"},"modified":"2014-07-10T15:23:53","modified_gmt":"2014-07-10T13:23:53","slug":"337-elise","status":"publish","type":"page","link":"http:\/\/www.maritimemeile-haren.de\/admin\/337-elise\/","title":{"rendered":"337 ELISE"},"content":{"rendered":"<p><a href=\"http:\/\/www.maritimemeile-haren.de\/admin\/wp-content\/uploads\/2014\/05\/337_tab.jpg\"><img loading=\"lazy\" decoding=\"async\" class=\"alignnone size-full wp-image-2229\" src=\"http:\/\/www.maritimemeile-haren.de\/admin\/wp-content\/uploads\/2014\/05\/337_tab.jpg\" alt=\"Layout 1\" width=\"600\" height=\"292\" srcset=\"http:\/\/www.maritimemeile-haren.de\/admin\/wp-content\/uploads\/2014\/05\/337_tab.jpg 600w, http:\/\/www.maritimemeile-haren.de\/admin\/wp-content\/uploads\/2014\/05\/337_tab-300x146.jpg 300w\" sizes=\"(max-width: 600px) 100vw, 600px\" \/><\/a><\/p>\n<p><a href=\"http:\/\/www.maritimemeile-haren.de\/admin\/wp-content\/uploads\/2014\/05\/337_Elise_1.jpg\"><img loading=\"lazy\" decoding=\"async\" class=\"alignnone size-full wp-image-2230\" src=\"http:\/\/www.maritimemeile-haren.de\/admin\/wp-content\/uploads\/2014\/05\/337_Elise_1.jpg\" alt=\"337_Elise_1\" width=\"600\" height=\"386\" srcset=\"http:\/\/www.maritimemeile-haren.de\/admin\/wp-content\/uploads\/2014\/05\/337_Elise_1.jpg 600w, http:\/\/www.maritimemeile-haren.de\/admin\/wp-content\/uploads\/2014\/05\/337_Elise_1-300x193.jpg 300w\" sizes=\"(max-width: 600px) 100vw, 600px\" \/><\/a><\/p>\n<p><span style=\"font-size: 10pt;\">Elise<\/span><\/p>\n<h5>Aus der Geschichte:<\/h5>\n<p style=\"text-align: justify;\"><span style=\"font-size: 12pt;\">Zu den vielen Harener Schiffern, die in den 20er und 30er Jahren durch die Vermittlung des Kaufmanns Hermann Elfring vorwiegend Schleppschiffe aus Holland kauften, geh\u00f6rte auch Tim Meyering. Im Jahre 1939 wurde die \u201eELISE\u201c auf der Schl\u00f6mer-Werft in Oldersum zum Wattschiff umgebaut: es erhielt einen Motor und wurde an Bug und Heck erh\u00f6ht. <\/span><\/p>\n<p style=\"text-align: justify;\"><span style=\"font-size: 12pt;\">Zusammen mit vielen anderen Harener Schiffen wurde das Schiff zu Anfang des Krieges beschlagnahmt, mit seiner Besatzung nach Bremen beordert und im Holzhafen fest gelegt. <\/span><\/p>\n<p style=\"text-align: justify;\"><span style=\"font-size: 12pt;\">Tim Meyering musste wie viele andere Kapit\u00e4ne und Schiffsf\u00fchrer mit Patent zur Ausbildung in die Infanteriekaserne in Oldenburg einr\u00fccken. <\/span><span style=\"font-size: 12pt;\">Nach der Freigabe des Schiffes wurde die \u201eELISE\u201c f\u00fcr den Transport von Material f\u00fcr die Befestigungsanlagen der Nord- und Ostfriesischen Inseln eingesetzt. 1945 brachte Kapit\u00e4n Meyering das Schiff in den Haren-R\u00fctenbrock-Kanal, wo es die Nachkriegswirren ohne Schaden \u00fcberstand. Im Mai 1956 wurde das Schiff mit einem neuen 2-Takt 5-Zyl. Modag ausgestattet. <\/span><\/p>\n<p style=\"text-align: justify;\"><span style=\"font-size: 12pt;\">Im August wurde es als Binnenschiff, ab 1971 wieder als Seeschiff f\u00fcr Rudolf Schepers klassifiziert. 1973 im Register des Germanischen Lloyd gestrichen und abgewrackt.<\/span><\/p>\n<p style=\"text-align: justify;\"><a href=\"http:\/\/www.maritimemeile-haren.de\/admin\/wp-content\/uploads\/2014\/05\/337_3.jpg\"><img loading=\"lazy\" decoding=\"async\" class=\"alignnone size-full wp-image-3396\" src=\"http:\/\/www.maritimemeile-haren.de\/admin\/wp-content\/uploads\/2014\/05\/337_3.jpg\" alt=\"337_3\" width=\"600\" height=\"240\" srcset=\"http:\/\/www.maritimemeile-haren.de\/admin\/wp-content\/uploads\/2014\/05\/337_3.jpg 600w, http:\/\/www.maritimemeile-haren.de\/admin\/wp-content\/uploads\/2014\/05\/337_3-300x120.jpg 300w\" sizes=\"(max-width: 600px) 100vw, 600px\" \/><\/a><\/p>\n<p><span style=\"font-size: 10pt;\">ELISE\u00a0\u00a0\u00a0 (Foto: Rudolf Schepers)<\/span><\/p>\n<p style=\"text-align: justify;\"><a href=\"http:\/\/www.maritimemeile-haren.de\/admin\/wp-content\/uploads\/2014\/05\/337_2.jpg\"><img loading=\"lazy\" decoding=\"async\" class=\"alignnone size-full wp-image-3397\" src=\"http:\/\/www.maritimemeile-haren.de\/admin\/wp-content\/uploads\/2014\/05\/337_2.jpg\" alt=\"337_2\" width=\"600\" height=\"400\" srcset=\"http:\/\/www.maritimemeile-haren.de\/admin\/wp-content\/uploads\/2014\/05\/337_2.jpg 600w, http:\/\/www.maritimemeile-haren.de\/admin\/wp-content\/uploads\/2014\/05\/337_2-300x200.jpg 300w\" sizes=\"(max-width: 600px) 100vw, 600px\" \/><\/a><\/p>\n<p style=\"text-align: justify;\"><span style=\"font-size: 10pt;\">ELISE im Hintergrund die Harener Hafenstra\u00dfe (Foto: Rudolf Schepers)<\/span><\/p>\n<p><a href=\"http:\/\/www.maritimemeile-haren.de\/admin\/wp-content\/uploads\/2014\/05\/337_7.jpg\"><img loading=\"lazy\" decoding=\"async\" class=\"alignnone size-full wp-image-3172\" src=\"http:\/\/www.maritimemeile-haren.de\/admin\/wp-content\/uploads\/2014\/05\/337_7.jpg\" alt=\"337_7\" width=\"600\" height=\"365\" srcset=\"http:\/\/www.maritimemeile-haren.de\/admin\/wp-content\/uploads\/2014\/05\/337_7.jpg 600w, http:\/\/www.maritimemeile-haren.de\/admin\/wp-content\/uploads\/2014\/05\/337_7-300x182.jpg 300w\" sizes=\"(max-width: 600px) 100vw, 600px\" \/><\/a><\/p>\n<p><span style=\"font-size: 10pt;\">MARIA STELLA und ELISE (Foto: Hubert Schepers)<\/span><\/p>\n","protected":false},"excerpt":{"rendered":"<p>Elise Aus der Geschichte: Zu den vielen Harener Schiffern, die in den 20er und 30er Jahren durch die Vermittlung des Kaufmanns Hermann Elfring vorwiegend Schleppschiffe aus Holland kauften, geh\u00f6rte auch&hellip; <\/p>\n","protected":false},"author":1,"featured_media":0,"parent":0,"menu_order":337,"comment_status":"closed","ping_status":"closed","template":"","meta":{"footnotes":""},"_links":{"self":[{"href":"http:\/\/www.maritimemeile-haren.de\/admin\/wp-json\/wp\/v2\/pages\/602"}],"collection":[{"href":"http:\/\/www.maritimemeile-haren.de\/admin\/wp-json\/wp\/v2\/pages"}],"about":[{"href":"http:\/\/www.maritimemeile-haren.de\/admin\/wp-json\/wp\/v2\/types\/page"}],"author":[{"embeddable":true,"href":"http:\/\/www.maritimemeile-haren.de\/admin\/wp-json\/wp\/v2\/users\/1"}],"replies":[{"embeddable":true,"href":"http:\/\/www.maritimemeile-haren.de\/admin\/wp-json\/wp\/v2\/comments?post=602"}],"version-history":[{"count":6,"href":"http:\/\/www.maritimemeile-haren.de\/admin\/wp-json\/wp\/v2\/pages\/602\/revisions"}],"predecessor-version":[{"id":3453,"href":"http:\/\/www.maritimemeile-haren.de\/admin\/wp-json\/wp\/v2\/pages\/602\/revisions\/3453"}],"wp:attachment":[{"href":"http:\/\/www.maritimemeile-haren.de\/admin\/wp-json\/wp\/v2\/media?parent=602"}],"curies":[{"name":"wp","href":"https:\/\/api.w.org\/{rel}","templated":true}]}}

<p><a href="http://www.maritimemeile-haren.de/admin/wp-content/uploads/2014/05/337_tab.jpg"><img loading="lazy" decoding="async" class="alignnone size-full wp-image-2229" src="http://www.maritimemeile-haren.de/admin/wp-content/uploads/2014/05/337_tab.jpg" alt="Layout 1" width="600" height="292" srcset="http://www.maritimemeile-haren.de/admin/wp-content/uploads/2014/05/337_tab.jpg 600w, http://www.maritimemeile-haren.de/admin/wp-content/uploads/2014/05/337_tab-300x146.jpg 300w" sizes="(max-width: 600px) 100vw, 600px" /></a></p>
<p><a href="http://www.maritimemeile-haren.de/admin/wp-content/uploads/2014/05/337_Elise_1.jpg"><img loading="lazy" decoding="async" class="alignnone size-full wp-image-2230" src="http://www.maritimemeile-haren.de/admin/wp-content/uploads/2014/05/337_Elise_1.jpg" alt="337_Elise_1" width="600" height="386" srcset="http://www.maritimemeile-haren.de/admin/wp-content/uploads/2014/05/337_Elise_1.jpg 600w, http://www.maritimemeile-haren.de/admin/wp-content/uploads/2014/05/337_Elise_1-300x193.jpg 300w" sizes="(max-width: 600px) 100vw, 600px" /></a></p>
<p><span style="font-size: 10pt;">Elise</span></p>
<h5>Aus der Geschichte:</h5>
<p style="text-align: justify;"><span style="font-size: 12pt;">Zu den vielen Harener Schiffern, die in den 20er und 30er Jahren durch die Vermittlung des Kaufmanns Hermann Elfring vorwiegend Schleppschiffe aus Holland kauften, gehörte auch Tim Meyering. Im Jahre 1939 wurde die „ELISE“ auf der Schlömer-Werft in Oldersum zum Wattschiff umgebaut: es erhielt einen Motor und wurde an Bug und Heck erhöht. </span></p>
<p style="text-align: justify;"><span style="font-size: 12pt;">Zusammen mit vielen anderen Harener Schiffen wurde das Schiff zu Anfang des Krieges beschlagnahmt, mit seiner Besatzung nach Bremen beordert und im Holzhafen fest gelegt. </span></p>
<p style="text-align: justify;"><span style="font-size: 12pt;">Tim Meyering musste wie viele andere Kapitäne und Schiffsführer mit Patent zur Ausbildung in die Infanteriekaserne in Oldenburg einrücken. </span><span style="font-size: 12pt;">Nach der Freigabe des Schiffes wurde die „ELISE“ für den Transport von Material für die Befestigungsanlagen der Nord- und Ostfriesischen Inseln eingesetzt. 1945 brachte Kapitän Meyering das Schiff in den Haren-Rütenbrock-Kanal, wo es die Nachkriegswirren ohne Schaden überstand. Im Mai 1956 wurde das Schiff mit einem neuen 2-Takt 5-Zyl. Modag ausgestattet. </span></p>
<p style="text-align: justify;"><span style="font-size: 12pt;">Im August wurde es als Binnenschiff, ab 1971 wieder als Seeschiff für Rudolf Schepers klassifiziert. 1973 im Register des Germanischen Lloyd gestrichen und abgewrackt.</span></p>
<p style="text-align: justify;"><a href="http://www.maritimemeile-haren.de/admin/wp-content/uploads/2014/05/337_3.jpg"><img loading="lazy" decoding="async" class="alignnone size-full wp-image-3396" src="http://www.maritimemeile-haren.de/admin/wp-content/uploads/2014/05/337_3.jpg" alt="337_3" width="600" height="240" srcset="http://www.maritimemeile-haren.de/admin/wp-content/uploads/2014/05/337_3.jpg 600w, http://www.maritimemeile-haren.de/admin/wp-content/uploads/2014/05/337_3-300x120.jpg 300w" sizes="(max-width: 600px) 100vw, 600px" /></a></p>
<p><span style="font-size: 10pt;">ELISE    (Foto: Rudolf Schepers)</span></p>
<p style="text-align: justify;"><a href="http://www.maritimemeile-haren.de/admin/wp-content/uploads/2014/05/337_2.jpg"><img loading="lazy" decoding="async" class="alignnone size-full wp-image-3397" src="http://www.maritimemeile-haren.de/admin/wp-content/uploads/2014/05/337_2.jpg" alt="337_2" width="600" height="400" srcset="http://www.maritimemeile-haren.de/admin/wp-content/uploads/2014/05/337_2.jpg 600w, http://www.maritimemeile-haren.de/admin/wp-content/uploads/2014/05/337_2-300x200.jpg 300w" sizes="(max-width: 600px) 100vw, 600px" /></a></p>
<p style="text-align: justify;"><span style="font-size: 10pt;">ELISE im Hintergrund die Harener Hafenstraße (Foto: Rudolf Schepers)</span></p>
<p><a href="http://www.maritimemeile-haren.de/admin/wp-content/uploads/2014/05/337_7.jpg"><img loading="lazy" decoding="async" class="alignnone size-full wp-image-3172" src="http://www.maritimemeile-haren.de/admin/wp-content/uploads/2014/05/337_7.jpg" alt="337_7" width="600" height="365" srcset="http://www.maritimemeile-haren.de/admin/wp-content/uploads/2014/05/337_7.jpg 600w, http://www.maritimemeile-haren.de/admin/wp-content/uploads/2014/05/337_7-300x182.jpg 300w" sizes="(max-width: 600px) 100vw, 600px" /></a></p>
<p><span style="font-size: 10pt;">MARIA STELLA und ELISE (Foto: Hubert Schepers)</span></p>

<p>Elise Aus der Geschichte: Zu den vielen Harener Schiffern, die in den 20er und 30er Jahren durch die Vermittlung des Kaufmanns Hermann Elfring vorwiegend Schleppschiffe aus Holland kauften, gehörte auch&hellip; </p>
