{"id":614,"date":"2014-05-20T11:35:51","date_gmt":"2014-05-20T09:35:51","guid":{"rendered":"http:\/\/www.maritimemeile-haren.de\/admin\/?page_id=614"},"modified":"2014-10-30T12:15:35","modified_gmt":"2014-10-30T10:15:35","slug":"343-gerd-heinz","status":"publish","type":"page","link":"http:\/\/www.maritimemeile-haren.de\/admin\/343-gerd-heinz\/","title":{"rendered":"343 GERD-HEINZ"},"content":{"rendered":"<p><a href=\"http:\/\/www.maritimemeile-haren.de\/admin\/wp-content\/uploads\/2014\/05\/343_tab.jpg\"><img loading=\"lazy\" decoding=\"async\" class=\"alignnone size-full wp-image-2250\" src=\"http:\/\/www.maritimemeile-haren.de\/admin\/wp-content\/uploads\/2014\/05\/343_tab.jpg\" alt=\"Layout 1\" width=\"600\" height=\"292\" srcset=\"http:\/\/www.maritimemeile-haren.de\/admin\/wp-content\/uploads\/2014\/05\/343_tab.jpg 600w, http:\/\/www.maritimemeile-haren.de\/admin\/wp-content\/uploads\/2014\/05\/343_tab-300x146.jpg 300w\" sizes=\"(max-width: 600px) 100vw, 600px\" \/><\/a><\/p>\n<p style=\"text-align: justify;\"><a href=\"http:\/\/www.maritimemeile-haren.de\/admin\/wp-content\/uploads\/2014\/05\/343_Gerd-Heinz_1.jpg\"><img loading=\"lazy\" decoding=\"async\" class=\"alignnone size-full wp-image-2251\" src=\"http:\/\/www.maritimemeile-haren.de\/admin\/wp-content\/uploads\/2014\/05\/343_Gerd-Heinz_1.jpg\" alt=\"343_Gerd-Heinz_1\" width=\"600\" height=\"358\" srcset=\"http:\/\/www.maritimemeile-haren.de\/admin\/wp-content\/uploads\/2014\/05\/343_Gerd-Heinz_1.jpg 600w, http:\/\/www.maritimemeile-haren.de\/admin\/wp-content\/uploads\/2014\/05\/343_Gerd-Heinz_1-300x179.jpg 300w\" sizes=\"(max-width: 600px) 100vw, 600px\" \/><\/a><\/p>\n<p><span style=\"font-size: 10pt;\">Gerd-Heinz<\/span><\/p>\n<p style=\"text-align: justify;\"><span style=\"font-size: 12pt;\">Nach dem 2.Weltkrieg fuhr Tim Schepers (*1922 \u201eKlaosbiner\u201c) auf der P\u00fcnte \u201eHAREN 22\u201c seines Vaters L\u00fcbbert (*1886). Nachdem er danach eine Zeit lang auf dem Schlepper \u201eMUTTERSEGEN\u201c seinen Dienst tat, beschloss er sich selbstst\u00e4ndig zu machen.<\/span><br \/>\n<span style=\"font-size: 12pt;\"> Er kaufte sich 1954 in Belgien ein gebrauchtes Schleppschiff, das er nach seinen Br\u00fcdern Gerd, der im Krieg gefallen und Heinz, der Priester geworden war \u201eGERD-HEINZ\u201c nannte. Zusammen mit Wilhelm Mecklenborg (\u201eSally\u201c \u201eADELE-MARIA\u201c) und einem Schiffer aus Nordhorn, die zur selben Zeit dort auch ein Schiff erworben hatten, reiste er mit dem Zug nach Antwerpen. Die drei Schiffe wurden mit Hilfe eines Schleppers in einem Konvoi nach Haren gebracht und fahrt\u00fcchtig gemacht. <\/span><\/p>\n<p style=\"text-align: justify;\"><span style=\"font-size: 12pt;\">Im Jahre 1957 erfolgte die Motorisierung der \u201eGERD-HEINZ\u201c mit einem gebrauchten 120 PS MODAG-Motor aus \u201eZWEI GEBR\u00dcDER\u201c bei der Motorenwerft Klene in Haren. Kurz danach wurde auf der Diedrich-Werft in Oldersum die vordere Wohnung ausgebaut. Die Erh\u00f6hung des Lukens\u00fclls und der Einbau eines neuen Getriebes auf der alten L\u00e4ngsslipanlage der Schulte&amp;M\u00fcller-Werft waren 1963 letzte Modernisierungsma\u00dfnahmen.<\/span><\/p>\n<p style=\"text-align: justify;\"><span style=\"font-size: 12pt;\">M\/S \u201eGERD-HEINZ\u201c Fahrtgebiet waren die Ems, die Weser, der Dortmund-Ems- und der Mittellandkanal; die Ladung Masseng\u00fcter wie Kohle, Koks, Erz, Getreide oder Futtermittel. Ab 1970 kam Tims Sohn Alfons (*1955) an Bord, der dann nur ein Jahr sp\u00e4ter das Schiff zusammen mit \u201eM\/S SCHWALBE\u201c (Stephan Wessels) zum Abwracken nach Dortmund bringen musste.<\/span><\/p>\n<p><a href=\"http:\/\/www.maritimemeile-haren.de\/admin\/wp-content\/uploads\/2014\/05\/343_9.jpg\"><img loading=\"lazy\" decoding=\"async\" class=\"alignnone size-full wp-image-3190\" src=\"http:\/\/www.maritimemeile-haren.de\/admin\/wp-content\/uploads\/2014\/05\/343_9.jpg\" alt=\"343_9\" width=\"600\" height=\"249\" srcset=\"http:\/\/www.maritimemeile-haren.de\/admin\/wp-content\/uploads\/2014\/05\/343_9.jpg 600w, http:\/\/www.maritimemeile-haren.de\/admin\/wp-content\/uploads\/2014\/05\/343_9-300x124.jpg 300w\" sizes=\"(max-width: 600px) 100vw, 600px\" \/><\/a><\/p>\n<p><span style=\"font-size: 10pt;\">GERD-HEINZ Bergfahrt auf der Ems<\/span><br \/>\n<span style=\"font-size: 10pt;\"> (Foto: Heinrich Schepers)<\/span><\/p>\n<p><a href=\"http:\/\/www.maritimemeile-haren.de\/admin\/wp-content\/uploads\/2014\/05\/343_8.jpg\"><img loading=\"lazy\" decoding=\"async\" class=\"alignnone size-full wp-image-3191\" src=\"http:\/\/www.maritimemeile-haren.de\/admin\/wp-content\/uploads\/2014\/05\/343_8.jpg\" alt=\"343_8\" width=\"600\" height=\"306\" srcset=\"http:\/\/www.maritimemeile-haren.de\/admin\/wp-content\/uploads\/2014\/05\/343_8.jpg 600w, http:\/\/www.maritimemeile-haren.de\/admin\/wp-content\/uploads\/2014\/05\/343_8-300x153.jpg 300w\" sizes=\"(max-width: 600px) 100vw, 600px\" \/><\/a><\/p>\n<p><span style=\"font-size: 10pt;\">GERD-HEINZ als Schleppschiff (Foto: Hubert Schepers)<\/span><\/p>\n<p><a href=\"http:\/\/www.maritimemeile-haren.de\/admin\/wp-content\/uploads\/2014\/05\/343_7.jpg\"><img loading=\"lazy\" decoding=\"async\" class=\"alignnone size-full wp-image-3192\" src=\"http:\/\/www.maritimemeile-haren.de\/admin\/wp-content\/uploads\/2014\/05\/343_7.jpg\" alt=\"343_7\" width=\"600\" height=\"329\" srcset=\"http:\/\/www.maritimemeile-haren.de\/admin\/wp-content\/uploads\/2014\/05\/343_7.jpg 600w, http:\/\/www.maritimemeile-haren.de\/admin\/wp-content\/uploads\/2014\/05\/343_7-300x164.jpg 300w\" sizes=\"(max-width: 600px) 100vw, 600px\" \/><\/a><\/p>\n<p><span style=\"font-size: 10pt;\">GERD-HEINZ als Schleppschiff; auf dem Achterdeck von links: Maria u. Tim Schepers,\u2028Vikar Meyer,<\/span><br \/>\n<span style=\"font-size: 10pt;\">Adelheid, Gerd u. L\u00fcbbert Schepers (Foto: Hubert Schepers)<\/span><\/p>\n<p><span style=\"font-size: 10pt;\"><br \/>\n<\/span><\/p>\n","protected":false},"excerpt":{"rendered":"<p>Gerd-Heinz Nach dem 2.Weltkrieg fuhr Tim Schepers (*1922 \u201eKlaosbiner\u201c) auf der P\u00fcnte \u201eHAREN 22\u201c seines Vaters L\u00fcbbert (*1886). Nachdem er danach eine Zeit lang auf dem Schlepper \u201eMUTTERSEGEN\u201c seinen Dienst&hellip; <\/p>\n","protected":false},"author":1,"featured_media":0,"parent":0,"menu_order":343,"comment_status":"closed","ping_status":"closed","template":"","meta":{"footnotes":""},"_links":{"self":[{"href":"http:\/\/www.maritimemeile-haren.de\/admin\/wp-json\/wp\/v2\/pages\/614"}],"collection":[{"href":"http:\/\/www.maritimemeile-haren.de\/admin\/wp-json\/wp\/v2\/pages"}],"about":[{"href":"http:\/\/www.maritimemeile-haren.de\/admin\/wp-json\/wp\/v2\/types\/page"}],"author":[{"embeddable":true,"href":"http:\/\/www.maritimemeile-haren.de\/admin\/wp-json\/wp\/v2\/users\/1"}],"replies":[{"embeddable":true,"href":"http:\/\/www.maritimemeile-haren.de\/admin\/wp-json\/wp\/v2\/comments?post=614"}],"version-history":[{"count":10,"href":"http:\/\/www.maritimemeile-haren.de\/admin\/wp-json\/wp\/v2\/pages\/614\/revisions"}],"predecessor-version":[{"id":4553,"href":"http:\/\/www.maritimemeile-haren.de\/admin\/wp-json\/wp\/v2\/pages\/614\/revisions\/4553"}],"wp:attachment":[{"href":"http:\/\/www.maritimemeile-haren.de\/admin\/wp-json\/wp\/v2\/media?parent=614"}],"curies":[{"name":"wp","href":"https:\/\/api.w.org\/{rel}","templated":true}]}}

<p><a href="http://www.maritimemeile-haren.de/admin/wp-content/uploads/2014/05/343_tab.jpg"><img loading="lazy" decoding="async" class="alignnone size-full wp-image-2250" src="http://www.maritimemeile-haren.de/admin/wp-content/uploads/2014/05/343_tab.jpg" alt="Layout 1" width="600" height="292" srcset="http://www.maritimemeile-haren.de/admin/wp-content/uploads/2014/05/343_tab.jpg 600w, http://www.maritimemeile-haren.de/admin/wp-content/uploads/2014/05/343_tab-300x146.jpg 300w" sizes="(max-width: 600px) 100vw, 600px" /></a></p>
<p style="text-align: justify;"><a href="http://www.maritimemeile-haren.de/admin/wp-content/uploads/2014/05/343_Gerd-Heinz_1.jpg"><img loading="lazy" decoding="async" class="alignnone size-full wp-image-2251" src="http://www.maritimemeile-haren.de/admin/wp-content/uploads/2014/05/343_Gerd-Heinz_1.jpg" alt="343_Gerd-Heinz_1" width="600" height="358" srcset="http://www.maritimemeile-haren.de/admin/wp-content/uploads/2014/05/343_Gerd-Heinz_1.jpg 600w, http://www.maritimemeile-haren.de/admin/wp-content/uploads/2014/05/343_Gerd-Heinz_1-300x179.jpg 300w" sizes="(max-width: 600px) 100vw, 600px" /></a></p>
<p><span style="font-size: 10pt;">Gerd-Heinz</span></p>
<p style="text-align: justify;"><span style="font-size: 12pt;">Nach dem 2.Weltkrieg fuhr Tim Schepers (*1922 „Klaosbiner“) auf der Pünte „HAREN 22“ seines Vaters Lübbert (*1886). Nachdem er danach eine Zeit lang auf dem Schlepper „MUTTERSEGEN“ seinen Dienst tat, beschloss er sich selbstständig zu machen.</span><br />
<span style="font-size: 12pt;"> Er kaufte sich 1954 in Belgien ein gebrauchtes Schleppschiff, das er nach seinen Brüdern Gerd, der im Krieg gefallen und Heinz, der Priester geworden war „GERD-HEINZ“ nannte. Zusammen mit Wilhelm Mecklenborg („Sally“ „ADELE-MARIA“) und einem Schiffer aus Nordhorn, die zur selben Zeit dort auch ein Schiff erworben hatten, reiste er mit dem Zug nach Antwerpen. Die drei Schiffe wurden mit Hilfe eines Schleppers in einem Konvoi nach Haren gebracht und fahrtüchtig gemacht. </span></p>
<p style="text-align: justify;"><span style="font-size: 12pt;">Im Jahre 1957 erfolgte die Motorisierung der „GERD-HEINZ“ mit einem gebrauchten 120 PS MODAG-Motor aus „ZWEI GEBRÜDER“ bei der Motorenwerft Klene in Haren. Kurz danach wurde auf der Diedrich-Werft in Oldersum die vordere Wohnung ausgebaut. Die Erhöhung des Lukensülls und der Einbau eines neuen Getriebes auf der alten Längsslipanlage der Schulte&amp;Müller-Werft waren 1963 letzte Modernisierungsmaßnahmen.</span></p>
<p style="text-align: justify;"><span style="font-size: 12pt;">M/S „GERD-HEINZ“ Fahrtgebiet waren die Ems, die Weser, der Dortmund-Ems- und der Mittellandkanal; die Ladung Massengüter wie Kohle, Koks, Erz, Getreide oder Futtermittel. Ab 1970 kam Tims Sohn Alfons (*1955) an Bord, der dann nur ein Jahr später das Schiff zusammen mit „M/S SCHWALBE“ (Stephan Wessels) zum Abwracken nach Dortmund bringen musste.</span></p>
<p><a href="http://www.maritimemeile-haren.de/admin/wp-content/uploads/2014/05/343_9.jpg"><img loading="lazy" decoding="async" class="alignnone size-full wp-image-3190" src="http://www.maritimemeile-haren.de/admin/wp-content/uploads/2014/05/343_9.jpg" alt="343_9" width="600" height="249" srcset="http://www.maritimemeile-haren.de/admin/wp-content/uploads/2014/05/343_9.jpg 600w, http://www.maritimemeile-haren.de/admin/wp-content/uploads/2014/05/343_9-300x124.jpg 300w" sizes="(max-width: 600px) 100vw, 600px" /></a></p>
<p><span style="font-size: 10pt;">GERD-HEINZ Bergfahrt auf der Ems</span><br />
<span style="font-size: 10pt;"> (Foto: Heinrich Schepers)</span></p>
<p><a href="http://www.maritimemeile-haren.de/admin/wp-content/uploads/2014/05/343_8.jpg"><img loading="lazy" decoding="async" class="alignnone size-full wp-image-3191" src="http://www.maritimemeile-haren.de/admin/wp-content/uploads/2014/05/343_8.jpg" alt="343_8" width="600" height="306" srcset="http://www.maritimemeile-haren.de/admin/wp-content/uploads/2014/05/343_8.jpg 600w, http://www.maritimemeile-haren.de/admin/wp-content/uploads/2014/05/343_8-300x153.jpg 300w" sizes="(max-width: 600px) 100vw, 600px" /></a></p>
<p><span style="font-size: 10pt;">GERD-HEINZ als Schleppschiff (Foto: Hubert Schepers)</span></p>
<p><a href="http://www.maritimemeile-haren.de/admin/wp-content/uploads/2014/05/343_7.jpg"><img loading="lazy" decoding="async" class="alignnone size-full wp-image-3192" src="http://www.maritimemeile-haren.de/admin/wp-content/uploads/2014/05/343_7.jpg" alt="343_7" width="600" height="329" srcset="http://www.maritimemeile-haren.de/admin/wp-content/uploads/2014/05/343_7.jpg 600w, http://www.maritimemeile-haren.de/admin/wp-content/uploads/2014/05/343_7-300x164.jpg 300w" sizes="(max-width: 600px) 100vw, 600px" /></a></p>
<p><span style="font-size: 10pt;">GERD-HEINZ als Schleppschiff; auf dem Achterdeck von links: Maria u. Tim Schepers, Vikar Meyer,</span><br />
<span style="font-size: 10pt;">Adelheid, Gerd u. Lübbert Schepers (Foto: Hubert Schepers)</span></p>
<p><span style="font-size: 10pt;"><br />
</span></p>

<p>Gerd-Heinz Nach dem 2.Weltkrieg fuhr Tim Schepers (*1922 „Klaosbiner“) auf der Pünte „HAREN 22“ seines Vaters Lübbert (*1886). Nachdem er danach eine Zeit lang auf dem Schlepper „MUTTERSEGEN“ seinen Dienst&hellip; </p>
